
--
-- Table structure for table `questions_wizard`
--

CREATE TABLE `questions_wizard` (
  `questions_wizardid` int(11) NOT NULL AUTO_INCREMENT,
  `questions_wizard_catagoryid` int(11) DEFAULT NULL,
  `description` mediumtext,
  `questionsid` int(11) DEFAULT NULL,
  PRIMARY KEY (`questions_wizardid`)
) ENGINE=MyISAM AUTO_INCREMENT=795 DEFAULT CHARSET=latin1;

--
-- Dumping data for table `questions_wizard`
--

INSERT INTO `questions_wizard` VALUES (1,1,'Did the appointed person do the inspection?',1729),(2,1,'Is the compressor free of dust/oil leaks?',1734),(3,1,'Is the compressor free of oil leaks?',1734),(4,1,'Is the V-belt drive guarded?',1562),(5,1,'Is there a red line on the meter dial face?',1718),(6,1,'Is the Safety valve locked, sealed or calibrated?',1719),(7,1,'Is the drain valve accessible?',1719),(8,1,'Is Compressor numbered or identified?',2221224),(9,1,'Is the Manufacturers plate displayed or visible?',2221224),(10,1,'Is the Compressor up to date for pressure test (3-yearly to 1,25 x MPOP)?',1729),(11,1,'Is the electric cord/plug in good state of repair?',222248),(12,2,'Mechanical : Did the appointed person do the inspection?',2222436),(13,2,'Mechanical : Is all equipment on a assist register with an unique number?',10086),(14,2,'Mechanical : Are there cover/guards missing or broken?',1562),(15,2,'Mechanical : Are there Missing screws, bolts, etc.?',1563),(16,2,'Mechanical : Is the Thermostat functioning?',1613),(17,2,'Mechanical : Is it free of gas leaks?',1614),(18,2,'Mechanical : Is the filter clean?',1614),(19,2,'Mechanical : Is the filter working?',1614),(20,2,'Mechanical : Is the compressor working?',1614),(21,2,'Electrical : Is it free of wiring damages?',1690),(22,2,'Electrical : Is it earthed?',1692),(23,2,'Electrical : Are the joints in the cable properly scattered and crimped?  ',1690),(24,2,'Electrical : Is the it polarity correct?  ',1690),(25,2,'Electrical : Is the plug working?  ',1690),(26,3,'Did the appointed person do the inspection?  ',1500245),(27,3,'Is structure securely braced?  ',1500232),(28,3,'Are fences in position (min. height 2100mm)?  ',1500236),(29,3,'Are the gates in good condition (min. height 1800mm)?  ',1500238),(30,3,'Are the Conveyance guides secure?  ',1500245),(31,3,'Is the counterweight guided?  ',1500245),(32,3,'Is the over-travel device fitted and working?  ',1500245),(33,3,'Is there an emergency switch on the floor?  ',1500232),(34,3,'Is the Cable/Anchorage in good condition?  ',1500247),(35,3,'Did you check for minimum of 3 turns on a drum at all positions of conveyance?  ',1500245),(36,3,'Is the condition of the drum, sheaves and pulleys acceptable?  ',1500245),(37,3,'Is the brake effective with power off?  ',1500240),(38,3,'Is the operating lever made safe from accidental move?  ',1500232),(39,3,'Is the winch in good condition , anchored and/or guarded?  ',1500232),(40,3,'Are the stop cleats for the wheelbarrows fitted?  ',1500245),(41,3,'Are the platforms, floors in good condition?  ',1500247),(42,3,'Are there notices prohibiting conveyance of passengers, fitted?  ',1500242),(43,4,'Is the water supply control in safe condtion?  ',1528),(44,4,'Is the plumbing in safe condition?  ',1528),(45,4,'Is housekeeping in order?  ',1527),(46,4,'Are the walls clean and in a safe condition?  ',1527),(47,4,'Are the tiles in safe condition and free of cracks etc.?  ',1527),(48,4,'Are the floors clean and in a safe condition?  ',1527),(49,4,'Are the windows clean and in a safe condition?  ',1527),(50,4,'Are the doors clean and in a safe condition?  ',1527),(51,4,'Are the working surfaces clean and in safe condition?  ',1527),(52,4,'Is the counter clean and in a safe condition?  ',1527),(53,4,'Are the zincs and drains working and in a safe condition?  ',222243),(54,4,'Are the stoves working and in a safe condition?  ',222243),(55,4,'Is the deep fryer working and in a safe condition?  ',222243),(56,4,'Is  the deep freeze working and in a safe condition?  ',222243),(57,4,'Is  the refrigerator working and in a safe condition?  ',222243),(58,4,'Is the store room in a safe condition?  ',1527),(59,4,'Is the filter and fan working and in a safe condition?  ',222243),(60,4,'Is  the dining room in a safe condition?  ',1527),(61,4,'Are the tables and chairs in a safe condition?  ',222243),(62,4,'Are all lights working?  ',1474),(63,4,'Is a fire extinguisher available?  ',2002),(64,4,'Are disposal bins available?  ',222243),(65,4,'Is it disinfected regularly?  ',222243),(66,4,'Are pests controlled?  ',222243),(67,4,'Did the appointed person do the inspection?',222243),(68,5,'Is the water supply control in safe condtion?  ',1528),(69,5,'Is the plumbing in safe condition?  ',1528),(70,5,' Is housekeeping in order?  ',1527),(71,5,'Are the walls clean and in a safe condition?  ',1527),(72,5,'Are the floors clean and in a safe condition?  ',1527),(73,5,'Are the windows clean and in a safe condition?  ',1527),(74,5,' Are the doors clean and in a safe condition?  ',1527),(75,5,'Are the toilet doors clean and in a safe condition?  ',1527),(76,5,'Are the toilet bowls,seats clean and in a safe condition?  ',1527),(77,5,'Are the urinals clean and in a safe condition?  ',1527),(78,5,'Are the hand drying facilities working and in good condition?  ',1507),(79,5,'Are the showers clean and in safe condition?  ',1527),(80,5,'Are the handwash basins clean and in a safe condition?  ',1527),(81,5,'Is there soap provided?  ',1507),(82,5,'Is there toilet paper provided?  ',1507),(83,5,'Are there enough sanitary bins?  ',1527),(84,5,'Are the drains clean and in working condition?  ',1527),(85,5,'Are the tiles in safe condition and free of cracks etc.?  ',1527),(86,5,'Are all lights working?  ',1527),(87,5,'Are the lockers free of food?  ',1525),(88,5,'Are all taps working and free of leaks?  ',1527),(89,5,'Are all toilets free of leaks and overflowing?  ',1527),(90,5,'Are there enough waste bins?  ',1527),(91,5,'Are the areas free of bad oddours?  ',1527),(92,5,'Did the appointed person do the inspection?',222243),(93,6,'Is earth leakage checked every quarter according to checklist?  ',21286),(94,6,'Did the appointed person do the inspection?',222243),(95,7,'Did the appointed person do the inspection?  ',1688),(96,7,'Mechanical inspections : Is all equipment on a assist register with an unique number?  ',1688),(97,7,'Mechanical inspections : Are the cable and cable entries safe?  ',222243),(98,7,'Mechanical inspections : Is the portable equipment safe?  ',1688),(99,7,'Mechanical inspections : Are the cable armourings properly earthed and clamps in good condition?  ',222243),(100,7,'Mechanical inspections : Are the joints in the conduit runs and fittings secured in the stopper boxes?  ',222243),(101,7,'Mechanical inspections :  When equipment is taken apart is it corrosion free?  ',1688),(102,7,'Mechanical inspections : Is the metal equipment  earthed and certified for use?  ',222243),(103,7,'Electrical tests : Is the insulation resistance of the equipment and installation acceptable?  ',222243),(104,7,'Electrical tests : Are the regular earthing and polarity checks carried out?  ',222243),(105,7,'Electrical tests : Is there earth and earth-continuity resistance in relation to settings of protective devices?  ',222243),(106,7,'Classification of Equipment : Have the legal modifications been made or makeshift repairs been done?  ',222243),(107,7,'Classification of Equipment : Is the equipment sealed according to requirements?  ',222243),(108,7,'Classification of Equipment : Is the total installation safe to a degree of safety more than that of individual equipment?  ',222243),(109,7,'Other : Are the applicable safety signs posted at the entrance to the areas?  ',1672),(110,7,'Other : Are the safety signs in good condition?  ',1672),(111,7,'Other : Have the potential environmental impacts been identified, e.g. transformer oil?  ',3333345),(112,7,'Other : Is it in good state of repair?  ',1688),(113,8,'Check Battery : Did the appointed person do the inspection?  ',222243),(114,8,'Check Battery : Is the water level up to standard?  ',222243),(115,8,'Check Battery : Are all the cells wet?  ',222243),(116,8,'Check Battery : Is the voltage according to standard?  ',222243),(117,8,'Emergency Generator : Is the stationary element working?  ',222243),(118,8,'Emergency Generator : Is the oil level according to standard?  ',222243),(119,8,'Emergency Generator : Is the water level up to standard?  ',222243),(120,8,'Emergency Generator : Is the battery charging?  ',222243),(121,8,'Emergency Generator : Are the noise levels normal?  ',1496),(122,8,'Emergency Generator : Is the belt in good condition?  ',222243),(123,8,'Emergency Generator : Is the machine guarding on all moving parts supplied?  ',1540),(124,8,'Emergency Generator : Does the emergency lighting comply with required lux levels?  ',1469),(125,8,'Emergency Generator : Has the emergency lighting been activated within 15 seconds?  ',1477),(126,8,'Emergency Generator : Will the emergency lighting last long enough to ensure safe evacuation of indoor workplaces.?  ',1477),(127,8,'Emergency Generator : Is the emergency lighting kept in good working order or tested for efficient operation directional luminaries that are mounted too high above floor level and/or correctly mounted making positioning of angle easy?  ',1477),(128,9,'Did the appointed person do the inspection?  ',222243),(129,9,'Is the protective guard around muzzle accounted for?  ',1500260),(130,9,'Is the firing mechanism working?  ',1500261),(131,9,'Are the cartridges suited not to explode the powered tool?  ',1500263),(132,9,'Is the explosive powered tool clean and examined at regular intervals to ensure safe operation?  ',1500264),(133,9,'When not in use, are the explosive powered tools and the cartridges safely stored?  ',1500267),(134,9,'Is the explosive powered tool  stored  in an unloaded condition?  ',1500268),(135,9,'Are warning notices posted wherever the explosive powered tool is used.  ',1500269),(136,10,'Fire Extinguishers : Did the appointed person do the inspection?  ',2000),(137,10,'Fire Extinguishers : Is all equipment on a assist register with an unique number?  ',1724),(138,10,'Fire Extinguishers : FE1.Is the equipment still valid to point of date?  ',1724),(139,10,'Fire Extinguishers : FE2.Are the labels accounted for or fixed?  ',140220),(140,10,'Fire Extinguishers : FE3.Is the unit correctly located?  ',2002),(141,10,'Fire Extinguishers : FE4.Is the unit the right for the class of fire?  ',2002),(142,10,'Fire Extinguishers : FE5.Is the seal accounted for or fixed?  ',2000),(143,10,'Fire Extinguishers : FE6.Is the equipment corrosion and/or damage free?  ',2000),(144,10,'Fire Extinguishers : FE7.Are the symbolic signs accounted for and undamaged?  ',2000),(145,10,'Fire Extinguishers : FE8.Is the equipment  unobstructed and or accessible?  ',222243),(146,10,'Fire Extinguishers : FE9.Is the hose and / or  nozzle accounted for and or fixed?  ',2000),(147,10,'Fire Extinguishers : FE10 Is the stored pressure low/high, gauge upright?  ',2000),(148,10,'Hose Reels : HR1. Are the symbolic signs accounted for and undamaged?  ',2000),(149,10,'Hose Reels : HR2. Is the equipment still valid to point of date?  ',2000),(150,10,'Hose Reels : HR3. Is the nozzle/stop valve/run-out  guide complete?  ',2000),(151,10,'Hose Reels : FE2.Are the labels accounted for or fixed?  ',2000),(152,10,'Hose Reels : HR5. Is the reel unobstructed and or accessible?  ',2000),(153,10,'Hose Reels : HR6.Is the hose through run-out guide and sealed?  ',2000),(154,10,'Hose Reels : HR7. Is it  used for fire activities?  ',2000),(155,10,'Hose Reels : HR8. Is it rolled up  ',2000),(156,10,'Hose Reels : HR9.Is it free from corrosion or damaged.  ',2000),(157,10,'Hydrants : HY1.Are the symbolic signs accounted for and undamaged?  ',2222156),(158,10,'Hydrants : HR2. Is the equipment still valid to point of date?  ',2222158),(159,10,'Hydrants : HY3.Is the equipment free of leaks?  ',222243),(160,10,'Hydrants : HY4.Is the wheel valve accounted for and undamaged?  ',222243),(161,10,'Hydrants : HY5.Is there a hydrant washer?  ',2222157),(162,10,'Hydrants : HY6.Is the hydrant fixed  ',222243),(163,10,'Hydrants : HY7.Is the lug functional?  ',222243),(164,10,'Hydrants : FE8.Is the hydrant unobstructed and or accessible?  ',2222155),(165,11,'Is there wound cleaner / antiseptic (100ml)?  ',21311),(166,11,'Is there swabs for cleaning wounds?  ',21311),(167,11,'Is there cotton wool for padding (100 g)?  ',21311),(168,11,'Is there a sterile gauze (1 packet)?  ',21311),(169,11,'Is there a pair of forceps (for splinters)?  ',21311),(170,11,'Is there a pair of scissors minimum size 100 mm?  ',21311),(171,11,'Is there a card safety pins?  ',21311),(172,11,'Are there 4 Triangular bandages?  ',21311),(173,11,'Are there 4 Roller bandages (75mm x 5m)?  ',21311),(174,11,'Are there 6 Roller bandages (100mm x 5m)?      ',21311),(175,11,'Is there a roll elastic adhesive (25mm x 3m)?  ',21311),(176,11,'Is there an anti allergenic adhesive (25mm)?  ',21311),(177,11,'Is there a packet adhesive dressing strips?  ',21311),(178,11,'Are there 4 First aid dressings (75mm x 100mm)?  ',21311),(179,11,'Are there 4 First aid dressings (150mm x 200mm)?  ',21311),(180,11,'Are there 2 Straight splints?  ',21311),(181,11,'Are there disposable gloves (2pr L & 2pr M)?  ',21311),(182,11,'Are there 2 CPR mouth pieces / similar devices?  ',21311),(183,11,'Is the name of the first-aider displayed on box?  ',21308),(184,11,'Is the box indicated through symbolic signs?  ',21308),(185,11,'Is there a ISSUE BOOK in box?  ',21311),(186,11,'Is there a qualified first-aider available?  ',21305),(187,11,'Is the box easily removable in an emergency?  ',21304),(188,11,'Did the appointed person do the inspection?',222243),(189,12,'Did the appointed person do the inspection?  ',222243),(190,12,'Is all equipment on a assist register with an unique number?  ',222243),(191,12,'Have deviations been corrected?  ',222243),(192,12,'Is the filter up to date?  ',222243),(193,12,'are the masks clean  ',222243),(194,12,'Is the visor clear and clear of cracks  ',222243),(195,12,'Is the filter housing (stripped) in a safe condition?  ',222243),(196,12,'Is the exhalation valve in safe condition?  ',222243),(197,12,'Is the inhalation valve in a safe condition?  ',222243),(198,12,'Is the speech diaphragm in safe condition?  ',222243),(199,12,'Is the carry strap undamaged?  ',222243),(200,12,'Is it the wright type of filter for the hazard?  ',222243),(201,13,'Cylinders : Did the appointed person do the inspection?  ',222243),(202,13,'Cylinders : Are the valves properly secured and fitted?  ',1733),(203,13,'Cylinders : Are the valves undamaged and free of contamination (oil, grease, etc.)?  ',1733),(204,13,'Cylinders : Is there a spindle key on each cylinder?  ',1733),(205,13,'Cylinders : Are the valves closed if not in use?  ',222243),(206,13,'Regulators : Is it clean and free of contamination (oil, grease, etc.)?  ',1733),(207,13,'Regulators : Is it identifiable re gas. Correct range and capacity for work in hand?  ',222243),(208,13,'Regulators :Is the bull nose stem straight , nut and seat undamaged and outlet connection undamaged?  ',222243),(209,13,'Regulators :Is the outlet pressure steady and no creep or pressure build-up on closing down?  ',1376),(210,13,'Regulators :Does the pressure adjusting screws turns freely?  ',1376),(211,13,'Regulators :Are the GAUGES; Undamaged; Shatterproof lenses fitted and no zero error.?  ',1376),(212,13,'Flashback arrestors : Are the flashback arrestors fitted?  ',1376),(213,13,'Flashback arrestors : Are the body and connection nuts undamaged?  ',1376),(214,13,'Flashback arrestors : Did you check condition of reset lever where fitted?   ',1376),(215,13,'Goggles :Are the approved type, frame and head band in good condition?  ',222243),(216,13,'Goggles : Is the filter lens shade correct for the type of work, and cover lens in good condition?  ',222243),(217,13,'Goggles : Does every operator have his/her own goggles?  ',1379),(218,13,'Hoses : Are the specifications according to SABS and Correct colour and type for gases concerned?  ',1376),(219,13,'Hoses : Is it free of oil, grease, surface defects, cuts, burns and cracks?  ',1376),(220,13,'Hoses : Are the connection nuts undamaged and hoses secured with approved  type O-clips..?  ',1376),(221,13,'Hoses : Are the joints made with correct type inserts or joiners (not copper) and O-clips?  ',1376),(222,13,'Hoses : Is there a reverse flow test check on valves and arrestors?  ',1376),(223,13,'Torches,Nozzles and Flame Lighters : Is it free of superficial damage and free of contamination (oil, grease, etc.)?  ',1378),(224,13,'Torches,Nozzles and Flame Lighters : Do the valves turn easily and close-off without excessive force?  ',1378),(225,13,'Torches,Nozzles and Flame Lighters : Is the valve spindle straight and Knobs intact and well secured?  ',1376),(226,13,'Torches,Nozzles and Flame Lighters : Does the cutting oxygen valve close completely and Lever  firmly hinged?.   ',1376),(227,13,'Torches,Nozzles and Flame Lighters : Is the nozzle nut in good condition and all threads and connections undamaged?  ',1376),(228,13,'Torches,Nozzles and Flame Lighters : Is the nozzle clean with seats and orifices in good condition and no leaks?  ',1376),(229,13,'Torches,Nozzles and Flame Lighters : Is the nozzle the correct size and type for application and the gas in use?  ',1376),(230,13,'Torches,Nozzles and Flame Lighters : Is it free of superficial damage and free of contamination (oil, grease, etc.)?  ',1376),(231,13,'Torches,Nozzles and Flame Lighters : Do the valves turn easily and close-off without excessive force?  ',1376),(232,14,'Hatchway : Did the appointed person do the inspection?  ',1627),(233,14,'Hatchway : Is the hatchway enclosed?  ',1620),(234,14,'Hatchway : Is there a mechanical lock provided and in good condition?  ',1621),(235,14,'Hatchway : Is there an electric lock provided and in good condition?  ',1622),(236,14,'Safety Equipment : Is the emergency brake in place?  ',1500240),(237,14,'Safety Equipment : Is the safety overrun stop in place?  ',1500240),(238,14,'Notices : Is there a notice for prohibiting conveyance of passengers?    ',1628),(239,14,'Notices : Is there a notice displayed on landing?  ',1628),(240,14,'Notices : Is there a safe working load and maximum mass displayed?  ',1628),(241,14,'Ropes,Chains : Are the ropes and chains in safe condition and inspected?  ',1627),(242,14,'Ropes,Chains : Are the ropes and chains connections in safe condition?  ',1627),(243,14,'Controls : Is it accessible from inside hoist?  ',1627),(244,14,'Controls : Clearly marked and in good condition?  ',1627),(245,14,'General : Is the Machinery effective?  ',1627),(246,14,'General : Are the sides enclosed?  ',1624),(247,15,'Did the appointed person do the inspection?  ',10107),(248,15,'Is all equipment on a assist register with an unique number?  ',222248),(249,15,'Are they undamaged and or  repaired?  ',222248),(250,15,'Are they safe and or replaced?  ',10086),(251,15,'Are the supplies provided?  ',222248),(252,15,'Are guarding devices accounted for?  ',10087),(253,15,'Are the storage facilities adequate?  ',1489),(254,16,'Did the appointed person do the inspection?  ',1637),(255,16,'Is all equipment on a assist register with an unique number?  ',10092),(256,16,'Is the maximum mass load indicated on jack?  ',1629),(257,16,NULL,1644),(258,16,'Is the hydraulic clear of oil leaks?  ',1644),(259,16,'Is the pressure release valve fixed/operative?  ',1644),(260,16,'Is the piston working?  ',10092),(261,16,'Are the oil seals sealed and working?  ',10092),(262,16,'Can the jack hold/lift rated mass load?  ',1629),(263,17,'Did the appointed person do the inspection?  ',1405),(264,17,'Is all equipment on a assist register with an unique number?  ',1405),(265,17,'Are all the rungs tightened?  ',1410),(266,17,'Are the screw, bolts, etc. tightened?  ',10089),(267,17,'Are all the mounting brackets, etc. tightened?  ',10089),(268,17,'Is the ladder stable?  ',1406),(269,17,'Is the ladder cage undamaged?  ',1417),(270,17,'Is the deterioration in all metal at a safe standard?  ',10089),(271,18,'Did the appointed person do the inspection?  ',10088),(272,18,'Is all equipment on a assist register with an unique number?  ',10088),(273,18,'Are all the rungs tightened (move by  hand)?  ',1409),(274,18,'Are the nails,  screws, bolts, etc. thightened?  ',10088),(275,18,'Are all the mounting brackets, etc. tightened?  ',1409),(276,18,'Are cracked, broken, split or bent stays/rungs repaired?  ',10088),(277,18,'Are splinters on stays or rungs repaired?  ',1410),(278,18,'Are there undamaged/unworn non-slip devices?  ',1410),(279,18,'Is the ladder stable  ',1408),(280,18,'Are the loose or defective hinge spreaders/hinges Defective centre guide for extension repaired?  ',1404),(281,18,'Are there affective extension locks?  ',10088),(282,18,'Is there an affective rope pulley?  ',10088),(283,18,'Are deterioration of the rope at a safe standard?  ',10088),(284,18,'Are the wooden ladders free from any paint?  ',10088),(285,18,'Is there an identification number?  ',1405),(286,18,'Is the  storage place acceptable?  ',1415),(287,19,'Chain links : Did the appointed person do the inspection?  ',1636),(288,19,'Chain links : Where chain are twisted, stretched or bent are they removed from operations?  ',1636),(289,19,'Chain links : Where chains are nicked, gouged or cracked such items are not removed from operations?  ',1636),(290,19,'Chain links : Are chains which the Inter link and side barrel are worn removed from operations?  ',1636),(291,19,'Chain links : Have distorted/damaged master links been repaired/replaced?  ',1644),(292,19,'Chain links : Have distorted/damaged coupling link been repaired/replaced?  ',1644),(293,19,'Chain links : Have distorted/damaged attachments been repaired/replaced?  ',1644),(294,19,'Chain links : Where the links of chains are dry are they removed form operations?  ',1644),(295,19,'Hooks :Is spread in throat opening in safe condition?  ',1636),(296,19,'Hooks :Are cracked, nicked, chafed hooks in good condition?  ',1636),(297,19,'Hooks :Is wear on eye in safe condition?  ',1636),(298,19,'Hooks :Is wear on clevis in safe condition?  ',1636),(299,19,'Hooks :Is wear on saddle in safe condition?  ',1636),(300,19,'Hooks :Is wear on load pin in safe condition?  ',1636),(301,19,'Hooks :Is side bending in safe condition?  ',1636),(302,19,'Hooks :Is latch fixed/accounted for?  ',1636),(303,19,'Shackles : Is general condition good?  ',1644),(304,19,'Shackles : Is the wear on pin in safe condition?  ',1644),(305,19,'Shackles : Is max. mass load marked?  ',1645),(306,20,'Did the appointed person do the inspection?  ',1648),(307,20,'Is all equipment on a assist register with an unique number?  ',1638),(308,20,'Is the structure free of defects?  ',1644),(309,20,'Are there safe load indicators displayed?  ',1629),(310,20,'Is the braking system on load in safe working condition?  ',1631),(311,20,'Are the load limiting devices fitted/working?  ',1632),(312,20,'Are  limiting device on highest safe travel limit?  ',1632),(313,20,'Is there an emergency switch on the floor?  ',1644),(314,20,'Is wear onpulley/shaft in safe condition?  ',1636),(315,20,'Is wear drum and winch in safe condition?  ',1636),(316,20,'Has there been checked that the rope on the drum has at least 3 full turns?  ',1636),(317,20,'Are there machine guards fitted?  ',1636),(318,20,'Is there a signalling device.  ',1644),(319,20,'Is there safe accessibility?  ',1644),(320,20,'Is there lubrication where necessary?  ',1644),(321,20,NULL,1644),(322,20,'Is there a notice stating maximum load displayed?  ',1644),(323,21,'Chain : Did the appointed person do the inspection?  ',10095),(324,21,'Chain : Where chains are twisted, stretched or bent are these removed from operation .  ',1637),(325,21,'Chain : Where chains are nicked, gouged or cracked are these items removed from oprations.  ',1637),(326,21,'Side Barrel : Is it free from distortion/damage?  ',1644),(327,21,'Side Barrel : Is the hand wheel condition safe?  ',1644),(328,21,'Side Barrel : Are the side covers safe?  ',1644),(329,21,'Side Barrel : Is the hand chain in safe condition?  ',1644),(330,21,'Barrel :Is the bearing safe?  ',1644),(331,21,'Barrel :Is the clevis in safe condition?  ',1644),(332,21,'Barrel :Is the saddle in safe condition?  ',1644),(333,21,'Barrel :Is the load pin in good condition?  ',1644),(334,21,'Barrel :Is it free from side bending?  ',1644),(335,21,'Hooks and Safety Latches :Is the spread in throat opening in safe condition?  ',1635),(336,21,'Hooks and Safety Latches :Is it free from cracks,nicks and chafs?  ',10095),(337,21,'Gears : Is the lubrication sufficient?  ',1644),(338,21,'Gears : Are the guide rollers in safe condition?  ',1644),(339,21,'Gears : Is the max. mass load (SWL) displayed?  ',1629),(340,21,'Chain Guide/Stripper : Are the friction discs in safe condition?  ',1644),(341,22,'Standard : Did the appointed person do the inspection?  ',1636),(342,22,'Standard : Are steel wire ropes which are worn and corroded removed from operations?  ',1636),(343,22,'Standard : Are steel wire ropes with kinks and deformeties removemed from operations?  ',1636),(344,22,'Standard : Are splices fittings in good order?  ',1637),(345,22,'Standard : Are rope clamp fittings in good order?  ',1637),(346,22,'Hooks : Is spread in throat opening in safe condition?  ',1637),(347,22,'Hooks : Are cracked, nicked, chafed hooks in good condition?  ',1637),(348,22,'Hooks : Is wear on eye in safe condition?  ',1637),(349,22,'Hooks : Is wear on clevis in safe condition?  ',1637),(350,22,'Hooks : Is wear on saddle in safe condition?  ',1637),(351,22,'Hooks : Is wear on load pin in safe condition?  ',1637),(352,22,'Hooks : Is side bending in safe condition?  ',1644),(353,22,'Shackles : Is general condition good?  ',1644),(354,22,'Shackles : Is the wear on pin in safe condition?  ',1644),(355,22,'Shackles : Is max. mass load marked?  ',1629),(356,23,'Standard : Did the appointed person do the inspection?  ',1637),(357,23,'Standard : Is all equipment on a assist register with an unique number?  ',1645),(358,23,'Standard : Where fibre ropes are worn and damages are such items removed from operation?  ',1644),(359,23,'Standard : Where yarns and strands displaced are such items removed from operations?  ',1644),(360,23,'Standard : Where ropes are Discoloured are they replaced?  ',1644),(361,23,'Standard : Are the inner strands in good condition?  ',1644),(362,23,'Standard : Where fibre ropes are exposed to corrosives and heat are such items removed from opperations?  ',1644),(363,23,'Hooks : Is spread in throat opening in safe condition?  ',1635),(364,23,'Hooks : Are cracked, nicked, chafed hooks in good condition?  ',1635),(365,23,'Hooks : Is wear on eye in safe condition?  ',1635),(366,23,'Hooks : Is wear on clevis in safe condition?  ',1635),(367,23,'Hooks : Is wear on saddle in safe condition?  ',1635),(368,23,'Hooks : Is wear on load pin in safe condition?  ',1635),(369,23,'Hooks : Is side bending in safe condition?  ',1635),(370,23,'Shackles : Is general condition good?  ',1635),(371,23,'Shackles : Is the wear on pin in safe condition?  ',1635),(372,23,'Shackles : Is max. mass load marked?  ',1645),(373,24,'Did the appointed person do the inspection?  ',1627),(374,24,'Has the Load test been done (enter results)?  ',1627),(375,25,'Are alarm batteries stored correctly in the upright position and in one place with poles covered with tape or plastic covers?  ',222248),(376,25,'Is all electrical equipment and wiring neat and cable tied where necessary?  ',1690),(377,25,'Is all fire equipment numbered and serviced and not obstructed?  ',2001),(378,25,'Is there sufficient ventilation for electrical equipment to prevent fire hazard?  ',1480),(379,25,'Is housekeeping in order?  ',1489),(380,25,'Are all floor tiles secure and level to avoid tripping hazards?  ',1491),(381,25,'Are all walls and ceilings in a good state of repair and leak free?  ',1492),(382,25,'Is there sufficient / adequate light?  ',1474),(383,25,'Are all goods stacked neatly , heavy articles below shoulder hight and lighter articles on the top shelf?',1489),(384,25,'Is all fire equipment free of any obstruction and easily accessible?  ',2001),(385,26,'Are all First Aid boxes and equipment maintained and do they include a space blanket and burn shield?  ',21304),(386,26,'Are all goods stacked neatly , heavy articles below shoulder hight and lighter articles on the top shelf?  ',1489),(387,26,'Are Wet Floor Signs available for cleaning of floor areas?  ',222248),(388,26,'Are electrical wires and multiplugs secured and cable tied and neat?  ',1690),(389,26,'Is all chemicals labeled and stored correctly?  ',21792),(390,26,'Are all floor tiles secure and level to avoid tripping hazards?  ',1491),(391,26,'Are all walls and ceilings in a good state of repair and leak free?  ',1492),(392,26,'Is all cleaning equipment stored together in proper storage areas?  ',1489),(393,26,'Are dustbins cleaned and emptied regularly?  ',1488),(394,26,'Are Emergency Evacuation plans displayed?  ',140152),(395,26,'Are all cleaning employees equiped with the correct and necessary personal protective equipment ?  ',222248),(396,26,'Are posters for Health and Safety Policy / Employment Equity Policy / Basic Conditions of Employment available?  ',21283),(397,26,'Are all DB Boards easily accessible and are ledgers displayed at DB board with switches numbered?  ',1683),(398,26,'Are emergency exits clear of obstruction?  ',2005),(399,26,'Is the fire alarm in good working order and accessible?  ',2221688),(400,26,'Is there any open spaces in the DB Board and is the ledger updated and in place?  ',1683),(401,26,'Is there sufficient / adequate light?',1474),(402,26,'Is there sufficient ventilation?  ',1480),(403,26,'Is all fire equipment numbered and serviced?  ',2001),(404,26,'Is all fire equipment free of any obstruction and easily accessible?  ',2001),(405,27,'Are alarm batteries stored correctly in the upright position and in one place with poles covered with tape or plastic covers?',222248),(406,27,'Is all fire equipment numbered and serviced?  ',2001),(407,27,'Are all floor tiles secure and level to avoid tripping hazards?  ',1491),(408,27,'Is all fire equipment free of any obstruction and easily accessible?  ',2001),(409,27,'Are all walls and ceilings in a good state of repair and leak free?  ',1492),(410,27,'Are all goods stacked neatly , heavy articles below shoulder hight and lighter articles on the top shelf?  ',1489),(411,27,'Is the general housekeeping in order?  ',1489),(412,28,'Is ventilation sufficient?  ',1480),(413,28,'Are light covers secure and covered?  ',1474),(414,28,'Is their adequate light?  ',1474),(415,28,'Is all electrical equipment and wiring neat and cable tied where necessary?  ',1690),(416,28,'Are chairs and office equipment in a good state of repair? (Backsupport, Sidearms and wheels)   ',1532),(417,28,'Are dustbins cleaned and emptied regularly?  ',1488),(418,28,'Is all fire equipment numbered and serviced?  ',2001),(419,28,'Is all fire equipment free of any obstruction and easily accessible?  ',2001),(420,28,'Are electrical plug points above ground level at water coolers and secured against the wall?',222248),(421,28,'Do water coolers have clean and hygienic water?',222248),(422,29,'Is there adequate light?  ',1474),(423,29,'Is ventilation sufficient?  ',1480),(424,29,'Are all light covers secure and covered?  ',1474),(425,29,'Are all walls and ceilings in a good state of repair and leak free?  ',1492),(426,29,'Are all floors level and secure?  ',1491),(427,29,'Are all electrical wires and multiplugs secured and cable tied?  ',1690),(428,29,'Are emergency exits demarcated and clearly visible?  ',2008),(429,29,'Are dustbins emptied and cleaned regularly?  ',1488),(430,29,'Is all fire equipment numbered and serviced?  ',2001),(431,29,'Is all fire equipment free of any obstruction and easily accessible?  ',2001),(432,30,'Is housekeeping maintained in this area?',1491),(433,30,'Are all cleaning employees or contractors equipped with the correct and necessary personal protective equipment?',2221526),(434,30,'Are all DB Boards easily accessible and are ledgers displayed at DB board with switches numbered and symbolic safety sign?',1683),(435,30,'Are all First Aid boxes and equipment maintained and do they include a space blanket and burn shield?',21311),(436,30,'Are all floor tiles secure and level to avoid tripping hazards?',1491),(437,30,'Are all goods stacked neatly , heavy articles below shoulder height and lighter articles on the top shelf?  ',1489),(438,30,'Are dustbins cleaned and emptied regularly?  ',1690),(439,30,'Are electrical wires and multiplugs secured and cable tied and neat?',140152),(440,30,'Are Emergency Evacuation plans displayed?',2005),(441,30,'Are emergency exits clear of obstruction?  ',2222318),(442,30,'Are emergency exits demarcated and clearly visible?  ',222222),(443,30,'Are posters for Health and Safety Policy / Employment Equity Policy / Basic Conditions of Employment available?',222248),(444,30,'Are Wet Floor Signs available for cleaning of floor areas?  ',21791),(445,30,'Is all chemicals labeled and stored correctly?  ',21791),(446,30,'Is all cleaning equipment stored together in proper storage areas?',2002),(447,30,'Is all fire equipment free of any obstruction and easily accessible?  ',2000),(448,30,'Is all fire equipment numbered and serviced?  ',2000),(449,30,'Is the fire alarm in good working order and accessible?  ',1492),(450,30,'Is there sufficient / adequate light in all areas?  ',1474),(451,30,'Is there sufficient ventilation in all areas?  ',1530),(452,30,'Are chairs and office equipment in a good state of repair? (Backsupport, Sidearms and wheels)?  ',222248),(453,30,'Do water coolers have clean and hygienic water?  ',222248),(454,30,'Are electrical plug points above ground level at water coolers and secured against the wall?  ',222248),(455,30,'Are all light covers covered and secure to ceiling boards?  ',222248),(456,30,'Are all combustible materials stored away from any electrical equipment and plug points or cables?  ',222248),(457,30,'Are all walls and ceilings in a good state of repair and leak free?  ',1492),(458,30,'Are gender signs displayed at the toilets?  ',1512),(459,30,'Are paper hand towels or blow dryers available in the toilets?  ',1507),(460,30,'Are SHE bins available and maintained in ladies toilets?  ',222248),(461,30,'Is soap available in the toilets?  ',1492),(462,30,'Is ventilation sufficient in the toilets?  ',1480),(463,30,'Is lighting sufficient in the toilets?  ',1469),(464,31,'a Element 1: Has a baseline risk assessment been conducted ?  ',222244),(465,31,'a Element 1: Have all employees been trained on safe operating procedures and is evidence of this been made available in the file?  ',222245),(466,31,'a Element 1: Has the hazards of high and medium activities identified from the baseline risk assessment been classified via the fine method risk assessment?  ',222244),(467,31,'b Element 2: Has a health and safety policy been made available within the file and displayed for all employees to see?  ',222223),(468,31,'b Element 2: Is there a register containing signatures of all staff , indicating that they have read and understood the health and safety policy?  ',222230),(469,31,'d Element 4: Is there any physical evidence within the file suggesting that a safety or Ops meeting was held discussing health and safety issues?  ',21275),(470,31,'e Element 5: Has an evacuation plan been made available in the file and displayed in the back offices for all employees?  ',2007),(471,31,'e Element 5: Is there any physical evidence within the file suggesting that employees were involved in at least one evacuation drill per year ?  ',2010),(472,31,'f Element 6: Are all appointees training certificates still valid and updated when necessary?  ',222240),(473,31,'f Element 6: Have all training certificates been made available in the file?  ',222240),(474,31,'g Element 7: Are all incidents reported and WCL 2 forms available?  ',21259),(475,31,'g Element 7: Have all incidents been investigated ( Root Cause Analysis ) and been made available in the file?  ',21285),(476,31,'g Element 7: Is there a Nedbank procedure available for incident recordings and does the employee know and understand the procedure?  ',21259),(477,31,'h Element 8: Are all inspection signed off by the Section 8?  ',21268),(478,31,'h Element 8: Are all actions generated via the inspections resolved timeously?  ',222248),(479,31,'j Element 10: Are all contractors on site in good standing with the compensation commisioner and has suitable evidence suggesting this,  been made available within the file ?  ',2221525),(480,31,'i Element 9: Have all contractors on site signed a section 37.2 agreement and has this agreement been made available for inspection within the file?  ',2221526),(481,31,'i Element 9: Is the contractor in posesion of a safety file with a safety plan within and does the contractor comply to the safety plan?  ',2221526),(482,31,'j Element 10: Has a list indicating all chemicals in use on site been made available within the file?  ',1740),(483,31,'j Element 10: Are the Material Safety Data Sheets available within the file for all chemicals in use?  ',1740),(484,31,'j Element 10: Have the cleaning staff and first-aider been trained according to MSDS, and is there signed evidence available in the file that the employees are trained?  ',1740),(485,31,'k Element 11: Is an electrical compliance certificate available within the file for inspection?  ',1667),(486,31,'c Element 3 :Is a Health and Safety representative appointed and is the appointment still valid?',10123),(487,31,'c Element 3 : Is the Section 8 appointed by the 16.2 and is the appointment still valid?',10129),(488,31,'c Element 3 : Is a First Aider appointed and is the appointment still valid? GSR 3 (2)',10133),(489,31,'c Element 3 : Is an evacuation officer or emergency coordinator appointed and is the appointment still valid? Sec 8 (e) Sec 13 ER 9',10161),(490,31,'c Element 3 : Is a Fire member of the fire fighting team appointed and is the appointment still valid? ER 9',10163),(491,32,'Is all electrical equipment and wiring neat and cable tied where necessary?  ',1690),(492,32,'Is their sufficient / adequate light?  ',1474),(493,32,'Are all light covers covered and secure to ceiling boards?  ',1690),(494,32,'Are all chairs in a good state of repair?(Backsupport,and Wheels)  ',1532),(495,32,'Is their sufficient ventilation?',1480),(496,32,'Are all floor tiles secure and level to avoid tripping hazards?  ',1491),(497,32,'Are all walls and ceilings in a good state of repair and leak free?  ',1491),(498,32,'Are money counting machines placed in a suitable position as to avoid any tripping hazards?  ',1491),(499,32,'Are moist hand wipes readily available for hand hygiene purposes?  ',1507),(500,32,'Are dustbins emptied and cleaned regularly?  ',1488),(501,32,'Is fire equipment numbered and serviced and not obstructed?  ',2001),(502,32,'Is signage of fire equipment checked and are emergency evacuation roots demarcated accordingly?  ',1488),(503,32,'Are all teller drawers closed at all times when not in use?  ',222248),(504,32,'Can the Man trap door be overiden in an event of emergency ?',2008),(505,32,'Are all combustible materials stored away from any electrical equipment and plug points or cables?  ',1489),(506,32,'Is all fire equipment free of any obstruction and easily accessible?  ',2001),(507,33,'Is soap available?  ',1507),(508,33,'Are paper hand towels or blow dryers available?  ',1507),(509,33,'Is lighting sufficient?  ',1474),(510,33,'Is ventilation sufficient?  ',1480),(511,33,'Are gender signs displayed?  ',1512),(512,33,'Is all fire equipment numbered and serviced?  ',2001),(513,33,'Is all fire equipment free of any obstruction and easily accessible?  ',2001),(514,33,'Are SHE bins available and maintained in ladies toilets?',1507),(515,34,'Is all fire equipment numbered and serviced and not obstructed?  ',2001),(516,34,'Is housekeeping maintained in this area?  ',1489),(517,34,'Are all floors tiles secure and level to avoid tripping hazards?  ',1491),(518,34,'Are all walls and ceilings in a good state of repair and leak free?  ',1492),(519,34,'Is all electrical equipment and wiring neat and cable tied where necessary?  ',1690),(520,34,'Is all fire equipment numbered and serviced?  ',2001),(521,34,'Are all goods stacked neatly , heavy articles below shoulder hight and lighter articles on the top shelf?  ',1489),(522,34,'Is all fire equipment free of any obstruction and easily accessible?  ',2001),(523,35,'a Element 1: Has a Base Line Risk Assessment been conducted and made available in the file?  ',222244),(524,35,'a Element 1: Has a risk assesment been conducted once all high risk tasks have been conducted and made available in file ?  ',222244),(525,35,'a Element 1: Have all employees been trained on safe operating procedures and is evidence of this been made available in the file ?  ',222245),(526,35,'b Element 2: Has a health and safety policy been made available within the file and displayed for everyone to see ?  ',222223),(527,35,'b Element 2: Is there a register containing signatures of all staff , indicating that they have read and understood the health and safety policy?  ',222223),(528,35,'c Element 3: Are the appointment letters still valid and signed off by the Sec 16.2 appointee or Section 8?  ',222236),(529,35,'c Element 3:Have all relevant appointment letters been made available in the file?  ',21272),(530,35,'d Element 4: Is there any physical evidence within the file suggesting that all section 8 appointees alongside Makrosafe have conducted a meeting every second month focusing on health and safety and is this discussed in staff meetings?  ',21275),(531,35,'e Element 5: Has an evacuation plan been made available in the file?  ',140152),(532,35,'e Element 5: Is there any physical evidence within the file suggesting that employees were involved in at least one evacuation drill per year?  ',2007),(533,35,'e Element 5: Is there any physical evidence within the file suggesting that employees were involved in at least one Fire drill per year?  ',2010),(534,35,'f Element 6 : Have all training certificates been made available in the file ?  ',222240),(535,35,'f Element 6 : Are these certificates still valid and updated when necessary?  ',222240),(536,35,'g Element 7 : Is there a procedure available for incident recordings?  ',21285),(537,35,'g Element 7: Have all incident investigations been made available?  ',21285),(538,35,'h Element 8: Have all inspections , identified by the makrosafe audit , been conducted within the relevant time intervals?  ',222243),(539,35,'h Element 9: Has an inventory been made available within the file of all contractors on site ?  ',2221526),(540,35,'h Element 9: Have all contractors on site signed a section 37.2 agreement and has this agreement been made available for inspection within the file?  ',21297),(541,35,'h Element 9: Are all contractors on site in good standing with the compensation commisioner and has suitable evidence suggesting this been made available within the file?  ',2221525),(542,35,'j Element 10: Has a list indicating all chemicals in use on site been made available within the file?  ',1740),(543,35,'j Element 10: Are the MSDS available within the file for all chemicals in use?  ',1740),(544,35,'k Element 11: Is an electrical compliance certificate available within the file for inspection?  ',1667),(545,35,'k Element 11: If necessary , is the fire department aware of gas storage on site?  ',2221847),(546,35,'k Element 11 : Was the premisis inspected by the local fire prevention officer and is a certificate made available within the file ?  ',21312),(547,36,'Did the appointed person do the inspection?  ',1690),(548,36,'Is all equipment on a assist register with an unique number?  ',1694),(549,36,'Is the guard accounted for or fixed?  ',1644),(550,36,'Is the connection tightened?  ',1690),(551,36,'Is the cable properly joined?  ',1690),(552,36,'Is it free of cracked or broken insulation?  ',1690),(553,36,'Is the polarity wright way around?  ',1690),(554,36,'Are the switches working?  ',1690),(555,36,'Is the cable fitted properly?  ',1690),(556,36,'Is the earth wire connected?  ',1690),(557,36,'is the plug undamaged?  ',1690),(558,36,'is the extension free of cable overcrowded  plugs?  ',1690),(559,37,'Did the appointed person do the inspection?  ',10103),(560,37,'Is all equipment on a assist register with an unique number?  ',10086),(561,37,'Is the emergency door handle operative?  ',222243),(562,37,'Is there emergency lighting provided?  ',1475),(563,37,'Are the fans/blowers guarded?  ',1540),(564,37,'Is it free of ice build-up on the floor?  ',1491),(565,37,'Are the walls clean?  ',1488),(566,37,'Is the wall paint in good condition?  ',1492),(567,37,'Is the insulation free of damage/cracks?  ',1492),(568,37,'Are the floors clean?  ',1491),(569,37,'Are the floors free of damage?  ',1491),(570,37,'Have hooks/strapping/debris on floor been removed?  ',1491),(571,37,'Are the lights working  ',1474),(572,37,'Are the lights waterproof?  ',1474),(573,37,'Are there gas masks?  ',1614),(574,37,'Is the water supply available?  ',1614),(575,37,'Is the rescue rope available?  ',222248),(576,38,'Webbing : Did the appointed person do the inspection?  ',1500100),(577,38,'Webbing : Is it clean?  ',1500100),(578,38,'Webbing : Is it free from heat damage?  ',1500100),(579,38,'Webbing : Is it free from cuts or chafing?  ',1500100),(580,38,'Webbing : Is it free from seam damaged?  ',1500100),(581,38,'Webbing : Is it free from any other physical damage?  ',1500100),(582,38,'Metal Fittings : Did the appointed person do the inspection?  ',1500100),(583,38,'Metal Fittings : Are the chain undamaged?  ',1500100),(584,38,'Metal Fittings : Are metal loops undamaged?  ',1500100),(585,38,'Metal Fittings : Are the couplings undamaged?  ',1500100),(586,38,'Metal Fittings : Are the shackles undamaged?  ',1500100),(587,38,'Metal Fittings : Are the clips undamaged?  ',1500100),(588,38,'Metal Fittings : Are the life line connections undamaged?  ',1500100),(589,38,'Metal Fittings : Are the lanyard connections undamaged?  ',1500100),(590,38,'Metal Fittings : Are there no deformation on hooks and fittings?  ',1500100),(591,39,'Hygiene : Are the structures and floors in good condition?  ',1527),(592,39,'Hygiene : Are lighting levels correct?  ',1469),(593,39,'Hygiene : Is there enough  ventilation?  ',1514),(594,39,'Hygiene : Are all the demarcation in the right places?  ',222248),(595,39,'Hygiene : Is the stacking in a safe condition?  ',1372),(596,39,'Hygiene : Is the factory and yard in safe condition?  ',1488),(597,39,'Hygiene : Is the waste management under control?  ',3333360),(598,39,'Hygiene : Is the colour coding up to standards?  ',1561),(599,39,'Hygiene : Do all the machines have  guardings where needed?  ',1540),(600,39,'Hygiene : Is a lock out sytem in use when working on electricity, steam, water or any moving parts.  ',1555),(601,39,'Hygiene : Are all the valves and switches labeled?  ',1553),(602,39,'Hygiene : Are the areas free of hazardous chemical substances?  ',21793),(603,39,'Hygiene : Is the general electrical installation in a safe condition?  ',1667),(604,39,'Hygiene : Is the personal protective equipment in place?  ',21301),(605,39,'Hygiene : Is the  area free of hearing conservations?  ',1497),(606,39,'Hygiene : Are all the notices and signs in place?  ',10131),(607,39,'Hygiene : Are the fire equipment and escape doors unobstructed?  ',2002),(608,39,'Hygiene : Are all the fire fighting equipment in place?  ',2002),(609,39,'Hygiene : Is the storage of flammables, explosives & HCS in a safe condition?  ',21326),(610,39,'Hygiene : Is the emergency alarm in working condition?  ',2221698),(611,39,'Hygiene : Are the emergency plan/telephone numbers in place?  ',140151),(612,39,'Hygiene : Does the company do incident recall on all incidents in the past?  ',21285),(613,39,'Hygiene : Is the SHE policy - posted and understood?  ',222229),(614,39,'Hygiene : Does the Company or Department have Safety Health and Environmental talks once a week?  ',222248),(615,39,'Hygiene : Is the first aid box and equipment in place?  ',21304),(616,39,'Hygiene : Are there written safe work procedures?  ',222245),(617,39,'Hygiene : Are there Job safety observations?  ',222245),(618,39,'Hygiene : Is a permit to work system in place for all Hot and Cold work etc?  ',222244),(619,39,'Toilets and Change-rooms : Is the water supply control in safe condtion?  ',1509),(620,39,'Toilets and Change-rooms : Is the plumbing in safe condition?  ',1528),(621,39,'Toilets and Change-rooms :  Is housekeeping in order?  ',1528),(622,39,'Toilets and Change-rooms : Are the walls clean and in a safe condition?  ',1527),(623,39,'Toilets and Change-rooms : Are the floors clean and in a safe condition?  ',1527),(624,39,'Toilets and Change-rooms : Are the windows clean and in a safe condition?  ',1527),(625,39,'Toilets and Change-rooms :  Are the doors clean and in a safe condition?  ',1527),(626,39,'Toilets and Change-rooms : Are the toilet doors clean and in a safe condition?  ',1527),(627,39,'Toilets and Change-rooms : Are the toilet bowls,seats clean and in a safe condition?  ',1508),(628,39,'Toilets and Change-rooms : Are the urinals clean and in a safe condition?  ',1527),(629,39,'Toilets and Change-rooms : Are the hand drying facilities working and in good condition?  ',1507),(630,39,'Toilets and Change-rooms : Are the showers clean and in safe condition?  ',1527),(631,39,'Toilets and Change-rooms : Are the handwash basins clean and in a safe condition?  ',1527),(632,39,'Toilets and Change-rooms : Is there soap provided?  ',1507),(633,39,'Toilets and Change-rooms : Is there toilet paper provided?  ',1507),(634,39,'Toilets and Change-rooms : Are there enough sanitary bins?  ',1527),(635,39,'Toilets and Change-rooms : Are the drains clean and in working condition?  ',1527),(636,39,'Toilets and Change-rooms : Are the tiles in safe condition and free of cracks etc.?  ',1527),(637,39,'Toilets and Change-rooms : Are all lights working?  ',1474),(638,39,'Toilets and Change-rooms : Are the lockers free of food?  ',1524),(639,39,'Toilets and Change-rooms : Are all taps working and free of leaks?  ',1527),(640,39,'Toilets and Change-rooms : Are all toilets free of leaks and overflowing?  ',1527),(641,39,'Toilets and Change-rooms : Are there enough waste bins?  ',1527),(642,39,'Toilets and Change-rooms : Are the areas free of bad oddours?  ',1527),(643,39,'Kitchens and Canteens : Is the water supply control in safe condtion?  ',1528),(644,39,'Kitchens and Canteens : Is the plumbing in safe condition?  ',1527),(645,39,'Kitchens and Canteens : Is housekeeping in order?  ',1527),(646,39,'Kitchens and Canteens : Are the walls clean and in a safe condition?  ',1527),(647,39,'Kitchens and Canteens : Are the tiles in safe condition and free of cracks etc.?  ',1527),(648,39,'Kitchens and Canteens : Are the floors clean and in a safe condition?  ',1527),(649,39,'Kitchens and Canteens : Are the windows clean and in a safe condition?  ',1527),(650,39,'Kitchens and Canteens : Are the doors clean and in a safe condition?  ',1527),(651,39,'Kitchens and Canteens : Are the working surfaces clean and in safe condition?  ',1527),(652,39,'Kitchens and Canteens : Is the counter clean and in a safe condition?  ',1527),(653,39,'Kitchens and Canteens : Are the zincs and drains working and in a safe condition?  ',222243),(654,39,'Kitchens and Canteens : Are the stoves working and in a safe condition?  ',222243),(655,39,'Kitchens and Canteens : Is the deep fryer working and in a safe condition?  ',222243),(656,39,'Kitchens and Canteens : Is  the deep freeze working and in a safe condition?  ',222243),(657,39,'Kitchens and Canteens : Is  the refrigerator working and in a safe condition?  ',222243),(658,39,'Kitchens and Canteens : Is the store room in a safe condition?  ',1527),(659,39,'Kitchens and Canteens : Is the filter and fan working and in a safe condition?  ',222247),(660,39,'Kitchens and Canteens : Is  the dining room in a safe condition?  ',1527),(661,39,'Kitchens and Canteens : Are the tables and chairs in a safe condition?  ',222243),(662,39,'Kitchens and Canteens : Are all lights working?  ',1474),(663,39,'Kitchens and Canteens : Is a fire extinguisher available?  ',2002),(664,39,'Kitchens and Canteens : Are disposal bins available?  ',222243),(665,39,'Kitchens and Canteens : Is it disinfected regularly?  ',222243),(666,39,'Kitchens and Canteens : Are pests controlled?  ',222243),(667,39,'Did the appointed person do the inspection?',222243),(668,40,'Scaffold Framework : Did the appointed person do the inspection?  ',1500177),(669,40,'Scaffold Framework : Is there firm footing (foundation)?  ',1500176),(670,40,'Scaffold Framework : Are the sole plates under standards?  ',1500176),(671,40,'Scaffold Framework :  Base plates under standards?  ',1500176),(672,40,'Scaffold Framework : Are the standards supported and secured?  ',1500176),(673,40,'Scaffold Framework : Are the standards effectively braced?  ',1500176),(674,40,'Scaffold Framework : Are the ledgers secured?  ',1500176),(675,40,'Scaffold Framework : Is the scaffold leveled and plumbed?  ',1500176),(676,40,'Scaffold Framework : Is it horizontally and vertically secured?  ',1500176),(677,40,'Scaffold Framework : Is it free from makeshift devices?  ',1500176),(678,40,'Scaffold Framework : Is it material corrosion free?  ',1500176),(679,40,'Scaffold Framework : Is there provision for public safety?  ',1500176),(680,40,'Scaffold Framework : Are there catch nets provided where necessary?  ',1500176),(681,40,'Scaffold Framework : Are all nuts and bolts tightened?  ',1500176),(682,40,'Scaffold Platform : Is the Planking in good condition?  ',1500176),(683,40,'Scaffold Platform : Is the planking securely fastened?  ',1500176),(684,40,'Scaffold Platform : are the toe-boards fitted?  ',1500176),(685,40,'Scaffold Platform : Are the guard rails fitted?  ',1500176),(686,40,'Scaffold Platform : Is there safe and convenient access?  ',1500227),(687,40,'Scaffold Platform : Is it free from superfluous material.  ',1500176),(688,40,'Scaffold Platform : Are there Warning signs displayed?  ',1500176),(689,41,'Are all staff aware of risks involved pertaining to their specific job function ?  ',222240),(690,41,'Are all staff aware of the cardinal rules applicable to them?  ',222240),(691,41,'Are regular safety discussions conducted?  ',222238),(692,41,'Are staff aware of the branch safety chairman ?  ',222240),(693,41,'Are procedures available to report unsafe conditions ?  ',222243),(694,41,'Are procedures available for emergency situations ?  ',222245),(695,41,'Are the minutes of all safety meetings made available to all staff ?  ',21282),(696,41,'Are staff made aware of the progress pertaining to there branch in terms of health and safety ?  ',222238),(697,41,'Are staff aware of the responsible person for safety ?  ',222240),(698,41,'Are procedures available for injured persons ?  ',222245),(699,41,'Are staff aware of the imporance of risk assessment ?  ',222247),(700,42,'Have company ID cards been issued to all relevant persons ?  ',222248),(701,42,'Are reaction officers in possession of PSIRA cards ?  ',222248),(702,42,'Do Reaction officers wear BP and Plates ?  ',222248),(703,42,'Are reaction officers in possesion of thumb cuffs / cuffs ?  ',222248),(704,42,'Are reaction officers in possesion of a working torch ?  ',222248),(705,42,'Are reaction officers in possession of pepper spray whereby the expiring date is correct and not empty ?  ',222248),(706,42,'Is a cable tie worn by the reaction officer ?  ',222248),(707,42,'Is the reaction officer in possession of a first aid kit ?  ',222248),(708,42,'Is the medical kit sealed ?  ',222248),(709,42,'Does the reaction officer wear a hand held radio ?  ',222248),(710,42,'Is the reaction officer wearing a company issued holster and rig ?  ',222248),(711,42,'Is the reaction officer in possesion of a spare magazine ?  ',222248),(712,42,'Is all ammunition colour coded ?  ',222248),(713,42,'Is the uniform of the Reaction officer considered to be neat and tidy?  ',222248),(714,42,'Is the reaction officer in possession of a valid firearm permit?  ',222248),(715,42,'Is the reaction officer in possession of a pocket book?  ',222248),(716,42,'Is the pocket book up to date ?  ',222248),(717,42,'Has the reaction officer completed the vehicle inspection list?  ',10101),(718,42,'Is the vehicle trip sheet up to date ?  ',222248),(719,42,'Is the reaction officer aware of location and testing procedures of panics ?  ',222248),(720,42,'Are all side cutters in a suitable and safe condition ?  ',10086),(721,42,'Are all screw drivers in a suitable and safe condition ?  ',10086),(722,42,'Are all long nose pliers in a suitable and safe condition ?  ',10086),(723,42,'Are all drills in a suitable and safe condition ?  ',10086),(724,42,'Are all soldering irons in a suitable and safe condition ?  ',10086),(725,42,'Are all drill bits in a suitable and safe condition ?  ',10086),(726,42,'Are all extension cords in a suitable and safe condition ?  ',10086),(727,42,'Are all head lights in a suitable and safe condition ?  ',10086),(728,42,'Are all spanners in a suitable and safe condition ?  ',10086),(729,42,'Are all hammers in a suitable and safe condition ?  ',10086),(730,42,'Are all safety glasses in a suitable and safe condition ?  ',10086),(731,42,'Are all harnesses in a suitable and safe condition ?  ',10086),(732,42,'Are all gloves in a suitable and safe condition ?  ',10086),(733,42,'Are all first aid kits in a suitable and safe condition ?  ',10116),(734,42,'Are all battery boxes in a suitable and safe condition ?  ',10086),(735,42,'Are all dust masks in a suitable and safe condition ?  ',10086),(736,42,'Are all crimping tools in a suitable and safe condition ?  ',10086),(737,42,'Are all cordless drills in a suitable and safe condition ?  ',10086),(738,42,'Are all ear protectors in a suitable and safe condition ?  ',10086),(739,42,'Are all fire extinguishers in a suitable and safe condition ?  ',10112),(740,42,'Are all glue and silicone containers in a suitable and safe condition ?  ',10086),(741,42,'Are all hard hats in a suitable and safe condition ?  ',10086),(742,42,'Are all multi meters in a suitable and safe condition ?  ',10086),(743,42,'Are all silicone guns in a suitable and safe condition ?  ',10086),(744,42,'Are all ladder brackets in a suitable and safe condition ?  ',10086),(745,42,'Are all pliers in a suitable and safe condition ?  ',10086),(746,42,'Are all stanley knives in a suitable and safe condition ?  ',10086),(747,42,'Are all water levelers in a suitable and safe condition ?  ',10086),(748,42,'Are all measuring tapes in a suitable and safe condition ?  ',10086),(749,42,'Are all ladders - short in a suitable and safe condition ?  ',10088),(750,42,'Are all ladders - long in a suitable and safe condition ?  ',10088),(751,42,'Are all ladders - fold up in a suitable and safe condition ?  ',10088),(752,42,'Are all ladders - extensions in a suitable and safe condition ?  ',10088),(753,42,'Are all cellular hands free kits in a suitable and safe condition ?  ',222248),(754,42,'Are all uniforms in a suitable and safe condition ?  ',222248),(755,42,'Are all safety shoes in a suitable and safe condition ?  ',222248),(756,43,'Has a person been appointed in order to ensure the safety of tools and equipment ?  ',10173),(757,43,'Have specific procedures been implemented in order to ensure that old batteries are handled in the correct manner ?  ',222248),(758,43,'Have specific procedures been implemented in order to ensure that empty glue containers are handled in the correct manner?  ',222248),(759,43,'Have demonstrations been conducted in order to ensure the safe use of all harnesses ?  ',222248),(760,43,'Is each member of staff aware of the cardinal rules applicable to their specific duty?  ',222238),(761,43,'Are all staff aware of the PPE required for there specific job function ?  ',10173),(762,43,'Have all the relevant MSDS been made available and are all staff aware of the MSDS ?  ',1740),(763,43,'Has a task analysis been conducted in order to identify all risks applicable to a certain job scope ?  ',222244),(764,43,'Is a risk assessment completed before commencing any duties at a client ?  ',222244),(765,44,'Are all drivers in possession of a valid drivers license ?  ',222248),(766,44,'Has a record been kept in order to ensure the renewals are validated ?  ',222248),(767,44,'Have tyres been inspected in order to ensure safety of the vehicle ?  ',222248),(768,44,'Are safety belts considered to be in a good safe working state ?  ',222248),(769,44,'Are seats considered to be in a good safe working state?  ',222248),(770,44,'Have the applicable dashboard signs been displayed ?  ',222248),(771,44,'Is there at least one first aid kit avaialble ?  ',10116),(772,44,'Is the fire extinguisher present , mounted and full ?  ',10112),(773,44,'Is there an emergency triangle available in the vehicle ?  ',222248),(774,44,'Are there ladder brackets available In the vehicle?  ',222248),(775,44,'Is the packing and stacking in the vehicle considered to be neat and safe ?  ',222248),(776,44,'Is the health and safety file available and kept up to date?  ',222248),(777,44,'Is the vehicle considered to be clean and tidy ?  ',222248),(778,45,'Did the appointed person do the inspection?  ',1358),(779,45,'Was a supervision of stacking done by a competent person?  ',1358),(780,45,'Is the base even and able to sustain weight exerted by stack?  ',1361),(781,45,'Are the articles consistently of the same size, shape and mass?  ',1363),(782,45,'Are the pallets and containers in a good condition?  ',1362),(783,45,'Are the support structures structurally sound?  ',1364),(784,45,'Are the articles removed from the topmost tier?  ',1366),(785,45,'Do they use a ladder when climbing on a stack etc.?  ',1367),(786,45,'Do the people engage in stacking operations  stay out of reach of machinery that may endanger their safety?  ',1368),(787,45,'Are the stacks out of danger  in case of a collapse?  ',1369),(788,45,NULL,1370),(789,45,'Are freestanding stacks of sacks, cases, cartons or similar containers secured and corners securely bonded and of regular shape?  ',1371),(790,45,'Is the approval authority and stack heights displayed?  ',1373),(791,45,'Are the stacks stable and/or not overhung.?  ',1374),(792,45,'Where stacks have stable, vertical sides, is the height not more than 3 times the smaller dimension of the underlying base?  ',1372),(793,45,'Was the approval obtained from inspector for building in excess of three times the smaller base dimension of stack?  ',1373),(794,45,'Is the operator of stacking machinery rendered safe from falling articles?  ',1375);

--
-- Table structure for table `questions_wizard_catagory`
--

CREATE TABLE `questions_wizard_catagory` (
  `questions_wizard_catagoryid` int(11) NOT NULL AUTO_INCREMENT,
  `description` mediumtext,
  PRIMARY KEY (`questions_wizard_catagoryid`)
) ENGINE=MyISAM AUTO_INCREMENT=46 DEFAULT CHARSET=latin1;

--
-- Dumping data for table `questions_wizard_catagory`
--

INSERT INTO `questions_wizard_catagory` VALUES (1,'Air Compressor Checklist'),(2,'Air Conditioner Register'),(3,'Builders Hoist  Register'),(4,'Checklist For Kitchens And Canteens'),(5,'Checklist for toilets and change-rooms'),(6,'Earth Leakage Register'),(7,'Electrical Equipment In Hazardous Locations Register'),(8,'Emergency Lighting Register'),(9,'Explosive Power Tool Register'),(10,'Firefighting Equipment'),(11,'First-Aid Box and Equipment'),(12,'Gas mask Register'),(13,'Gas Welding and Cutting Equipment'),(14,'Goods Hoist'),(15,'Hand Tools'),(16,'Hydraulic Jack Checklist'),(17,'Ladders (Fixed)'),(18,'Ladders(portable)'),(19,'Lifting Gear Register'),(20,'Lifting Machinery'),(21,'Lifting Tackle Register'),(22,'Lifting Tackle Register 1'),(23,'Lifting Tackle Register 2'),(24,'Load test'),(25,'Nedbank ATM Machine Area'),(26,'Nedbank Back Office'),(27,'Nedbank Back Office Store Room'),(28,'Nedbank Banking Hall'),(29,'Nedbank Banking Hall Booths and Offices'),(30,'Nedbank Non Retail Branches Checklist'),(31,'Nedbank Operations Manual Checklist'),(32,'Nedbank Teller Area'),(33,'Nedbank Toilets'),(34,'Nedbank Treasury Area'),(35,'Operations Manual Checklist'),(36,'Portable Electric Equipment'),(37,'Refrigeration Installation'),(38,'Safety Harness Belt register'),(39,'Safety Health and Environment'),(40,'Scaffold Register'),(41,'Security Admin checklist'),(42,'Security Reaction officers checklist'),(43,'Security Technical checklist'),(44,'Security Vehicle checklist'),(45,'Stacking Checklist');

--
-- Table structure for table `quotations`
--

CREATE TABLE `quotations` (
  `quotationsid` int(11) NOT NULL AUTO_INCREMENT,
  `clientsid` int(11) DEFAULT NULL,
  `contact_personid` int(11) DEFAULT NULL,
  `date` date DEFAULT NULL,
  `modified` datetime DEFAULT NULL,
  `usersid` int(11) DEFAULT NULL,
  `note` mediumtext,
  `vat_settingsid` int(11) DEFAULT NULL,
  `order_number` varchar(30) DEFAULT NULL,
  `costing_calcid` int(11) DEFAULT NULL,
  `new_order_requestsid` int(11) DEFAULT NULL,
  `go_ahead` smallint(1) DEFAULT NULL,
  `go_ahead_date` date DEFAULT NULL,
  `go_ahead_time` time DEFAULT NULL,
  `file1` mediumblob,
  `customer_order_no` varchar(50) DEFAULT NULL,
  `picked` tinyint(1) DEFAULT NULL,
  `default_curr_symid` int(11) DEFAULT NULL,
  `exchange_rate` float DEFAULT NULL,
  `termsid` int(11) DEFAULT NULL,
  `quotations_amount_excl_vat` decimal(11,2) DEFAULT NULL,
  `processed_transaction` tinyint(1) DEFAULT NULL,
  PRIMARY KEY (`quotationsid`)
) ENGINE=MyISAM AUTO_INCREMENT=6 DEFAULT CHARSET=latin1;

--
-- Dumping data for table `quotations`
--


--
-- Table structure for table `quotations_lines`
--

CREATE TABLE `quotations_lines` (
  `quotations_linesid` int(11) NOT NULL AUTO_INCREMENT,
  `quotationsid` int(11) DEFAULT NULL,
  `stock_itemsid` int(11) DEFAULT NULL,
  `supplier_item_code` varchar(12) DEFAULT NULL,
  `item_code` varchar(12) DEFAULT NULL,
  `name` varchar(25) DEFAULT NULL,
  `description` tinytext,
  `qty` float DEFAULT NULL,
  `cost_price_excluding_vat` decimal(11,4) DEFAULT NULL,
  `selling_price_including_vat` decimal(11,4) DEFAULT NULL,
  `selling_price_excluding_vat` decimal(11,4) DEFAULT NULL,
  `unit_typeid` int(11) DEFAULT NULL,
  `supplier_ordered_qty` int(11) DEFAULT NULL,
  `ordered` tinyint(1) DEFAULT NULL,
  `eta` date DEFAULT NULL,
  `added` tinyint(1) DEFAULT NULL,
  `account_noid` int(11) DEFAULT NULL,
  `qchecked` tinyint(4) DEFAULT '0',
  `dispatched` tinyint(4) DEFAULT '0',
  `dispatched_date_time` datetime DEFAULT NULL,
  PRIMARY KEY (`quotations_linesid`)
) ENGINE=MyISAM AUTO_INCREMENT=5 DEFAULT CHARSET=latin1;

--
-- Dumping data for table `quotations_lines`
--


--
-- Table structure for table `reconcile_report`
--

CREATE TABLE `reconcile_report` (
  `reconcile_reportid` int(11) NOT NULL AUTO_INCREMENT,
  `statement_date` date DEFAULT NULL,
  `starting_balance` decimal(11,2) DEFAULT NULL,
  `ending_balance` decimal(11,2) DEFAULT NULL,
  `account_noid` int(11) DEFAULT NULL,
  `saved` tinyint(1) DEFAULT '0',
  PRIMARY KEY (`reconcile_reportid`)
) ENGINE=MyISAM AUTO_INCREMENT=168 DEFAULT CHARSET=latin1;

--
-- Dumping data for table `reconcile_report`
--

INSERT INTO `reconcile_report` VALUES (31,'2010-03-31',42193.62,9271.14,2,1),(32,'2010-07-13',42193.62,9271.13,2,0),(33,'2010-04-30',9271.14,53198.41,2,1),(34,'2010-05-31',53198.41,64826.86,2,1),(35,'2010-06-30',64826.86,37118.11,2,1),(36,'2010-07-31',37118.11,76719.15,2,1),(37,'2010-08-31',76719.15,81397.60,2,1),(38,'2010-09-30',81397.60,103161.69,2,1),(39,'2010-10-31',103161.69,37406.59,2,1),(40,'2010-11-30',37406.59,24290.21,2,1),(41,'2010-12-31',24290.21,61038.71,2,1),(42,'2011-01-31',61038.71,161867.49,2,1),(43,'2011-02-28',161867.49,47606.88,2,1),(44,'2011-03-31',47606.88,26319.47,2,1),(45,'2011-04-30',26319.47,15635.27,2,1),(46,'2011-05-31',15635.27,77728.04,2,1),(47,'2011-06-30',77728.04,10.00,2,0),(48,'2011-06-30',77728.04,78172.60,2,1),(49,'2011-07-31',78172.60,74093.92,2,1),(50,'2011-08-31',74093.92,102513.17,2,0),(51,'2011-08-31',74093.92,104546.50,2,1),(52,'2011-09-30',104546.50,153700.87,2,1),(53,'2011-10-31',153700.87,112813.59,2,1),(54,'2011-11-30',112813.59,53404.88,2,1),(55,'2011-12-31',0.00,10425.45,171,1),(56,'2011-12-31',53404.88,31065.22,2,1),(57,'2012-01-31',31065.22,133577.18,2,1),(58,'2012-02-29',133577.18,58069.15,2,1),(59,'2012-03-31',58069.15,62000.00,2,0),(60,'2012-03-31',58069.15,20089.34,2,1),(61,'2012-05-14',20089.34,23680.36,2,0),(62,'2012-04-30',20089.34,23680.35,2,1),(63,'2012-05-31',23680.35,109510.36,2,1),(64,'2012-06-30',109510.36,100.00,2,0),(65,'2012-06-20',109510.36,100.00,2,0),(66,'2012-06-30',10525.56,25612.36,171,1),(67,'2012-06-30',109510.36,31959.71,2,1),(68,'2012-03-31',10425.45,10525.56,171,1),(69,'2012-07-31',31959.71,23443.18,2,1),(70,'2012-08-31',23443.18,79869.61,2,1),(71,'2012-09-30',79869.61,78199.17,2,1),(72,'2012-09-30',10525.56,35820.40,171,1),(73,'2012-10-31',78199.17,17529.33,2,1),(74,'2012-11-30',17529.33,84658.43,2,1),(75,'2012-12-31',35820.40,10095.59,171,1),(76,'2012-12-31',84658.43,44991.00,2,1),(77,'2013-01-31',44991.00,109647.72,2,1),(78,'2013-02-28',109647.72,123792.27,2,1),(79,'2013-03-31',123792.27,86064.98,2,1),(80,'2013-04-30',86064.98,72178.84,2,1),(81,'2013-05-31',72178.84,96840.04,2,1),(82,'2013-03-31',10095.59,15247.21,171,1),(83,'2013-06-30',96840.04,44741.04,2,1),(84,'2013-06-30',15247.21,30352.31,171,1),(85,'2013-07-31',44741.04,63419.40,2,1),(86,'2013-08-31',63419.40,74103.76,2,1),(90,'2013-09-30',74103.76,77267.15,2,1),(91,'2013-09-30',30352.31,25552.01,171,1),(92,'2013-10-31',77267.15,28968.40,2,1),(93,'2013-11-30',28968.40,38752.81,2,1),(94,'2013-12-31',38752.81,50140.08,2,1),(95,'2013-12-20',25552.01,40754.97,171,1),(96,'2014-01-31',50140.08,259170.56,2,1),(97,'2014-02-28',259170.56,227742.54,2,1),(98,'2014-03-31',227742.54,151987.98,2,1),(99,'2014-04-30',151987.98,67775.66,2,1),(100,'2014-03-31',40754.97,16022.46,171,1),(101,'2014-05-31',67775.66,104451.64,2,1),(102,'2014-06-30',104451.64,140413.01,2,1),(103,'2014-06-30',16022.46,31144.82,171,1),(104,'2014-07-31',140413.01,158977.86,2,1),(105,'2014-08-31',158977.86,203417.84,2,1),(106,'2014-09-01',203417.84,52463.46,2,0),(107,'2014-09-30',31144.82,55472.37,171,1),(108,'2014-09-30',203417.84,196251.58,2,1),(109,'2014-10-31',196251.58,126238.86,2,1),(110,'2014-11-30',126238.86,155724.42,2,1),(111,'2014-12-31',55472.37,70033.90,171,1),(112,'2014-12-31',155724.42,170071.43,2,1),(113,'2015-01-31',170071.43,338004.47,2,1),(114,'2015-02-28',338004.47,244769.14,2,1),(115,'2015-03-31',244769.14,256849.44,2,1),(116,'2015-04-30',256849.44,224778.08,2,1),(117,'2012-04-30',256849.44,224778.08,2,0),(118,'2015-05-31',224778.08,282755.56,2,1),(119,'2015-03-31',70033.90,98723.35,171,1),(120,'2015-06-30',98723.35,135820.65,171,1),(121,'2015-06-30',282755.56,364907.15,2,1),(122,'2015-07-31',364907.15,368238.55,2,1),(123,'2015-09-30',135820.65,173406.03,171,1),(124,'2015-08-31',368238.55,337174.79,2,1),(125,'2015-09-30',337174.79,439266.86,2,1),(126,'2015-10-31',439266.86,278800.77,2,1),(127,'2015-11-30',278800.77,170171.69,2,1),(128,'2015-12-31',173406.03,211452.66,171,1),(129,'2015-12-31',170171.69,143498.15,2,1),(130,'2016-01-31',143498.15,298470.27,2,1),(131,'2016-02-29',298470.27,163671.11,2,1),(132,'2016-03-31',163671.11,116935.06,2,1),(133,'2016-02-29',211452.66,217152.60,171,0),(134,'2016-02-29',211452.66,217162.60,171,1),(135,'2016-04-13',211452.66,0.00,171,0),(136,'2016-03-31',217162.60,210044.41,171,1),(137,'2016-04-30',116935.06,214950.25,2,1),(138,'2016-05-31',214950.25,104578.61,2,1),(139,'2016-06-30',104578.61,223020.88,2,1),(140,'2016-07-31',223020.88,367196.30,2,1),(141,'2016-08-31',367196.30,347554.70,2,1),(142,'2016-09-30',347554.70,296539.09,2,1),(143,'2016-09-13',347554.70,355766.23,2,0),(144,'2016-09-16',347554.70,353880.78,2,0),(145,'2016-06-30',210044.41,229020.91,171,1),(146,'2016-09-30',229020.91,243120.55,171,1),(147,'2016-10-13',243120.55,243150.00,171,0),(148,'2016-10-31',296539.09,172664.75,2,1),(149,'2016-11-30',172664.75,226636.26,2,1),(150,'2016-12-31',226636.26,213737.87,2,1),(151,'2016-12-31',243120.55,267535.48,171,1),(152,'2017-02-14',267535.48,100.00,171,0),(153,'2017-01-31',213737.87,391077.10,2,1),(154,'2017-02-28',391077.10,537970.86,2,1),(155,'2017-03-31',537970.86,349682.76,2,1),(156,'2017-02-28',267535.48,294034.13,171,1),(157,'2017-03-31',294034.13,307245.06,171,1),(158,'2017-04-30',349682.76,159057.78,2,1),(159,'2017-05-31',159057.78,243169.41,2,1),(160,'2017-06-30',243169.41,174926.70,2,1),(161,'2017-07-31',174926.70,95263.37,2,1),(162,'2017-06-30',307245.06,332468.06,171,1),(163,'2017-08-31',95263.37,33372.63,2,1),(164,'2017-09-30',33372.63,85439.85,2,1),(165,'2017-09-30',332468.06,310868.21,171,1),(166,'2017-10-31',85439.85,196828.79,2,1),(167,'2017-11-30',196828.79,221876.34,2,1);

--
-- Table structure for table `rep_users`
--

CREATE TABLE `rep_users` (
  `rep_usersid` int(11) NOT NULL AUTO_INCREMENT,
  `full_name` varchar(50) DEFAULT NULL,
  PRIMARY KEY (`rep_usersid`)
) ENGINE=MyISAM AUTO_INCREMENT=4 DEFAULT CHARSET=latin1;

--
-- Dumping data for table `rep_users`
--

INSERT INTO `rep_users` VALUES (1,'Bob Smith'),(2,'Peter Brown'),(3,'Bruce Branson');

--
-- Table structure for table `sales_order`
--

CREATE TABLE `sales_order` (
  `sales_orderid` int(11) NOT NULL AUTO_INCREMENT,
  `clientsid` int(11) DEFAULT NULL,
  `contact_personid` int(11) DEFAULT NULL,
  `date` date DEFAULT NULL,
  `modified` datetime DEFAULT NULL,
  `usersid` int(11) DEFAULT NULL,
  `note` tinytext,
  `ordered_supplier` tinyint(1) DEFAULT NULL,
  `vat_settingsid` int(11) DEFAULT NULL,
  `order_number` varchar(30) DEFAULT NULL,
  `new_order_requestsid` int(11) DEFAULT NULL,
  `customer_order_no` varchar(30) DEFAULT NULL,
  `picked` tinyint(4) DEFAULT NULL,
  `default_curr_symid` int(11) DEFAULT NULL,
  `exchange_rate` float DEFAULT NULL,
  `quotationsid` int(11) DEFAULT NULL,
  `costing_calcid` int(11) DEFAULT NULL,
  `order_complete_closed` smallint(1) DEFAULT '0',
  `stock_itemsid` int(11) DEFAULT NULL,
  `termsid` int(11) DEFAULT NULL,
  `sales_order_amount_excl_vat` decimal(11,2) DEFAULT NULL,
  `processed_transaction` tinyint(1) DEFAULT NULL,
  PRIMARY KEY (`sales_orderid`)
) ENGINE=MyISAM AUTO_INCREMENT=9 DEFAULT CHARSET=latin1;

--
-- Dumping data for table `sales_order`
--

INSERT INTO `sales_order` VALUES (6,3,NULL,'2010-02-01',NULL,41,'',NULL,1,'',NULL,NULL,NULL,NULL,NULL,NULL,NULL,0,NULL,2,11500.00,0),(8,40,NULL,'2010-03-01',NULL,898,'',NULL,3,'',NULL,NULL,NULL,NULL,NULL,NULL,NULL,0,NULL,4,0.00,NULL);

--
-- Table structure for table `sales_order_lines`
--

CREATE TABLE `sales_order_lines` (
  `sales_order_linesid` int(11) NOT NULL AUTO_INCREMENT,
  `sales_orderid` int(11) DEFAULT NULL,
  `stock_itemsid` int(11) DEFAULT NULL,
  `supplier_item_code` varchar(12) DEFAULT NULL,
  `item_code` varchar(12) DEFAULT NULL,
  `name` varchar(25) DEFAULT NULL,
  `description` tinytext,
  `qty` float DEFAULT NULL,
  `cost_price_excluding_vat` decimal(11,4) DEFAULT NULL,
  `selling_price_including_vat` decimal(11,4) DEFAULT NULL,
  `selling_price_excluding_vat` decimal(11,4) DEFAULT NULL,
  `unit_typeid` int(11) DEFAULT NULL,
  `supplier_ordered_qty` int(11) DEFAULT NULL,
  `ordered` tinyint(1) DEFAULT '0',
  `eta` date DEFAULT NULL,
  `added` tinyint(1) DEFAULT NULL,
  `account_noid` int(11) DEFAULT NULL,
  `qchecked` tinyint(4) DEFAULT '0',
  `dispatched` tinyint(4) DEFAULT '0',
  `dispatched_date_time` datetime DEFAULT NULL,
  PRIMARY KEY (`sales_order_linesid`)
) ENGINE=MyISAM AUTO_INCREMENT=22 DEFAULT CHARSET=latin1;

--
-- Dumping data for table `sales_order_lines`
--

INSERT INTO `sales_order_lines` VALUES (1,1,16,NULL,'ADVLabour',NULL,'Advanced Labour',1,NULL,NULL,240.0000,2,NULL,0,NULL,NULL,73,0,0,NULL),(2,2,15,'','TRDSLabDemo','','Trade Labour',4,0.0000,0.0000,96.0000,2,0,0,'0000-00-00',0,73,0,0,'0000-00-00 00:00:00'),(3,2,8,'','INTComDemo','','An internal Component not sold separately but manufactured for Final Product',1,0.0000,0.0000,58400.0000,1,0,0,'0000-00-00',0,88,0,0,'0000-00-00 00:00:00'),(5,3,16,NULL,'ADVLabour',NULL,'Advanced Labour Website',6,NULL,NULL,240.0000,2,NULL,0,NULL,NULL,73,0,0,NULL),(16,4,0,NULL,'test',NULL,'test',1,NULL,NULL,1.0000,1,NULL,0,NULL,NULL,1,0,0,NULL),(17,4,15,NULL,'TRDSLabDemo',NULL,'Trade Labour',1,NULL,NULL,96.0000,2,NULL,0,NULL,NULL,73,0,0,NULL),(18,5,0,'','test','','test test ',2,0.0000,0.0000,100.0000,1,0,0,'0000-00-00',0,1,0,0,'0000-00-00 00:00:00'),(19,5,16,'','ADVLabour','','Advanced Labour',1,0.0000,0.0000,240.0000,2,0,0,'0000-00-00',0,73,0,0,'0000-00-00 00:00:00'),(20,5,16,'','ADVLabour','','Advanced Labour2',10,0.0000,0.0000,240.0000,2,0,0,'0000-00-00',0,73,0,0,'0000-00-00 00:00:00'),(21,6,1,NULL,'TestSt',NULL,'test',1,NULL,NULL,11500.0000,1,NULL,0,NULL,NULL,1,0,0,NULL);

--
-- Table structure for table `serial_cert`
--

CREATE TABLE `serial_cert` (
  `serial_certid` int(11) NOT NULL AUTO_INCREMENT,
  `stock_itemsid` int(11) DEFAULT NULL,
  `costing_calcid` int(11) DEFAULT NULL,
  `date` date DEFAULT NULL,
  `serial_number` varchar(20) DEFAULT NULL,
  `usersid` int(11) DEFAULT NULL,
  PRIMARY KEY (`serial_certid`)
) ENGINE=MyISAM AUTO_INCREMENT=69 DEFAULT CHARSET=latin1;

--
-- Dumping data for table `serial_cert`
--


--
-- Table structure for table `serial_number`
--

CREATE TABLE `serial_number` (
  `serial_numberid` int(11) NOT NULL AUTO_INCREMENT,
  `number` int(11) DEFAULT NULL,
  PRIMARY KEY (`serial_numberid`)
) ENGINE=MyISAM AUTO_INCREMENT=2 DEFAULT CHARSET=latin1;

--
-- Dumping data for table `serial_number`
--


--
-- Table structure for table `service_plan`
--

CREATE TABLE `service_plan` (
  `service_planid` int(11) NOT NULL AUTO_INCREMENT,
  `description` varchar(40) DEFAULT NULL,
  PRIMARY KEY (`service_planid`)
) ENGINE=MyISAM AUTO_INCREMENT=5 DEFAULT CHARSET=latin1;

--
-- Dumping data for table `service_plan`
--

INSERT INTO `service_plan` VALUES (1,'Option 1'),(2,'Option 2'),(3,'Option 3'),(4,'Option 4');

--
-- Table structure for table `shift_cat`
--

CREATE TABLE `shift_cat` (
  `shift_catid` int(11) NOT NULL AUTO_INCREMENT,
  `description` varchar(50) DEFAULT NULL,
  PRIMARY KEY (`shift_catid`)
) ENGINE=MyISAM AUTO_INCREMENT=4 DEFAULT CHARSET=latin1;

--
-- Dumping data for table `shift_cat`
--

INSERT INTO `shift_cat` VALUES (1,'Day'),(2,'Night');

--
-- Table structure for table `shift_details`
--

CREATE TABLE `shift_details` (
  `shift_detailsid` int(11) NOT NULL AUTO_INCREMENT,
  `shift_catid` int(11) DEFAULT NULL,
  `description` varchar(60) DEFAULT NULL,
  `start_time` time DEFAULT NULL,
  `end_time` time DEFAULT NULL,
  `mon` tinyint(1) DEFAULT NULL,
  `tue` tinyint(1) DEFAULT NULL,
  `wed` tinyint(1) DEFAULT NULL,
  `thu` tinyint(1) DEFAULT NULL,
  `fri` tinyint(1) DEFAULT NULL,
  `sat` tinyint(1) DEFAULT NULL,
  `sun` tinyint(1) DEFAULT NULL,
  `special_date` date DEFAULT NULL,
  `default_label` tinyint(1) DEFAULT NULL,
  PRIMARY KEY (`shift_detailsid`)
) ENGINE=MyISAM AUTO_INCREMENT=12 DEFAULT CHARSET=latin1;

--
-- Dumping data for table `shift_details`
--

INSERT INTO `shift_details` VALUES (1,1,'Normal Day to day','08:00:00','16:30:00',1,1,1,1,0,0,0,'0000-00-00',0),(6,2,'OverTime Normal Day to day','16:30:00','23:59:00',1,1,1,1,0,0,0,'0000-00-00',0),(7,1,'Friday Standard Time','08:00:00','12:30:00',0,0,0,0,1,0,0,'0000-00-00',0),(8,2,'Friday Overtime','12:30:00','23:59:00',0,0,0,0,1,0,0,'0000-00-00',0),(9,2,'Saterday Over Time','00:00:00','23:59:00',0,0,0,0,0,1,0,'0000-00-00',0),(10,3,'Sunday Double Pay','00:00:00','23:59:00',0,0,0,0,0,0,1,'0000-00-00',0),(11,2,'NightShift Every Day','00:00:00','08:00:00',1,1,1,1,1,0,0,'0000-00-00',0);

--
-- Table structure for table `staff_log_in`
--

CREATE TABLE `staff_log_in` (
  `staff_log_inid` int(11) NOT NULL AUTO_INCREMENT,
  `usersid` int(11) DEFAULT NULL,
  `file1` mediumblob,
  `datetime` datetime DEFAULT NULL,
  `start_shift` tinyint(1) DEFAULT NULL,
  `end_shift` tinyint(1) DEFAULT NULL,
  `shift_catid` int(11) DEFAULT NULL,
  PRIMARY KEY (`staff_log_inid`)
) ENGINE=MyISAM DEFAULT CHARSET=latin1;

--
-- Dumping data for table `staff_log_in`
--


--
-- Table structure for table `stock_items`
--

CREATE TABLE `stock_items` (
  `stock_itemsid` int(11) NOT NULL AUTO_INCREMENT,
  `name` varchar(80) DEFAULT NULL,
  `description` mediumtext,
  `unit_typeid` int(11) NOT NULL DEFAULT '0',
  `cost_price_excluding_vat` decimal(11,2) DEFAULT '0.00',
  `selling_price_excluding_vat` decimal(11,2) DEFAULT '0.00',
  `image` mediumblob,
  `item_catagoryid` int(11) DEFAULT NULL,
  `item_sub_catagoryid` int(11) DEFAULT NULL,
  `item_code` varchar(30) DEFAULT NULL,
  `supplierid` int(11) DEFAULT NULL,
  `weight` decimal(11,2) DEFAULT '0.00',
  `height` decimal(11,2) DEFAULT '0.00',
  `width` decimal(11,2) DEFAULT '0.00',
  `length` decimal(11,2) DEFAULT '0.00',
  `stock_limit` decimal(11,2) DEFAULT '0.00',
  `weight_per_unit` decimal(11,2) DEFAULT NULL,
  `other_info` mediumtext,
  `usersid` int(11) DEFAULT NULL,
  `last_updated` datetime DEFAULT NULL,
  `dimensions` tinyint(1) DEFAULT NULL,
  `account_noid` int(11) DEFAULT NULL,
  `date` date DEFAULT NULL,
  `time` time DEFAULT NULL,
  `supplier_item_code` varchar(30) DEFAULT NULL,
  `bar_code_number` varchar(30) DEFAULT NULL,
  `quantity` decimal(11,3) DEFAULT NULL,
  `markup` decimal(11,0) DEFAULT NULL,
  `stock_unit_value` decimal(11,2) DEFAULT NULL,
  `stockunit_typeid` int(11) DEFAULT NULL,
  `store_number` varchar(5) DEFAULT NULL,
  `shelf` varchar(5) DEFAULT NULL,
  `bin` varchar(5) DEFAULT NULL,
  `low_stock_warning` decimal(11,2) DEFAULT NULL,
  `supplierb_item_code` varchar(30) DEFAULT NULL,
  `supplierc_item_code` varchar(30) DEFAULT NULL,
  `supplierd_item_code` varchar(30) DEFAULT NULL,
  `supplierbid` int(11) DEFAULT NULL,
  `suppliercid` int(11) DEFAULT NULL,
  `supplierdid` int(11) DEFAULT NULL,
  `serial_no_prefex` varchar(11) DEFAULT NULL,
  `last_serial_no_used` int(11) DEFAULT '0',
  `unit_cost_price` decimal(11,2) DEFAULT NULL,
  `inventory_valuationid` int(11) DEFAULT NULL,
  `stored_item` smallint(1) DEFAULT '0',
  `manufactured_item` smallint(1) DEFAULT NULL,
  PRIMARY KEY (`stock_itemsid`)
) ENGINE=InnoDB AUTO_INCREMENT=43 DEFAULT CHARSET=latin1 COMMENT='InnoDB free: 4096 kB; InnoDB free: 4096 kB; InnoDB free: 409';

--
-- Dumping data for table `stock_items`
--

INSERT INTO `stock_items` VALUES (15,NULL,'Apple Tree Seminar',1,0.00,2450.00,NULL,1,2,'ATS',2,0.00,0.00,0.00,0.00,0.00,NULL,'',897,'2010-03-02 17:04:50',NULL,1,NULL,NULL,'',NULL,1.000,0,1.00,0,'','','',0.00,NULL,NULL,NULL,NULL,NULL,NULL,'',0,0.00,0,1,0),(16,NULL,'Coach 101 Seminar',1,0.00,2450.00,NULL,1,2,'C101',2,0.00,0.00,0.00,0.00,0.00,NULL,'',897,'2010-03-02 17:07:37',NULL,1,NULL,NULL,'',NULL,1.000,0,1.00,0,'','','',0.00,NULL,NULL,NULL,NULL,NULL,NULL,'',0,0.00,0,1,0),(17,NULL,'Coach 3 months - Full payment',1,0.00,8050.00,NULL,1,6,'ILSFP',2,0.00,0.00,0.00,0.00,0.00,NULL,'',897,'2010-03-02 17:56:53',NULL,1,NULL,NULL,'',NULL,1.000,0,1.00,0,'','','',0.00,NULL,NULL,NULL,NULL,NULL,NULL,'',0,0.00,0,1,0),(18,NULL,'Coach 3 months - Registration fees',1,0.00,1000.00,NULL,1,6,'ILSRF',2,0.00,0.00,0.00,0.00,0.00,NULL,'',897,'2010-03-02 17:14:38',NULL,1,NULL,NULL,'',NULL,1.000,0,1.00,0,'','','',0.00,NULL,NULL,NULL,NULL,NULL,NULL,'',0,0.00,0,1,0),(19,NULL,'Coach 3 months - Repayment over three months',1,0.00,2683.33,NULL,1,6,'ILSRP',2,0.00,0.00,0.00,0.00,0.00,NULL,'',897,'2010-03-02 17:15:01',NULL,1,NULL,NULL,'',NULL,1.000,0,1.00,0,'','','',0.00,NULL,NULL,NULL,NULL,NULL,NULL,'',0,0.00,0,1,0),(20,NULL,'Coach Assessments',1,0.00,2100.00,NULL,1,8,'ILSCA',2,0.00,0.00,0.00,0.00,0.00,NULL,'',897,'2010-03-02 17:50:03',NULL,1,NULL,NULL,'',NULL,1.000,0,1.00,0,'','','',0.00,NULL,NULL,NULL,NULL,NULL,NULL,'',0,0.00,0,1,0),(21,NULL,'Distance Coach - Full payment',1,0.00,16900.00,NULL,2,6,'ILSFPD',2,0.00,0.00,0.00,0.00,0.00,NULL,'',897,'2010-03-02 17:54:05',NULL,1,NULL,NULL,'',NULL,1.000,0,1.00,0,'','','',0.00,NULL,NULL,NULL,NULL,NULL,NULL,'',0,0.00,0,1,0),(22,NULL,'Distance Coach - Repayment over four months',1,0.00,4475.00,NULL,2,6,'ILSRPD',2,0.00,0.00,0.00,0.00,0.00,NULL,'',897,'2010-03-02 17:53:47',NULL,1,NULL,NULL,'',NULL,1.000,0,1.00,0,'','','',0.00,NULL,NULL,NULL,NULL,NULL,NULL,'',0,0.00,0,1,0),(23,NULL,'Mastery 6 months - Full payment',1,0.00,6500.00,NULL,1,6,'ILSFPM',2,0.00,0.00,0.00,0.00,0.00,NULL,'',897,'2010-03-02 17:59:49',NULL,1,NULL,NULL,'',NULL,1.000,0,1.00,0,'','','',0.00,NULL,NULL,NULL,NULL,NULL,NULL,'',0,0.00,0,1,0),(24,NULL,'Mastery 6 months - Registration fees',1,0.00,1500.00,NULL,1,6,'ILSRFM',2,0.00,0.00,0.00,0.00,0.00,NULL,'',897,'2010-03-02 17:57:29',NULL,1,NULL,NULL,'',NULL,1.000,0,1.00,0,'','','',0.00,NULL,NULL,NULL,NULL,NULL,NULL,'',0,0.00,0,1,0),(25,NULL,'Mastery 6 months - Repayment over six months',1,0.00,950.00,NULL,1,6,'ILSRPM',2,0.00,0.00,0.00,0.00,0.00,NULL,'',897,'2010-03-02 18:00:40',NULL,1,NULL,NULL,'',NULL,1.000,0,1.00,0,'','','',0.00,NULL,NULL,NULL,NULL,NULL,NULL,'',0,0.00,0,1,0),(26,NULL,'Mastery Assessments',1,0.00,3300.00,NULL,1,8,'ILSMA',2,0.00,0.00,0.00,0.00,0.00,NULL,'',41,'2013-07-03 23:34:50',NULL,1,NULL,NULL,'',NULL,1.000,0,1.00,0,'','','',0.00,NULL,NULL,NULL,NULL,NULL,NULL,'',0,0.00,0,0,0),(27,NULL,'Mastery 6 months Weekend Seminar - Full Payment',1,0.00,6500.00,NULL,1,2,'ILSFPW',2,0.00,0.00,0.00,0.00,0.00,NULL,'',897,'2010-03-02 19:40:47',NULL,1,NULL,NULL,'',NULL,1.000,0,1.00,0,'','','',0.00,NULL,NULL,NULL,NULL,NULL,NULL,'',0,0.00,0,1,0),(28,NULL,'Mastery Single Weekend Seminar - Single Payment',1,0.00,1200.00,NULL,1,2,'ILSWS',2,0.00,0.00,0.00,0.00,0.00,NULL,'',897,'2010-03-02 19:43:00',NULL,1,NULL,NULL,'',NULL,1.000,0,1.00,0,'','','',0.00,NULL,NULL,NULL,NULL,NULL,NULL,'',0,0.00,0,1,0),(29,NULL,'Mastery Single Lecture Weekly - Single payment',1,0.00,350.00,NULL,1,6,'ILSS',2,0.00,0.00,0.00,0.00,0.00,NULL,'',897,'2010-03-02 19:44:23',NULL,1,NULL,NULL,'',NULL,1.000,0,1.00,0,'','','',0.00,NULL,NULL,NULL,NULL,NULL,NULL,'',0,0.00,0,1,0),(30,NULL,'Professional Coach',1,0.00,22365.00,NULL,1,6,'ILSPC',2,0.00,0.00,0.00,0.00,0.00,NULL,'',897,'2010-03-02 19:45:52',NULL,1,NULL,NULL,'',NULL,1.000,0,1.00,0,'','','',0.00,NULL,NULL,NULL,NULL,NULL,NULL,'',0,0.00,0,1,0),(31,NULL,'Book 1 - My Life as an Apple Tree',1,0.00,160.00,NULL,6,7,'BK1',2,0.00,0.00,0.00,0.00,0.00,NULL,'',897,'2010-03-02 19:47:04',NULL,1,NULL,NULL,'',NULL,1.000,0,1.00,0,'','','',0.00,NULL,NULL,NULL,NULL,NULL,NULL,'',0,0.00,0,1,0),(32,NULL,'Book 2 - Teachings from The Apple Tree',1,0.00,160.00,NULL,6,7,'BK2',2,0.00,0.00,0.00,0.00,0.00,NULL,'',897,'2010-03-02 19:48:17',NULL,1,NULL,NULL,'',NULL,1.000,0,1.00,0,'','','',0.00,NULL,NULL,NULL,NULL,NULL,NULL,'',0,0.00,0,1,0),(33,NULL,'Book 1 & 2 Package: My Life as an Apple Tree & Teachings from The Apple Tree',1,0.00,300.00,NULL,6,7,'BK12',2,0.00,0.00,0.00,0.00,0.00,NULL,'',897,'2010-03-02 19:49:24',NULL,1,NULL,NULL,'',NULL,1.000,0,1.00,0,'','','',0.00,NULL,NULL,NULL,NULL,NULL,NULL,'',0,0.00,0,1,0),(34,NULL,'Colleen Coaching Consults - First session',1,0.00,650.00,NULL,5,1,'CC1',2,0.00,0.00,0.00,0.00,0.00,NULL,'',897,'2010-03-02 19:50:57',NULL,1,NULL,NULL,'',NULL,1.000,0,1.00,0,'','','',0.00,NULL,NULL,NULL,NULL,NULL,NULL,'',0,0.00,0,1,0),(35,NULL,'Colleen Coaching Consults - Standard session',1,0.00,600.00,NULL,5,1,'CCS',2,0.00,0.00,0.00,0.00,0.00,NULL,'',897,'2010-03-02 19:52:00',NULL,1,NULL,NULL,'',NULL,1.000,0,1.00,0,'','','',0.00,NULL,NULL,NULL,NULL,NULL,NULL,'',0,0.00,0,1,0),(36,NULL,'ILS Trainer Programme',1,0.00,0.00,NULL,1,1,'ILSTR',2,0.00,0.00,0.00,0.00,0.00,NULL,'',898,'2010-07-30 14:37:59',NULL,1,NULL,NULL,'',NULL,1.000,0,1.00,0,'','','',0.00,NULL,NULL,NULL,NULL,NULL,NULL,'',0,0.00,0,1,0),(37,NULL,'ILS Trainer Monthly ',1,0.00,0.00,NULL,1,1,'ILSTRM',2,0.00,0.00,0.00,0.00,0.00,NULL,'',898,'2010-07-30 14:40:43',NULL,1,NULL,NULL,'',NULL,1.000,0,1.00,0,'','','',0.00,NULL,NULL,NULL,NULL,NULL,NULL,'',0,0.00,0,1,0),(38,NULL,'ILS Trainer Licence Fees',1,0.00,0.00,NULL,1,1,'ILSLIC',2,0.00,0.00,0.00,0.00,0.00,NULL,'',898,'2010-07-30 14:42:58',NULL,1,NULL,NULL,'',NULL,1.000,0,1.00,0,'','','',0.00,NULL,NULL,NULL,NULL,NULL,NULL,'',0,0.00,0,1,0),(39,NULL,'Royalty Fees',1,0.00,0.00,NULL,1,1,'ILSRF',2,0.00,0.00,0.00,0.00,0.00,NULL,'',898,'2011-03-31 13:33:30',NULL,1,NULL,NULL,'',NULL,1.000,0,1.00,0,'','','',0.00,NULL,NULL,NULL,NULL,NULL,NULL,'',0,0.00,0,1,0),(40,NULL,'Marketing Fees',1,9.50,0.00,NULL,1,1,'ILSMF',0,0.00,0.00,0.00,0.00,0.00,NULL,'',898,'2011-03-31 13:36:11',NULL,1,NULL,NULL,'',NULL,1.000,0,1.00,0,'','','',0.00,NULL,NULL,NULL,NULL,NULL,NULL,'',0,0.00,0,1,0),(41,NULL,'Book 3 Bloodlines and Baggage',1,0.00,140.35,NULL,6,7,'BK3',0,0.00,0.00,0.00,0.00,0.00,NULL,'',41,'2015-05-06 09:27:07',NULL,1,NULL,NULL,'',NULL,0.000,0,1.00,0,'','','',0.00,NULL,NULL,NULL,NULL,NULL,NULL,'',0,0.00,0,1,0),(42,NULL,'Enneagram Seminar',1,0.00,3245.61,NULL,1,2,'ES',0,0.00,0.00,0.00,0.00,0.00,NULL,'',41,'2015-05-06 09:31:44',NULL,1,NULL,NULL,'',NULL,0.000,0,1.00,0,'','','',0.00,NULL,NULL,NULL,NULL,NULL,NULL,'',0,0.00,0,1,0);

--
-- Table structure for table `supplier`
--

CREATE TABLE `supplier` (
  `supplierid` int(11) NOT NULL AUTO_INCREMENT,
  `contact_personid` int(11) DEFAULT NULL,
  `company_name` varchar(50) DEFAULT NULL,
  `account_number_pref` varchar(40) DEFAULT NULL,
  `cc_number` varchar(20) DEFAULT NULL,
  `vat_number` varchar(20) DEFAULT NULL,
  `vat_settingsid` int(11) DEFAULT NULL,
  `descount` int(11) DEFAULT NULL,
  `telephone_number` varchar(13) DEFAULT NULL,
  `mobile_number` varchar(13) DEFAULT NULL,
  `fax` varchar(13) DEFAULT NULL,
  `email_address` varchar(50) DEFAULT NULL,
  `website_address` varchar(100) DEFAULT NULL,
  `physical_address_line_0` varchar(50) DEFAULT NULL,
  `physical_address_line_1` varchar(50) DEFAULT NULL,
  `physical_address_line_2` varchar(50) DEFAULT NULL,
  `physical_town` varchar(50) DEFAULT NULL,
  `physical_city` varchar(50) DEFAULT NULL,
  `physical_province` varchar(50) DEFAULT NULL,
  `physical_countryid` int(11) DEFAULT NULL,
  `postal_address_line_0` varchar(50) DEFAULT NULL,
  `postal_address_line_1` varchar(50) DEFAULT NULL,
  `postal_address_line_2` varchar(50) DEFAULT NULL,
  `postal_town` varchar(50) DEFAULT NULL,
  `postal_city` varchar(50) DEFAULT NULL,
  `postal_province` varchar(50) DEFAULT NULL,
  `postal_countryid` int(11) DEFAULT NULL,
  `termsid` int(11) DEFAULT NULL,
  `usersid` int(11) DEFAULT NULL,
  `account_noid` int(11) DEFAULT NULL,
  `ref_number` varchar(15) DEFAULT NULL,
  `notes` mediumtext,
  `supplier_ratingid` int(11) DEFAULT NULL,
  `client` tinyint(1) DEFAULT NULL,
  `default_curr_symid` int(11) DEFAULT NULL,
  PRIMARY KEY (`supplierid`)
) ENGINE=InnoDB AUTO_INCREMENT=47 DEFAULT CHARSET=latin1 COMMENT='InnoDB free: 4096 kB; InnoDB free: 4096 kB; InnoDB free: 921';

--
-- Dumping data for table `supplier`
--

INSERT INTO `supplier` VALUES (1,NULL,'Supplier','564654564','324','123456789',2,0,'24234','4234234','234324','',NULL,'','','','','','',0,'','','','','','',0,2,41,0,'','',NULL,NULL,1),(2,NULL,'Cash Supplier','','','',0,0,'','','','',NULL,'','','','','','',0,'','','','','','',0,0,NULL,NULL,NULL,NULL,NULL,NULL,0),(3,NULL,'Mweb','','','',2,0,'','','','',NULL,'','','','','','',0,'','','','','','',0,2,NULL,NULL,NULL,NULL,NULL,NULL,0),(4,NULL,'Teacup Technology','','2004/052772/23','4410215406',2,0,'0118677906','','+27866544813','accounts@teacup.co.za',NULL,'3 Maple Street','','1448','Brackendowns','Alberton','Gauteng',210,'3 Maple Street','','1448','Brackendowns','Alberton','Gauteng',210,2,NULL,NULL,NULL,NULL,NULL,NULL,1),(5,NULL,'Becks Accounting Services','','0679/028/14/2','',3,0,'+27118673450','','+27866512437','rebecca@becksaccounting.co.za',NULL,'14 Tamarisk Street','','1448','Brackendowns','Alberton','Gauteng',210,'14 Tamarisk Street','','1448','Brackendowns','Alberton','Gauteng',210,2,NULL,NULL,NULL,NULL,NULL,NULL,1),(6,NULL,'SARS','','','',3,0,'','','','',NULL,'','','','','','',0,'','','','','','',0,4,NULL,NULL,NULL,NULL,NULL,NULL,1),(7,NULL,'Tangmere (Pty) Ltd','','1995/7109/07','',0,0,'','','','',NULL,'','','','','','',0,'','','','','','',0,0,NULL,NULL,NULL,NULL,NULL,NULL,1),(8,NULL,'Key Players Music','','','',0,0,'','','','',NULL,'','','','','','',0,'','','','','','',0,0,NULL,NULL,NULL,NULL,NULL,NULL,0),(9,NULL,'Life Direction','','','',0,0,'','','','',NULL,'','','','','','',0,'','','','','','',0,0,NULL,NULL,NULL,NULL,NULL,NULL,0),(10,NULL,'Majestic Interactive','','','',0,0,'','','','',NULL,'','','','','','',0,'','','','','','',0,0,NULL,NULL,NULL,NULL,NULL,NULL,0),(11,NULL,'Redblock Digital','','','',0,0,'','','','',NULL,'','','','','','',0,'','','','','','',0,0,NULL,NULL,NULL,NULL,NULL,NULL,0),(12,NULL,'Colleen Osorio Skills Development Consultancy','','','4760215451',3,0,'','','','',NULL,'','','','','','',0,'','','','','','',0,4,NULL,NULL,NULL,NULL,NULL,NULL,1),(13,NULL,'Waltons stationery','','','',2,0,'','','','',NULL,'','','','','','',0,'','','','','','',0,4,NULL,NULL,NULL,NULL,NULL,NULL,0),(14,NULL,'Postnet','','','4650259437',0,0,'','','','',NULL,'','','','','','',0,'','','','','','',0,0,NULL,NULL,NULL,NULL,NULL,NULL,0),(15,NULL,'Regus','','','4130234281',2,0,'','','','',NULL,'','','','','','',0,'','','','','','',0,0,NULL,NULL,NULL,NULL,NULL,NULL,0),(16,NULL,'H2O International','','','4130126057',0,0,'','','','',NULL,'','','','','','',0,'','','','','','',0,0,NULL,NULL,NULL,NULL,NULL,NULL,0),(17,NULL,'Istore','','','',2,0,'','','','',NULL,'','','','','','',0,'','','','','','',0,0,NULL,NULL,NULL,NULL,NULL,NULL,0),(18,NULL,'First National Bank','','','',2,0,'','','','',NULL,'','','','','','',0,'','','','','','',0,0,NULL,NULL,NULL,NULL,NULL,NULL,0),(19,NULL,'Quickfox Publishing','','','',0,0,'','','','',NULL,'','','','','','',0,'','','','','','',0,0,NULL,NULL,NULL,NULL,NULL,NULL,0),(20,NULL,'American Express Cards','','2015/06325326','4320116074',0,0,'','','','',NULL,'','','','','','',0,'','','','','','',0,0,NULL,NULL,NULL,NULL,NULL,NULL,1),(21,NULL,'Vodacom','','','',0,0,'','','','',NULL,'','','','','','',0,'','','','','','',0,0,NULL,NULL,NULL,NULL,NULL,NULL,0),(22,NULL,'Dion Wired','','','',0,0,'','','','',NULL,'','','','','','',0,'','','','','','',0,0,NULL,NULL,NULL,NULL,NULL,NULL,0),(23,NULL,'Yuppiechef.com','','2007/021383/07','4410253258',0,0,'','','','',NULL,'','','','','','',0,'','','','','','',0,0,NULL,NULL,NULL,NULL,NULL,NULL,0),(24,NULL,'Matrix Fourways','','','',0,0,'','','','',NULL,'','','','','','',0,'','','','','','',0,0,NULL,NULL,NULL,NULL,NULL,NULL,0),(25,NULL,'Incredible Connection','','','',0,0,'','','','',NULL,'','','','','','',0,'','','','','','',0,0,NULL,NULL,NULL,NULL,NULL,NULL,0),(26,NULL,'Designer Curtaining and fabric','','','4750180541',2,0,'','','','',NULL,'','','','','','',0,'','','','','','',0,0,NULL,NULL,NULL,NULL,NULL,NULL,0),(27,NULL,'Kulula ','','','',0,0,'','','','',NULL,'','','','','','',0,'','','','','','',0,0,NULL,NULL,NULL,NULL,NULL,NULL,0),(28,NULL,'GalileoRisk','','','4450117405',2,0,'','','','',NULL,'','','','','','',0,'','','','','','',0,0,NULL,NULL,NULL,NULL,NULL,NULL,0),(29,NULL,'Wrappings','','1997/008736/23','4890174685',2,0,'','','','',NULL,'','','','','','',0,'','','','','','',0,0,NULL,NULL,NULL,NULL,NULL,NULL,0),(30,NULL,'IBellis Art','','','4640189009',2,0,'','','','',NULL,'','','','','','',0,'','','','','','',0,0,NULL,NULL,NULL,NULL,NULL,NULL,1),(31,NULL,'Minuteman Press','','','',2,0,'','','','',NULL,'','','','','','',0,'','','','','','',0,0,NULL,NULL,NULL,NULL,NULL,NULL,0),(32,NULL,'SACAP','','','4390209833',2,0,'','','','',NULL,'','','','','','',0,'','','','','','',0,4,NULL,NULL,NULL,NULL,NULL,NULL,1),(33,NULL,'Silvertone international','','','4600196606',2,0,'','','','',NULL,'','','','','','',0,'','','','','','',0,3,NULL,NULL,NULL,NULL,NULL,NULL,1),(34,NULL,'Quick Service Information Technology','','','4540246651',2,0,'','','','',NULL,'','','','','','',0,'','','','','','',0,0,NULL,NULL,NULL,NULL,NULL,NULL,0),(35,NULL,'Empowered-Living','','','',2,0,'','','','',NULL,'','','','','','',0,'','','','','','',0,4,NULL,NULL,NULL,NULL,NULL,NULL,1),(36,NULL,'EveTech','','','4840254348',2,0,'','','','',NULL,'','','','','','',0,'','','','','','',0,4,NULL,NULL,NULL,NULL,NULL,NULL,1),(37,NULL,'DP Plastic','','','41102223684',2,0,'','','','',NULL,'','','','','','',0,'','','','','','',0,4,NULL,NULL,NULL,NULL,NULL,NULL,1),(38,NULL,'Learning for Performance Improvement','','2002/008965/23','4360203717',2,0,'','','','',NULL,'','','','','','',0,'','','','','','',0,4,NULL,NULL,NULL,NULL,NULL,NULL,1),(39,NULL,'Thrive Learning Facilitation','','','4250215607',2,0,'','','','',NULL,'','','','','','',0,'','','','','','',0,4,NULL,NULL,NULL,NULL,NULL,NULL,1),(40,NULL,'MusicMate','','','4530218207',2,0,'','','','',NULL,'','','','','','',0,'','','','','','',0,4,NULL,NULL,NULL,NULL,NULL,NULL,0),(41,NULL,'Bantex SA','','','4500116829',2,0,'','','','',NULL,'','','','','','',0,'','','','','','',0,4,NULL,NULL,NULL,NULL,NULL,NULL,0),(42,NULL,'Brand Innovation','','','4330230832',2,0,'','','','',NULL,'','','','','','',0,'','','','','','',0,4,NULL,NULL,NULL,NULL,NULL,NULL,0),(43,NULL,'Zulu Nyala Country Manor','','','4610119937',2,0,'','','','',NULL,'','','','','','',0,'','','','','','',0,4,NULL,NULL,NULL,NULL,NULL,NULL,1),(44,NULL,'Makro','','','4300119155',2,0,'','','','',NULL,'','','','','','',0,'','','','','','',0,4,NULL,NULL,NULL,NULL,NULL,NULL,1),(45,NULL,'MTN','','','',2,0,'','','','',NULL,'','','','','','',0,'','','','','','',0,4,NULL,NULL,NULL,NULL,NULL,NULL,1),(46,NULL,'Greencom FTTX','','','4070258316',2,0,'','','','',NULL,'','','','','','',0,'','','','','','',0,4,NULL,NULL,NULL,NULL,NULL,NULL,1);

--
-- Table structure for table `supplier_credit_note`
--

CREATE TABLE `supplier_credit_note` (
  `supplier_credit_noteid` int(11) NOT NULL AUTO_INCREMENT,
  `supplierid` int(11) DEFAULT NULL,
  `contact_personid` int(11) DEFAULT NULL,
  `date` date DEFAULT NULL,
  `modified` datetime DEFAULT NULL,
  `usersid` int(11) DEFAULT NULL,
  `processed_transaction` tinyint(1) DEFAULT NULL,
  `recieved_amount` decimal(11,2) DEFAULT '0.00',
  `vat_settingsid` int(11) DEFAULT NULL,
  `tracking_number` bigint(20) DEFAULT NULL,
  `supplier_invoiceid` int(11) DEFAULT NULL,
  `note` tinytext,
  `default_curr_symid` int(11) DEFAULT NULL,
  `exchange_rate` float DEFAULT NULL,
  `termsid` int(11) DEFAULT NULL,
  `order_number` varchar(50) DEFAULT NULL,
  PRIMARY KEY (`supplier_credit_noteid`)
) ENGINE=MyISAM AUTO_INCREMENT=7 DEFAULT CHARSET=latin1;

--
-- Dumping data for table `supplier_credit_note`
--

INSERT INTO `supplier_credit_note` VALUES (2,11,0,'2016-11-01','0000-00-00 00:00:00',41,1,0.00,2,11676,612,'',0,0,4,'109012'),(4,13,0,'2017-02-16','0000-00-00 00:00:00',41,1,0.00,2,12107,683,'',0,0,4,'Inv41243');

--
-- Table structure for table `supplier_credit_note_lines`
--

CREATE TABLE `supplier_credit_note_lines` (
  `supplier_credit_note_linesid` int(11) NOT NULL AUTO_INCREMENT,
  `supplier_credit_noteid` int(11) DEFAULT NULL,
  `stock_itemsid` int(11) DEFAULT NULL,
  `supplier_item_code` varchar(12) DEFAULT NULL,
  `item_code` varchar(12) DEFAULT NULL,
  `name` varchar(25) DEFAULT NULL,
  `description` tinytext,
  `qty` float DEFAULT NULL,
  `cost_price_excluding_vat` decimal(11,0) DEFAULT NULL,
  `selling_price_excluding_vat` decimal(11,5) DEFAULT NULL,
  `selling_price_including_vat` decimal(11,5) DEFAULT NULL,
  `unit_typeid` int(11) DEFAULT NULL,
  `supplier_ordered_qty` int(11) DEFAULT NULL,
  `ordered` int(11) DEFAULT NULL,
  `eta` date DEFAULT NULL,
  `added` tinyint(4) DEFAULT NULL,
  `account_noid` int(11) DEFAULT NULL,
  `qchecked` tinyint(1) DEFAULT NULL,
  `dispatched` tinyint(1) DEFAULT NULL,
  `dispatched_date_time` datetime DEFAULT NULL,
  PRIMARY KEY (`supplier_credit_note_linesid`)
) ENGINE=MyISAM AUTO_INCREMENT=27 DEFAULT CHARSET=latin1;

--
-- Dumping data for table `supplier_credit_note_lines`
--

INSERT INTO `supplier_credit_note_lines` VALUES (2,2,0,'','DP','','Digital Printed canvas',1,1055,0.00000,0.00000,1,0,0,'0000-00-00',0,34,NULL,NULL,NULL),(7,4,0,NULL,'TN',NULL,'Toner returned',1,792,NULL,NULL,1,NULL,NULL,NULL,NULL,34,NULL,NULL,NULL);

--
-- Table structure for table `supplier_invoice`
--

CREATE TABLE `supplier_invoice` (
  `supplier_invoiceid` int(11) NOT NULL AUTO_INCREMENT,
  `supplierid` int(11) DEFAULT NULL,
  `contact_personid` int(11) DEFAULT NULL,
  `date` date DEFAULT NULL,
  `modified` datetime DEFAULT NULL,
  `usersid` int(11) DEFAULT NULL,
  `processed_transaction` tinyint(1) DEFAULT NULL,
  `recieved_amount` decimal(11,2) DEFAULT '0.00',
  `recieved_credit` decimal(11,2) DEFAULT '0.00',
  `recieved_discount` decimal(11,2) DEFAULT '0.00',
  `vat_settingsid` int(11) DEFAULT NULL,
  `tracking_number` bigint(20) DEFAULT NULL,
  `note` tinytext,
  `so_number` varchar(50) DEFAULT NULL,
  `si_number` varchar(30) DEFAULT NULL,
  `pastel_no` varchar(30) DEFAULT NULL,
  `default_curr_symid` int(11) DEFAULT NULL,
  `exchange_rate` float DEFAULT NULL,
  `costing_calcid` int(11) DEFAULT NULL,
  `termsid` int(11) DEFAULT NULL,
  `due_date` date DEFAULT NULL,
  `supplier_invoice_amount_excl_vat` decimal(11,2) DEFAULT NULL,
  `order_number` varchar(50) DEFAULT NULL,
  PRIMARY KEY (`supplier_invoiceid`)
) ENGINE=MyISAM AUTO_INCREMENT=805 DEFAULT CHARSET=latin1;

--
-- Dumping data for table `supplier_invoice`
--

INSERT INTO `supplier_invoice` VALUES (2,5,NULL,'2010-11-30',NULL,41,1,0.00,0.00,0.00,3,2090,'',NULL,NULL,NULL,NULL,NULL,NULL,2,'2010-12-30',2200.00,'100000478'),(20,4,NULL,'2010-11-26',NULL,41,1,0.00,0.00,0.00,3,2306,'',NULL,NULL,NULL,NULL,NULL,NULL,4,'2010-11-26',5745.60,'I00001643'),(12,4,NULL,'2011-01-13',NULL,41,1,0.00,0.00,0.00,3,2298,'',NULL,NULL,NULL,NULL,NULL,NULL,4,'2011-01-13',6553.69,'I00001683'),(10,4,NULL,'2010-11-25',NULL,41,1,0.00,0.00,0.00,3,2296,'',NULL,NULL,NULL,NULL,NULL,NULL,4,'2010-11-25',798.00,'I00001638'),(9,4,NULL,'2010-10-25',NULL,41,1,0.00,0.00,0.00,3,2295,'',NULL,NULL,NULL,NULL,NULL,NULL,4,'2010-10-25',398.00,'I00001604'),(6,4,NULL,'2010-12-21',NULL,41,1,0.00,0.00,0.00,3,2292,'',NULL,NULL,NULL,NULL,NULL,NULL,4,'2010-12-21',798.00,'I00001663'),(7,4,NULL,'2010-12-28',NULL,41,1,0.00,0.00,0.00,3,2293,'',NULL,NULL,NULL,NULL,NULL,NULL,4,'2010-12-28',2362.08,'I00001677'),(8,4,NULL,'2011-01-13',NULL,41,1,0.00,0.00,0.00,3,2294,'',NULL,NULL,NULL,NULL,NULL,NULL,4,'2011-01-13',391.99,'I00001682'),(13,4,NULL,'2011-01-19',NULL,41,1,0.00,0.00,0.00,3,2299,'',NULL,NULL,NULL,NULL,NULL,NULL,4,'2011-01-19',6908.97,'I00001685'),(14,4,NULL,'2011-01-19',NULL,41,1,0.00,0.00,0.00,3,2300,'',NULL,NULL,NULL,NULL,NULL,NULL,4,'2011-01-19',4566.21,'I00001686'),(15,4,NULL,'2011-01-19',NULL,41,1,0.00,0.00,0.00,3,2301,'',NULL,NULL,NULL,NULL,NULL,NULL,4,'2011-01-19',2970.73,'I00001687'),(16,4,NULL,'2011-01-25',NULL,41,1,0.00,0.00,0.00,3,2302,'',NULL,NULL,NULL,NULL,NULL,NULL,4,'2011-01-25',798.00,'I00001696'),(17,4,NULL,'2011-01-26',NULL,41,1,0.00,0.00,0.00,3,2303,'',NULL,NULL,NULL,NULL,NULL,NULL,4,'2011-01-26',509.98,'I00001701'),(18,4,NULL,'2011-01-31',NULL,41,1,0.00,0.00,0.00,3,2304,'',NULL,NULL,NULL,NULL,NULL,NULL,4,'2011-01-31',6064.80,'I00001705'),(19,4,NULL,'2011-02-03',NULL,41,1,0.00,0.00,0.00,3,2305,'',NULL,NULL,NULL,NULL,NULL,NULL,4,'2011-02-03',186.16,'I00001714'),(21,5,NULL,'2010-12-31',NULL,41,1,0.00,0.00,0.00,3,2382,'',NULL,NULL,NULL,NULL,NULL,NULL,4,'2010-12-31',3350.00,'100000491'),(22,5,NULL,'2011-01-31',NULL,41,1,0.00,0.00,0.00,3,2383,'',NULL,NULL,NULL,NULL,NULL,NULL,4,'2011-01-31',1550.00,'100000501'),(23,5,NULL,'2011-02-28',NULL,41,1,0.00,0.00,0.00,3,2499,'',NULL,NULL,NULL,NULL,NULL,NULL,4,'2011-02-28',2100.00,''),(24,4,NULL,'2011-02-25',NULL,41,1,0.00,0.00,0.00,3,2500,'',NULL,NULL,NULL,NULL,NULL,NULL,4,'2011-02-25',798.00,'I00001727'),(25,6,NULL,'2011-02-28',NULL,41,1,0.00,0.00,0.00,3,2635,'',NULL,NULL,NULL,NULL,NULL,NULL,4,'2011-02-28',6013.63,''),(28,4,NULL,'2011-03-25',NULL,41,1,0.00,0.00,0.00,3,2754,'',NULL,NULL,NULL,NULL,NULL,NULL,4,'2011-03-25',1477.44,'I00001763'),(27,4,NULL,'2011-03-15',NULL,41,1,0.00,0.00,0.00,3,2753,'',NULL,NULL,NULL,NULL,NULL,NULL,4,'2011-03-15',5223.32,'I00001749'),(29,5,NULL,'2011-03-31',NULL,41,1,0.00,0.00,0.00,3,2755,'',NULL,NULL,NULL,NULL,NULL,NULL,4,'2011-03-31',1900.00,'100000529'),(30,4,NULL,'2011-04-04',NULL,41,1,0.00,0.00,0.00,3,2756,'',NULL,NULL,NULL,NULL,NULL,NULL,4,'2011-04-04',3562.50,'I00001776'),(31,4,NULL,'2011-04-21',NULL,41,1,0.00,0.00,0.00,3,2757,'',NULL,NULL,NULL,NULL,NULL,NULL,4,'2011-04-21',945.06,'I00001793'),(32,5,NULL,'2011-04-30',NULL,41,1,0.00,0.00,0.00,3,2758,'',NULL,NULL,NULL,NULL,NULL,NULL,4,'2011-04-30',1550.00,'100000541'),(33,7,NULL,'2011-04-01',NULL,41,1,0.00,0.00,0.00,3,2759,'',NULL,NULL,NULL,NULL,NULL,NULL,4,'2011-04-01',13525.88,'181'),(34,4,NULL,'2011-05-04',NULL,41,1,0.00,0.00,0.00,3,2842,'',NULL,NULL,NULL,NULL,NULL,NULL,4,'2011-05-04',2006.40,'I00001806'),(35,6,NULL,'2011-03-31',NULL,41,1,0.00,0.00,0.00,3,2883,'',NULL,NULL,NULL,NULL,NULL,NULL,4,'2011-03-31',7197.53,'PAYE Mar'),(36,6,NULL,'2011-04-30',NULL,41,1,0.00,0.00,0.00,3,2884,'',NULL,NULL,NULL,NULL,NULL,NULL,4,'2011-04-30',7195.52,'PAYE APR'),(37,4,NULL,'2011-05-25',NULL,41,1,0.00,0.00,0.00,3,3024,'',NULL,NULL,NULL,NULL,NULL,NULL,2,'2011-06-24',798.00,'I00001819'),(38,5,NULL,'2011-05-31',NULL,41,1,0.00,0.00,0.00,3,3076,'',NULL,NULL,NULL,NULL,NULL,NULL,4,'2011-05-31',2210.00,'100000551'),(39,6,NULL,'2011-05-31',NULL,41,1,0.00,0.00,0.00,3,3091,'',NULL,NULL,NULL,NULL,NULL,NULL,4,'2011-05-31',7195.59,'PAYE May'),(40,6,NULL,'2011-06-14',NULL,41,1,0.00,0.00,0.00,3,3092,'',NULL,NULL,NULL,NULL,NULL,NULL,4,'2011-06-14',2000.00,'7540745645'),(41,7,NULL,'2011-05-01',NULL,41,1,0.00,0.00,0.00,3,3145,'',NULL,NULL,NULL,NULL,NULL,NULL,4,'2011-05-01',12747.20,'198'),(42,7,NULL,'2011-06-01',NULL,41,1,0.00,0.00,0.00,3,3146,'',NULL,NULL,NULL,NULL,NULL,NULL,4,'2011-06-01',12962.07,'215'),(43,8,NULL,'2011-04-24',NULL,41,1,0.00,0.00,0.00,3,3255,'',NULL,NULL,NULL,NULL,NULL,NULL,4,'2011-04-24',550.00,'881'),(44,8,NULL,'2011-05-24',NULL,41,1,0.00,0.00,0.00,3,3256,'',NULL,NULL,NULL,NULL,NULL,NULL,4,'2011-05-24',550.00,'1143'),(45,3,NULL,'2011-06-01',NULL,41,1,0.00,0.00,0.00,3,3264,'',NULL,NULL,NULL,NULL,NULL,NULL,4,'2011-06-01',55.00,'32612151'),(46,4,NULL,'2011-06-24',NULL,41,1,0.00,0.00,0.00,3,3299,'',NULL,NULL,NULL,NULL,NULL,NULL,4,'2011-06-24',798.00,'I00001849'),(47,5,NULL,'2011-06-30',NULL,41,1,0.00,0.00,0.00,3,3341,'',NULL,NULL,NULL,NULL,NULL,NULL,4,'2011-06-30',1550.00,'100000563'),(48,6,NULL,'2011-06-30',NULL,41,1,0.00,0.00,0.00,3,3350,'',NULL,NULL,NULL,NULL,NULL,NULL,4,'2011-06-30',7195.60,'PAYE June'),(49,6,NULL,'2011-07-14',NULL,41,1,0.00,0.00,0.00,3,3351,'',NULL,NULL,NULL,NULL,NULL,NULL,4,'2011-07-14',2000.00,'0014657001'),(50,6,NULL,'2011-07-31',NULL,41,1,0.00,0.00,0.00,3,3447,'',NULL,NULL,NULL,NULL,NULL,NULL,4,'2011-07-31',7170.34,'PAYE July'),(51,4,NULL,'2011-07-25',NULL,41,1,0.00,0.00,0.00,3,3448,'',NULL,NULL,NULL,NULL,NULL,NULL,4,'2011-07-25',698.00,'I00001868'),(52,5,NULL,'2011-07-31',NULL,41,1,0.00,0.00,0.00,3,3450,'',NULL,NULL,NULL,NULL,NULL,NULL,4,'2011-07-31',1550.00,'100000575'),(53,3,NULL,'2011-07-01',NULL,41,1,0.00,0.00,0.00,3,3552,'',NULL,NULL,NULL,NULL,NULL,NULL,4,'2011-07-01',55.00,'32844765'),(54,7,NULL,'2011-07-01',NULL,41,1,0.00,0.00,0.00,3,3553,'',NULL,NULL,NULL,NULL,NULL,NULL,4,'2011-07-01',13770.90,'233'),(55,3,NULL,'2011-08-01',NULL,41,1,0.00,0.00,0.00,3,3575,'',NULL,NULL,NULL,NULL,NULL,NULL,4,'2011-08-01',55.00,'33079539'),(56,4,NULL,'2011-08-29',NULL,41,1,0.00,0.00,0.00,3,3765,'',NULL,NULL,NULL,NULL,NULL,NULL,2,'2011-09-28',470.00,'I100001890'),(57,5,NULL,'2011-08-31',NULL,41,1,0.00,0.00,0.00,3,3766,'',NULL,NULL,NULL,NULL,NULL,NULL,4,'2011-08-31',3600.00,'100000585'),(58,9,NULL,'2011-08-01',NULL,41,1,0.00,0.00,0.00,3,3777,'',NULL,NULL,NULL,NULL,NULL,NULL,4,'2011-08-01',20250.00,'Inv0006'),(59,7,NULL,'2011-09-01',NULL,41,1,0.00,0.00,0.00,3,3866,'',NULL,NULL,NULL,NULL,NULL,NULL,4,'2011-09-01',13473.30,'274'),(60,3,NULL,'2011-09-01',NULL,41,1,0.00,0.00,0.00,3,3885,'',NULL,NULL,NULL,NULL,NULL,NULL,4,'2011-09-01',55.00,'33313707'),(61,4,NULL,'2011-09-23',NULL,41,1,0.00,0.00,0.00,3,3988,'',NULL,NULL,NULL,NULL,NULL,NULL,4,'2011-09-23',1037.72,'I00001914'),(119,3,NULL,'2012-08-01',NULL,41,1,0.00,0.00,0.00,3,6039,'',NULL,NULL,NULL,NULL,NULL,NULL,4,'2012-08-01',55.00,'35906292'),(63,4,NULL,'2011-09-30',NULL,41,1,0.00,0.00,0.00,3,3998,'',NULL,NULL,NULL,NULL,NULL,NULL,4,'2011-09-30',1140.00,''),(64,4,NULL,'2011-10-04',NULL,41,1,0.00,0.00,0.00,3,4001,'',NULL,NULL,NULL,NULL,NULL,NULL,4,'2011-10-04',1185.60,'I00001936'),(65,5,NULL,'2011-09-30',NULL,41,1,0.00,0.00,0.00,3,4002,'',NULL,NULL,NULL,NULL,NULL,NULL,4,'2011-09-30',1550.00,'100000601'),(66,6,NULL,'2011-09-30',NULL,41,1,0.00,0.00,0.00,3,4003,'',NULL,NULL,NULL,NULL,NULL,NULL,4,'2011-09-30',7182.46,'PAYE Sept'),(67,4,NULL,'2011-10-25',NULL,41,1,0.00,0.00,0.00,3,4087,'',NULL,NULL,NULL,NULL,NULL,NULL,4,'2011-10-25',470.00,'I00001948'),(68,4,NULL,'2011-11-01',NULL,41,1,0.00,0.00,0.00,3,4175,'',NULL,NULL,NULL,NULL,NULL,NULL,4,'2011-11-01',3876.00,'I00001965'),(69,5,NULL,'2011-10-31',NULL,41,1,0.00,0.00,0.00,3,4200,'',NULL,NULL,NULL,NULL,NULL,NULL,4,'2011-10-31',1550.00,'100000611'),(70,6,NULL,'2011-08-31',NULL,41,1,0.00,0.00,0.00,3,4201,'',NULL,NULL,NULL,NULL,NULL,NULL,4,'2011-08-31',7172.36,'PAYE Aug'),(71,7,NULL,'2011-11-01',NULL,41,1,0.00,0.00,0.00,3,4305,'',NULL,NULL,NULL,NULL,NULL,NULL,4,'2011-11-01',13149.12,'294'),(72,3,NULL,'2011-10-01',NULL,41,1,0.00,0.00,0.00,3,4306,'',NULL,NULL,NULL,NULL,NULL,NULL,4,'2011-10-01',55.00,'33548915'),(73,6,NULL,'2011-10-31',NULL,41,1,0.00,0.00,0.00,1,4313,'',NULL,NULL,NULL,NULL,NULL,NULL,4,'2011-10-31',7172.36,'PAYE Oct'),(74,7,NULL,'2011-11-01',NULL,41,1,0.00,0.00,0.00,3,4426,'',NULL,NULL,NULL,NULL,NULL,NULL,4,'2011-11-01',13449.28,'315'),(75,3,NULL,'2011-11-01',NULL,41,1,0.00,0.00,0.00,3,4449,'',NULL,NULL,NULL,NULL,NULL,NULL,4,'2011-11-01',55.00,'33784663'),(76,4,NULL,'2011-11-28',NULL,41,1,0.00,0.00,0.00,3,4521,'',NULL,NULL,NULL,NULL,NULL,NULL,4,'2011-11-28',470.00,'I00001975'),(77,5,NULL,'2011-11-30',NULL,41,1,0.00,0.00,0.00,3,4552,'',NULL,NULL,NULL,NULL,NULL,NULL,4,'2011-11-30',1550.00,'100000623'),(78,6,NULL,'2011-11-30',NULL,41,1,0.00,0.00,0.00,3,4553,'',NULL,NULL,NULL,NULL,NULL,NULL,4,'2011-11-30',7172.36,'PAYE Nov'),(79,7,NULL,'2011-12-01',NULL,41,1,0.00,0.00,0.00,3,4601,'',NULL,NULL,NULL,NULL,NULL,NULL,4,'2011-12-01',12933.65,'337'),(80,3,NULL,'2011-12-01',NULL,41,1,0.00,0.00,0.00,3,4662,'',NULL,NULL,NULL,NULL,NULL,NULL,4,'2011-12-01',55.00,'34019881'),(81,4,NULL,'2011-12-28',NULL,41,1,0.00,0.00,0.00,3,4726,'',NULL,NULL,NULL,NULL,NULL,NULL,4,'2011-12-28',470.00,'I00002006'),(82,6,NULL,'2011-12-31',NULL,41,1,0.00,0.00,0.00,3,4727,'',NULL,NULL,NULL,NULL,NULL,NULL,2,'2012-01-30',10533.98,'PAYE Dec'),(83,5,NULL,'2011-12-31',NULL,41,1,0.00,0.00,0.00,3,4728,'',NULL,NULL,NULL,NULL,NULL,NULL,2,'2012-01-30',2200.00,'100000636'),(84,4,NULL,'2012-01-25',NULL,41,1,0.00,0.00,0.00,3,4802,'',NULL,NULL,NULL,NULL,NULL,NULL,4,'2012-01-25',470.00,'I00002034'),(85,5,NULL,'2012-01-31',NULL,41,1,0.00,0.00,0.00,3,4810,'',NULL,NULL,NULL,NULL,NULL,NULL,4,'2012-01-31',1725.00,'100000647'),(86,3,NULL,'2012-01-01',NULL,41,1,0.00,0.00,0.00,3,4907,'',NULL,NULL,NULL,NULL,NULL,NULL,4,'2012-01-01',55.00,'34254644'),(87,3,NULL,'2012-02-01',NULL,41,1,0.00,0.00,0.00,3,4928,'',NULL,NULL,NULL,NULL,NULL,NULL,4,'2012-02-01',55.00,'34487389'),(88,7,NULL,'2012-02-01',NULL,41,1,0.00,0.00,0.00,3,4929,'',NULL,NULL,NULL,NULL,NULL,NULL,4,'2012-02-01',12987.09,'384'),(89,7,NULL,'2012-01-01',NULL,41,1,0.00,0.00,0.00,3,4948,'',NULL,NULL,NULL,NULL,NULL,NULL,4,'2012-01-01',13691.37,'360'),(90,10,NULL,'2011-12-25',NULL,41,1,0.00,0.00,0.00,3,4951,'',NULL,NULL,NULL,NULL,NULL,NULL,4,'2011-12-25',1817.00,'10991'),(91,10,NULL,'2011-12-25',NULL,41,1,0.00,0.00,0.00,3,4952,'',NULL,NULL,NULL,NULL,NULL,NULL,4,'2011-12-25',99.00,'10992'),(92,11,NULL,'2012-01-20',NULL,41,1,0.00,0.00,0.00,3,5013,'',NULL,NULL,NULL,NULL,NULL,NULL,4,'2012-01-20',2964.00,'QU102120'),(93,6,NULL,'2012-01-31',NULL,41,1,0.00,0.00,0.00,3,5056,'',NULL,NULL,NULL,NULL,NULL,NULL,2,'2012-03-01',9315.21,'PAYE Jan'),(94,4,NULL,'2012-02-24',NULL,41,1,0.00,0.00,0.00,3,5101,'',NULL,NULL,NULL,NULL,NULL,NULL,4,'2012-02-24',470.00,'I00002066'),(95,5,NULL,'2012-02-29',NULL,897,1,0.00,0.00,0.00,3,5265,'',NULL,NULL,NULL,NULL,NULL,NULL,2,'2012-03-30',2075.00,'100000660'),(96,6,NULL,'2012-02-29',NULL,897,1,0.00,0.00,0.00,3,5266,'',NULL,NULL,NULL,NULL,NULL,NULL,4,'2012-02-29',8672.15,'PAYE /UIF - Feb'),(97,3,NULL,'2012-03-01',NULL,897,1,0.00,0.00,0.00,3,5267,'',NULL,NULL,NULL,NULL,NULL,NULL,2,'2012-03-31',55.00,'34720802'),(98,5,NULL,'2012-03-30',NULL,41,1,0.00,0.00,0.00,3,5351,'',NULL,NULL,NULL,NULL,NULL,NULL,2,'2012-04-29',2075.00,'100000675'),(99,7,NULL,'2012-04-01',NULL,41,1,0.00,0.00,0.00,3,5412,'',NULL,NULL,NULL,NULL,NULL,NULL,4,'2012-04-01',13483.78,'432'),(100,3,NULL,'2012-04-01',NULL,41,1,0.00,0.00,0.00,3,5431,'',NULL,NULL,NULL,NULL,NULL,NULL,4,'2012-04-01',55.00,'34957480'),(101,6,NULL,'2012-03-31',NULL,41,1,0.00,0.00,0.00,3,5434,'',NULL,NULL,NULL,NULL,NULL,NULL,4,'2012-03-31',8401.45,'PAYE/UIF Mar 2012'),(102,6,NULL,'2012-04-30',NULL,41,1,0.00,0.00,0.00,3,5442,'',NULL,NULL,NULL,NULL,NULL,NULL,2,'2012-05-30',8431.75,'PAYE/UIF Apr 2012'),(103,7,NULL,'2012-05-01',NULL,41,1,0.00,0.00,0.00,3,5536,'',NULL,NULL,NULL,NULL,NULL,NULL,4,'2012-05-01',12753.33,'456'),(104,3,NULL,'2012-05-01',NULL,41,1,0.00,0.00,0.00,3,5538,'',NULL,NULL,NULL,NULL,NULL,NULL,4,'2012-05-01',55.00,'35192605'),(105,7,NULL,'2012-06-01',NULL,41,1,0.00,0.00,0.00,3,5663,'',NULL,NULL,NULL,NULL,NULL,NULL,4,'2012-06-01',12605.30,'480'),(106,3,NULL,'2012-06-01',NULL,41,1,0.00,0.00,0.00,3,5672,'',NULL,NULL,NULL,NULL,NULL,NULL,4,'2012-06-01',55.00,'35427800'),(107,6,NULL,'2012-05-31',NULL,41,1,0.00,0.00,0.00,3,5683,'',NULL,NULL,NULL,NULL,NULL,NULL,4,'2012-05-31',8406.50,'PAYE/UIF May 2012'),(108,5,NULL,'2012-05-31',NULL,41,1,0.00,0.00,0.00,3,5698,'',NULL,NULL,NULL,NULL,NULL,NULL,4,'2012-05-31',2495.00,'100000694'),(109,5,NULL,'2012-04-30',NULL,41,1,0.00,0.00,0.00,3,5700,'',NULL,NULL,NULL,NULL,NULL,NULL,4,'2012-04-30',1725.00,'100000684'),(110,5,NULL,'2012-06-30',NULL,41,1,0.00,0.00,0.00,3,5831,'',NULL,NULL,NULL,NULL,NULL,NULL,4,'2012-06-30',1725.00,'100000707'),(111,6,NULL,'2012-06-30',NULL,41,1,0.00,0.00,0.00,3,5832,'',NULL,NULL,NULL,NULL,NULL,NULL,4,'2012-06-30',8406.50,'PAYE/UIF Jun 2012'),(121,5,NULL,'2012-07-31',NULL,41,1,0.00,0.00,0.00,3,6047,'',NULL,NULL,NULL,NULL,NULL,NULL,4,'2012-07-31',1725.00,'I00000720'),(113,3,NULL,'2012-07-01',NULL,41,1,0.00,0.00,0.00,3,5932,'',NULL,NULL,NULL,NULL,NULL,NULL,4,'2012-07-01',55.00,'35665755'),(114,7,NULL,'2012-06-01',NULL,41,1,0.00,0.00,0.00,3,5941,'',NULL,NULL,NULL,NULL,NULL,NULL,4,'2012-06-01',12928.02,'504'),(115,12,NULL,'2012-06-26',NULL,41,1,0.00,0.00,0.00,3,5944,'',NULL,NULL,NULL,NULL,NULL,NULL,4,'2012-06-26',9000.00,'Colleen'),(150,3,NULL,'2013-06-01',NULL,41,1,0.00,0.00,0.00,3,7035,'',NULL,NULL,NULL,NULL,NULL,NULL,4,'2013-06-01',55.00,'38336009'),(117,6,NULL,'2012-07-31',NULL,41,1,0.00,0.00,0.00,3,5962,'',NULL,NULL,NULL,NULL,NULL,NULL,2,'2012-08-30',8406.50,'PAYE/UIF Jul 2012'),(118,4,NULL,'2011-09-26',NULL,41,1,0.00,0.00,0.00,3,5970,'',NULL,NULL,NULL,NULL,NULL,NULL,4,'2011-09-26',23048.52,'I00001922'),(120,7,NULL,'2012-08-01',NULL,41,1,0.00,0.00,0.00,3,6044,'',NULL,NULL,NULL,NULL,NULL,NULL,4,'2012-08-01',13145.06,'Inv528'),(122,3,NULL,'2012-09-01',NULL,41,1,0.00,0.00,0.00,3,6116,'',NULL,NULL,NULL,NULL,NULL,NULL,4,'2012-09-01',55.00,'36145531'),(123,6,NULL,'2012-09-30',NULL,41,1,0.00,0.00,0.00,3,6136,'',NULL,NULL,NULL,NULL,NULL,NULL,4,'2012-09-30',11901.45,'PAYE/UIF Sept2012'),(124,5,NULL,'2012-08-31',NULL,41,1,0.00,0.00,0.00,3,6189,'',NULL,NULL,NULL,NULL,NULL,NULL,4,'2012-08-31',1725.00,'100000733'),(125,6,NULL,'2012-08-31',NULL,41,1,0.00,0.00,0.00,3,6190,'',NULL,NULL,NULL,NULL,NULL,NULL,4,'2012-08-31',11906.50,'PAYE/UIF Sept2012'),(126,5,NULL,'2012-09-28',NULL,41,1,0.00,0.00,0.00,3,6191,'',NULL,NULL,NULL,NULL,NULL,NULL,4,'2012-09-28',1725.00,'100000743'),(132,5,NULL,'2012-11-30',NULL,41,1,0.00,0.00,0.00,3,6367,'',NULL,NULL,NULL,NULL,NULL,NULL,4,'2012-11-30',1725.00,'100000774'),(128,3,NULL,'2012-10-01',NULL,41,1,0.00,0.00,0.00,3,6256,'',NULL,NULL,NULL,NULL,NULL,NULL,4,'2012-10-01',55.00,'36385870'),(129,5,NULL,'2012-10-30',NULL,41,1,0.00,0.00,0.00,3,6269,'',NULL,NULL,NULL,NULL,NULL,NULL,4,'2012-10-30',6225.00,'100000753'),(130,6,NULL,'2012-10-31',NULL,41,1,0.00,0.00,0.00,3,6273,'',NULL,NULL,NULL,NULL,NULL,NULL,4,'2012-10-31',11997.21,'PAYE/UIF Oct2012'),(131,3,NULL,'2012-11-01',NULL,41,1,0.00,0.00,0.00,3,6331,'',NULL,NULL,NULL,NULL,NULL,NULL,4,'2012-11-01',55.00,'36625324'),(133,3,NULL,'2012-12-01',NULL,41,1,0.00,0.00,0.00,3,6410,'',NULL,NULL,NULL,NULL,NULL,NULL,4,'2012-12-01',55.00,'36867464'),(134,5,NULL,'2012-12-30',NULL,41,1,0.00,0.00,0.00,3,6411,'',NULL,NULL,NULL,NULL,NULL,NULL,4,'2012-12-30',1725.00,'100000785'),(135,6,NULL,'2012-12-31',NULL,41,1,0.00,0.00,0.00,3,6423,'',NULL,NULL,NULL,NULL,NULL,NULL,4,'2012-12-31',11892.16,'PAYE/UIF Dec2012'),(136,3,NULL,'2013-01-01',NULL,41,1,0.00,0.00,0.00,3,6479,'',NULL,NULL,NULL,NULL,NULL,NULL,4,'2013-01-01',55.00,'37110074'),(137,6,NULL,'2012-11-30',NULL,41,1,0.00,0.00,0.00,3,6481,'',NULL,NULL,NULL,NULL,NULL,NULL,4,'2012-11-30',11970.95,'PAYE/UIF Nov2012'),(138,3,NULL,'2013-02-01',NULL,41,1,0.00,0.00,0.00,3,6672,'',NULL,NULL,NULL,NULL,NULL,NULL,4,'2013-02-01',55.00,'37353922'),(139,6,NULL,'2013-01-31',NULL,41,1,0.00,0.00,0.00,3,6675,'',NULL,NULL,NULL,NULL,NULL,NULL,4,'2013-01-31',4416.44,'PAYE - Jan2013'),(140,5,NULL,'2013-01-31',NULL,41,1,0.00,0.00,0.00,3,6704,'',NULL,NULL,NULL,NULL,NULL,NULL,4,'2013-01-31',2050.00,'100000785'),(141,6,NULL,'2013-02-28',NULL,41,1,0.00,0.00,0.00,3,6757,'',NULL,NULL,NULL,NULL,NULL,NULL,4,'2013-02-28',3240.73,'PAYE/UIF Feb2013'),(142,5,NULL,'2013-02-28',NULL,41,1,0.00,0.00,0.00,3,6758,'',NULL,NULL,NULL,NULL,NULL,NULL,4,'2013-02-28',2400.00,'100000807'),(143,3,NULL,'2013-03-01',NULL,41,1,0.00,0.00,0.00,3,6783,'',NULL,NULL,NULL,NULL,NULL,NULL,4,'2013-03-01',55.00,'37597727'),(144,5,NULL,'2013-03-30',NULL,41,1,0.00,0.00,0.00,3,6875,'',NULL,NULL,NULL,NULL,NULL,NULL,4,'2013-03-30',2050.00,'100000822'),(145,3,NULL,'2013-04-01',NULL,41,1,0.00,0.00,0.00,3,6876,'',NULL,NULL,NULL,NULL,NULL,NULL,4,'2013-04-01',55.00,'37843265'),(146,6,NULL,'2013-03-31',NULL,41,1,0.00,0.00,0.00,3,6881,'',NULL,NULL,NULL,NULL,NULL,NULL,4,'2013-03-31',9557.58,'PAYE/UIF Mar2013'),(147,3,NULL,'2013-05-01',NULL,41,1,0.00,0.00,0.00,3,6958,'',NULL,NULL,NULL,NULL,NULL,NULL,4,'2013-05-01',55.00,'38089303'),(148,5,NULL,'2013-04-30',NULL,41,1,0.00,0.00,0.00,3,6964,'',NULL,NULL,NULL,NULL,NULL,NULL,4,'2013-04-30',2050.00,'100000835'),(149,6,NULL,'2013-04-30',NULL,41,1,0.00,0.00,0.00,3,6965,'',NULL,NULL,NULL,NULL,NULL,NULL,4,'2013-04-30',9564.66,'PAYE/UIF Apr2013'),(151,6,NULL,'2013-05-31',NULL,41,1,0.00,0.00,0.00,3,7038,'',NULL,NULL,NULL,NULL,NULL,NULL,4,'2013-05-31',9573.24,'PAYE/UIF May2013'),(152,5,NULL,'2013-06-30',NULL,41,1,0.00,0.00,0.00,3,7061,'',NULL,NULL,NULL,NULL,NULL,NULL,4,'2013-06-30',5500.00,'100000861'),(153,6,NULL,'2013-06-30',NULL,41,1,0.00,0.00,0.00,3,7062,'',NULL,NULL,NULL,NULL,NULL,NULL,4,'2013-06-30',9573.24,'PAYE/UIF Jun2013'),(154,3,NULL,'2013-07-01',NULL,41,1,0.00,0.00,0.00,3,7113,'',NULL,NULL,NULL,NULL,NULL,NULL,2,'2013-07-31',55.00,'02567607'),(155,3,NULL,'2013-08-01',NULL,41,1,0.00,0.00,0.00,3,7155,'',NULL,NULL,NULL,NULL,NULL,NULL,4,'2013-08-01',1374.99,''),(156,5,NULL,'2013-05-31',NULL,41,1,0.00,0.00,0.00,3,7173,'',NULL,NULL,NULL,NULL,NULL,NULL,4,'2013-05-31',2900.00,'100000848'),(157,5,NULL,'2013-07-31',NULL,41,1,0.00,0.00,0.00,3,7174,'',NULL,NULL,NULL,NULL,NULL,NULL,4,'2013-07-31',2050.00,'100000873'),(158,6,NULL,'2013-07-31',NULL,41,1,0.00,0.00,0.00,3,7175,'',NULL,NULL,NULL,NULL,NULL,NULL,4,'2013-07-31',9622.61,'PAYE/UIF Jul2013'),(159,5,NULL,'2013-08-30',NULL,41,1,0.00,0.00,0.00,3,7234,'',NULL,NULL,NULL,NULL,NULL,NULL,4,'2013-08-30',2400.00,'100000888'),(160,6,NULL,'2013-08-31',NULL,41,1,0.00,0.00,0.00,3,7235,'',NULL,NULL,NULL,NULL,NULL,NULL,4,'2013-08-31',6062.96,'PAYE/UIF Aug2013'),(161,3,NULL,'2013-09-01',NULL,41,1,0.00,0.00,0.00,3,7271,'',NULL,NULL,NULL,NULL,NULL,NULL,4,'2013-09-01',1078.00,'39077917'),(162,6,NULL,'2013-09-30',NULL,41,1,0.00,0.00,0.00,3,7277,'',NULL,NULL,NULL,NULL,NULL,NULL,4,'2013-09-30',6148.82,'PAYE/UIF Sept2013'),(163,5,NULL,'2013-09-30',NULL,41,1,0.00,0.00,0.00,3,7292,'',NULL,NULL,NULL,NULL,NULL,NULL,4,'2013-09-30',2050.00,'1000000902'),(164,3,NULL,'2013-10-01',NULL,41,1,0.00,0.00,0.00,3,7334,'',NULL,NULL,NULL,NULL,NULL,NULL,4,'2013-10-01',1078.00,'39327478'),(165,3,NULL,'2013-11-01',NULL,41,1,0.00,0.00,0.00,3,7408,'',NULL,NULL,NULL,NULL,NULL,NULL,4,'2013-11-01',1078.00,'39574199'),(166,5,NULL,'2013-10-31',NULL,41,1,0.00,0.00,0.00,3,7414,'',NULL,NULL,NULL,NULL,NULL,NULL,4,'2013-10-31',2900.00,'1000000919'),(167,6,NULL,'2013-10-31',NULL,41,1,0.00,0.00,0.00,3,7454,'',NULL,NULL,NULL,NULL,NULL,NULL,4,'2013-10-31',6725.23,'PAYE/UIF Oct2013'),(168,6,NULL,'2013-11-30',NULL,41,1,0.00,0.00,0.00,3,7455,'',NULL,NULL,NULL,NULL,NULL,NULL,4,'2013-11-30',8653.39,'PAYE/UIF Nov2013'),(169,5,NULL,'2013-11-30',NULL,41,1,0.00,0.00,0.00,3,7467,'',NULL,NULL,NULL,NULL,NULL,NULL,4,'2013-11-30',2800.00,'100000935'),(170,5,NULL,'2013-12-30',NULL,41,1,0.00,0.00,0.00,3,7468,'',NULL,NULL,NULL,NULL,NULL,NULL,4,'2013-12-30',2050.00,'100000961'),(171,6,NULL,'2013-12-31',NULL,41,1,0.00,0.00,0.00,3,7469,'',NULL,NULL,NULL,NULL,NULL,NULL,4,'2013-12-31',8692.78,'PAYE/UIF Dec2013'),(172,3,NULL,'2014-01-01',NULL,41,1,0.00,0.00,0.00,3,7550,'',NULL,NULL,NULL,NULL,NULL,NULL,4,'2014-01-01',1177.00,'IAB458316'),(173,5,NULL,'2014-01-30',NULL,41,1,0.00,0.00,0.00,3,7557,'',NULL,NULL,NULL,NULL,NULL,NULL,4,'2014-01-30',2050.00,'100000973'),(174,6,NULL,'2014-01-31',NULL,41,1,0.00,0.00,0.00,3,7558,'',NULL,NULL,NULL,NULL,NULL,NULL,4,'2014-01-31',8605.21,'PAYE/UIF Jan2014'),(175,3,NULL,'2014-02-01',NULL,41,1,0.00,0.00,0.00,3,7647,'',NULL,NULL,NULL,NULL,NULL,NULL,4,'2014-02-01',1177.00,''),(178,3,NULL,'2014-03-01',NULL,41,1,0.00,0.00,0.00,3,7820,'',NULL,NULL,NULL,NULL,NULL,NULL,2,'2014-03-31',1177.00,'IAB1104233'),(177,5,NULL,'2014-02-28',NULL,41,1,0.00,0.00,0.00,3,7819,'',NULL,NULL,NULL,NULL,NULL,NULL,2,'2014-03-30',2400.00,'10000988'),(179,6,NULL,'2014-02-28',NULL,41,1,0.00,0.00,0.00,3,7830,'',NULL,NULL,NULL,NULL,NULL,NULL,4,'2014-02-28',4814.58,'PAYE/UIF - Feb14'),(180,5,NULL,'2014-03-31',NULL,41,1,0.00,0.00,0.00,3,7883,'',NULL,NULL,NULL,NULL,NULL,NULL,4,'2014-03-31',2400.00,'1500013'),(181,6,NULL,'2014-03-31',NULL,41,1,0.00,0.00,0.00,3,7884,'',NULL,NULL,NULL,NULL,NULL,NULL,4,'2014-03-31',11156.63,'PAYE/UIF/SDL - Mar14'),(182,5,NULL,'2014-04-30',NULL,41,1,0.00,0.00,0.00,3,7885,'',NULL,NULL,NULL,NULL,NULL,NULL,4,'2014-04-30',2050.00,'1500024'),(183,6,NULL,'2014-04-30',NULL,41,1,0.00,0.00,0.00,3,7886,'',NULL,NULL,NULL,NULL,NULL,NULL,4,'2014-04-30',11135.42,'PAYE/UIF/SDL - Apr14'),(184,3,NULL,'2014-04-01',NULL,41,1,0.00,0.00,0.00,3,7966,'',NULL,NULL,NULL,NULL,NULL,NULL,4,'2014-04-01',1177.00,'IAB1431764'),(185,3,NULL,'2014-05-01',NULL,41,1,0.00,0.00,0.00,3,8036,'',NULL,NULL,NULL,NULL,NULL,NULL,4,'2013-05-01',1177.00,'IAB1755023'),(186,3,NULL,'2014-06-01',NULL,41,1,0.00,0.00,0.00,3,8153,'',NULL,NULL,NULL,NULL,NULL,NULL,2,'2014-07-01',1177.00,'IAB2084850'),(194,6,NULL,'2014-07-31',NULL,41,1,0.00,0.00,0.00,3,8313,'',NULL,NULL,NULL,NULL,NULL,NULL,4,'2014-07-31',8055.71,'PAYE/UIF/SDL - Jul14'),(188,5,NULL,'2014-05-30',NULL,41,1,0.00,0.00,0.00,3,8157,'',NULL,NULL,NULL,NULL,NULL,NULL,4,'2014-05-30',2900.00,'1500036'),(189,7,NULL,'2014-07-01',NULL,41,1,0.00,0.00,0.00,3,8274,'',NULL,NULL,NULL,NULL,NULL,NULL,4,'2014-07-01',13098.06,'143/201407'),(190,3,NULL,'2014-07-01',NULL,41,1,0.00,0.00,0.00,3,8275,'',NULL,NULL,NULL,NULL,NULL,NULL,4,'2014-07-01',1177.00,'IAB2416450'),(191,6,NULL,'2014-05-31',NULL,41,1,0.00,0.00,0.00,3,8295,'',NULL,NULL,NULL,NULL,NULL,NULL,4,'2014-05-31',11188.76,'PAYE/UIF/SDL - May14'),(192,6,NULL,'2014-06-30',NULL,41,1,0.00,0.00,0.00,3,8296,'',NULL,NULL,NULL,NULL,NULL,NULL,4,'2014-06-30',8050.86,'PAYE/UIF/SDL - Jun14'),(193,5,NULL,'2014-06-30',NULL,41,1,0.00,0.00,0.00,3,8298,'',NULL,NULL,NULL,NULL,NULL,NULL,4,'2014-06-30',6255.00,'1500048'),(195,5,NULL,'2014-07-30',NULL,41,1,0.00,0.00,0.00,3,8314,'',NULL,NULL,NULL,NULL,NULL,NULL,2,'2014-08-29',2255.00,'1500064'),(196,7,NULL,'2014-08-01',NULL,41,1,0.00,0.00,0.00,3,8378,'',NULL,NULL,NULL,NULL,NULL,NULL,4,'2014-08-01',13139.68,''),(197,3,NULL,'2014-08-01',NULL,41,1,0.00,0.00,0.00,3,8379,'',NULL,NULL,NULL,NULL,NULL,NULL,2,'2014-08-31',1177.00,''),(198,5,NULL,'2014-08-31',NULL,41,1,0.00,0.00,0.00,3,8414,'',NULL,NULL,NULL,NULL,NULL,NULL,4,'2014-08-31',2605.00,'1500078'),(199,6,NULL,'2014-08-31',NULL,41,1,0.00,0.00,0.00,3,8415,'',NULL,NULL,NULL,NULL,NULL,NULL,4,'2014-08-31',8050.25,'PAYE/UIF/SDL - Aug14'),(200,3,NULL,'2014-09-01',NULL,41,1,0.00,0.00,0.00,3,8514,'',NULL,NULL,NULL,NULL,NULL,NULL,4,'2014-09-01',1177.00,'IAB3066975'),(201,7,NULL,'2014-09-01',NULL,41,1,0.00,0.00,0.00,3,8536,'',NULL,NULL,NULL,NULL,NULL,NULL,4,'2014-09-01',13382.02,'143/201409'),(202,4,NULL,'2014-09-29',NULL,41,1,0.00,0.00,0.00,2,8615,'',NULL,NULL,NULL,NULL,NULL,NULL,4,'2014-09-29',10000.00,'2948'),(203,4,NULL,'2014-10-29',NULL,41,1,0.00,0.00,0.00,2,8616,'',NULL,NULL,NULL,NULL,NULL,NULL,4,'2014-10-29',1138.00,'2950'),(204,5,NULL,'2014-09-30',NULL,41,1,0.00,0.00,0.00,3,8618,'',NULL,NULL,NULL,NULL,NULL,NULL,4,'2014-09-30',2255.00,'1500091'),(205,6,NULL,'2014-09-30',NULL,41,1,0.00,0.00,0.00,3,8619,'',NULL,NULL,NULL,NULL,NULL,NULL,4,'2014-09-30',10709.54,'PAYE/UIF/SDL - Sept14'),(206,7,NULL,'2014-10-01',NULL,41,1,0.00,0.00,0.00,2,8620,'',NULL,NULL,NULL,NULL,NULL,NULL,4,'2014-10-01',11826.17,'143/201410'),(207,3,NULL,'2014-10-01',NULL,41,1,0.00,0.00,0.00,3,8630,'',NULL,NULL,NULL,NULL,NULL,NULL,4,'2014-10-01',1177.00,'IAB3395795'),(208,13,NULL,'2014-09-23',NULL,41,1,0.00,0.00,0.00,2,8654,'',NULL,NULL,NULL,NULL,NULL,NULL,4,'2014-09-23',953.15,'273867'),(209,14,NULL,'2014-10-01',NULL,41,1,0.00,0.00,0.00,2,8663,'',NULL,NULL,NULL,NULL,NULL,NULL,4,'2014-10-01',1357.76,'1029/1047-50'),(210,13,NULL,'2014-10-17',NULL,41,1,0.00,0.00,0.00,2,8664,'',NULL,NULL,NULL,NULL,NULL,NULL,4,'2014-10-17',456.66,'277350'),(211,15,NULL,'2014-10-01',NULL,41,1,0.00,0.00,0.00,2,8665,'',NULL,NULL,NULL,NULL,NULL,NULL,4,'2014-09-30',650.00,'0967-2014-1925INV'),(212,7,NULL,'2014-11-01',NULL,41,1,0.00,0.00,0.00,2,8666,'',NULL,NULL,NULL,NULL,NULL,NULL,4,'2014-11-01',12305.98,'143/201411'),(213,3,NULL,'2014-11-01',NULL,41,1,0.00,0.00,0.00,2,8667,'',NULL,NULL,NULL,NULL,NULL,NULL,4,'2014-11-01',1207.02,'IAB3720726'),(214,4,NULL,'2014-11-25',NULL,41,1,0.00,0.00,0.00,2,8751,'',NULL,NULL,NULL,NULL,NULL,NULL,4,'2014-11-25',209.00,'3004'),(215,4,NULL,'2014-11-25',NULL,41,1,0.00,0.00,0.00,2,8770,'',NULL,NULL,NULL,NULL,NULL,NULL,4,'2014-11-25',10000.00,'3006'),(216,5,NULL,'2014-11-30',NULL,41,1,0.00,0.00,0.00,3,8771,'',NULL,NULL,NULL,NULL,NULL,NULL,4,'2014-11-30',2255.00,'1500119'),(217,14,NULL,'2014-12-21',NULL,41,1,0.00,0.00,0.00,2,8779,'',NULL,NULL,NULL,NULL,NULL,NULL,4,'2014-12-21',1733.90,'1074-79/81'),(218,4,NULL,'2014-11-01',NULL,41,1,0.00,0.00,0.00,2,8781,'',NULL,NULL,NULL,NULL,NULL,NULL,4,'2014-11-01',10000.00,'2973'),(219,5,NULL,'2014-10-31',NULL,41,1,0.00,0.00,0.00,3,8783,'',NULL,NULL,NULL,NULL,NULL,NULL,4,'2014-10-31',3005.00,'1500104'),(220,6,NULL,'2014-10-31',NULL,41,1,0.00,0.00,0.00,3,8790,'',NULL,NULL,NULL,NULL,NULL,NULL,4,'2014-10-31',10709.54,'PAYE/UIF/SDL - Oct14'),(221,6,NULL,'2014-11-30',NULL,41,1,0.00,0.00,0.00,3,8791,'',NULL,NULL,NULL,NULL,NULL,NULL,4,'2014-11-30',10704.08,'PAYE/UIF/SDL - Nov14'),(222,16,NULL,'2014-11-01',NULL,41,1,0.00,0.00,0.00,2,8792,'',NULL,NULL,NULL,NULL,NULL,NULL,4,'2014-11-01',385.96,'IN110089'),(223,17,NULL,'2014-11-07',NULL,41,1,0.00,0.00,0.00,2,8812,'',NULL,NULL,NULL,NULL,NULL,NULL,4,'2014-11-07',11029.12,'FWB005703'),(224,18,NULL,'2014-11-19',NULL,41,1,0.00,0.00,0.00,2,8834,'',NULL,NULL,NULL,NULL,NULL,NULL,4,'2014-11-19',353.11,'29 Nov'),(225,15,NULL,'2014-11-20',NULL,41,1,0.00,0.00,0.00,2,8840,'',NULL,NULL,NULL,NULL,NULL,NULL,4,'2014-11-20',650.00,'0967-2014-2121INV'),(226,19,NULL,'2014-11-03',NULL,41,1,0.00,0.00,0.00,2,8850,'',NULL,NULL,NULL,NULL,NULL,NULL,4,'2014-11-03',7872.00,'INV0000435'),(227,3,NULL,'2014-12-01',NULL,41,1,0.00,0.00,0.00,2,8862,'',NULL,NULL,NULL,NULL,NULL,NULL,4,'2014-12-01',1032.46,'IAB4047648'),(228,7,NULL,'2014-12-01',NULL,41,1,0.00,0.00,0.00,2,8863,'',NULL,NULL,NULL,NULL,NULL,NULL,4,'2014-12-01',12604.39,'143/201412'),(229,5,NULL,'2014-12-30',NULL,41,1,0.00,0.00,0.00,3,8881,'',NULL,NULL,NULL,NULL,NULL,NULL,4,'2014-12-30',2255.00,'1500132'),(230,6,NULL,'2014-12-31',NULL,41,1,0.00,0.00,0.00,1,8882,'',NULL,NULL,NULL,NULL,NULL,NULL,4,'2014-12-31',11526.33,'PAYE/UIF/SDL - Dec14'),(231,14,NULL,'2014-12-01',NULL,41,1,0.00,0.00,0.00,2,8941,'',NULL,NULL,NULL,NULL,NULL,NULL,4,'2014-12-01',4051.97,'1096/99/1112-4'),(232,20,NULL,'2014-12-01',NULL,41,1,0.00,0.00,0.00,2,8947,'',NULL,NULL,NULL,NULL,NULL,NULL,4,'2014-12-01',867.58,'00091821'),(233,21,NULL,'2014-12-05',NULL,41,1,0.00,0.00,0.00,2,8959,'',NULL,NULL,NULL,NULL,NULL,NULL,4,'2014-12-05',131.58,'8042790'),(234,22,NULL,'2014-12-10',NULL,41,1,0.00,0.00,0.00,2,8976,'',NULL,NULL,NULL,NULL,NULL,NULL,4,'2014-12-10',6929.82,'17656062'),(235,14,NULL,'2014-12-17',NULL,41,1,0.00,0.00,0.00,2,8991,'',NULL,NULL,NULL,NULL,NULL,NULL,4,'2014-12-17',4894.74,'SAL12559'),(236,18,NULL,'2014-12-19',NULL,41,1,0.00,0.00,0.00,2,9003,'',NULL,NULL,NULL,NULL,NULL,NULL,4,'2014-12-19',438.51,'95'),(237,14,NULL,'2014-12-17',NULL,41,1,0.00,0.00,0.00,2,9005,'',NULL,NULL,NULL,NULL,NULL,NULL,4,'2014-12-17',482.46,'00116674'),(238,15,NULL,'2014-12-22',NULL,41,1,0.00,0.00,0.00,2,9007,'',NULL,NULL,NULL,NULL,NULL,NULL,4,'2014-12-22',650.00,'0967-2014-2375'),(239,7,NULL,'2015-01-01',NULL,41,1,0.00,0.00,0.00,2,9024,'',NULL,NULL,NULL,NULL,NULL,NULL,4,'2015-01-01',12579.54,'143/201501'),(240,21,NULL,'2014-12-29',NULL,41,1,0.00,0.00,0.00,2,9025,'',NULL,NULL,NULL,NULL,NULL,NULL,4,'2014-12-29',5018.75,'B742911046-053'),(241,3,NULL,'2015-01-01',NULL,41,1,0.00,0.00,0.00,2,9026,'',NULL,NULL,NULL,NULL,NULL,NULL,4,'2015-01-01',1032.46,'IAB4374105'),(242,18,NULL,'2014-12-30',NULL,41,1,0.00,0.00,0.00,2,9027,'',NULL,NULL,NULL,NULL,NULL,NULL,4,'2014-12-30',528.95,'172'),(243,5,NULL,'2015-01-30',NULL,41,1,0.00,0.00,0.00,3,9039,'',NULL,NULL,NULL,NULL,NULL,NULL,4,'2015-01-30',2255.00,'1500148'),(244,14,NULL,'2015-01-05',NULL,41,1,0.00,0.00,0.00,2,9041,'',NULL,NULL,NULL,NULL,NULL,NULL,4,'2015-01-05',1030.70,'1130/1136'),(245,14,NULL,'2015-01-05',NULL,41,1,0.00,0.00,0.00,3,9040,'',NULL,NULL,NULL,NULL,NULL,NULL,4,'2015-01-05',6770.00,'1136'),(246,1,NULL,'2015-01-12',NULL,41,1,0.00,0.00,0.00,2,9042,'',NULL,NULL,NULL,NULL,NULL,NULL,4,'2015-01-12',6960.00,'Slavepak vs2348'),(247,13,NULL,'2015-01-09',NULL,41,1,0.00,0.00,0.00,2,9043,'',NULL,NULL,NULL,NULL,NULL,NULL,4,'2015-01-09',1455.90,'289948'),(248,1,NULL,'2015-01-12',NULL,41,1,0.00,0.00,0.00,2,9044,'',NULL,NULL,NULL,NULL,NULL,NULL,4,'2015-01-12',2820.18,'Mistrys - Inv10765'),(249,1,NULL,'2015-01-11',NULL,41,1,0.00,0.00,0.00,2,9045,'',NULL,NULL,NULL,NULL,NULL,NULL,4,'2015-01-11',590.18,'Makro Inv208'),(250,4,NULL,'2015-01-14',NULL,41,1,0.00,0.00,0.00,2,9046,'',NULL,NULL,NULL,NULL,NULL,NULL,4,'2015-01-14',3000.00,'I00003045'),(251,15,NULL,'2015-01-01',NULL,41,1,0.00,0.00,0.00,2,9047,'',NULL,NULL,NULL,NULL,NULL,NULL,4,'2015-01-01',650.00,'0967-2014-2635'),(252,7,NULL,'2015-02-01',NULL,41,1,0.00,0.00,0.00,2,9048,'',NULL,NULL,NULL,NULL,NULL,NULL,4,'2015-02-01',12099.22,'143/201502'),(253,16,NULL,'2015-01-22',NULL,41,1,0.00,0.00,0.00,2,9049,'',NULL,NULL,NULL,NULL,NULL,NULL,4,'2015-01-22',1096.49,'111007'),(254,21,NULL,'2015-01-03',NULL,41,1,0.00,0.00,0.00,2,9050,'',NULL,NULL,NULL,NULL,NULL,NULL,4,'2015-01-03',6840.19,'B780910295-302'),(255,3,NULL,'2015-02-01',NULL,41,1,0.00,0.00,0.00,2,9051,'',NULL,NULL,NULL,NULL,NULL,NULL,4,'2015-02-01',1032.46,'IAB4697508'),(256,18,NULL,'2015-01-19',NULL,41,1,0.00,0.00,0.00,2,9112,'',NULL,NULL,NULL,NULL,NULL,NULL,4,'2015-01-19',991.44,'96'),(257,18,NULL,'2015-01-31',NULL,41,1,0.00,0.00,0.00,2,9116,'',NULL,NULL,NULL,NULL,NULL,NULL,4,'2015-01-31',1573.80,''),(258,6,NULL,'2015-01-31',NULL,41,1,0.00,0.00,0.00,3,9118,'',NULL,NULL,NULL,NULL,NULL,NULL,4,'2015-01-31',11274.81,'PAYE/UIF/SDL - Jan15'),(259,4,NULL,'2015-02-23',NULL,41,1,0.00,0.00,0.00,2,9129,'',NULL,NULL,NULL,NULL,NULL,NULL,4,'2015-02-23',1500.00,'I00003078'),(260,16,NULL,'2015-02-01',NULL,41,1,0.00,0.00,0.00,2,9137,'',NULL,NULL,NULL,NULL,NULL,NULL,4,'2015-02-01',184.26,'IN111135'),(261,14,NULL,'2015-02-01',NULL,41,1,0.00,0.00,0.00,2,9138,'',NULL,NULL,NULL,NULL,NULL,NULL,4,'2015-02-01',18652.11,'1139-1145'),(262,20,NULL,'2015-02-01',NULL,41,1,0.00,0.00,0.00,2,9139,'',NULL,NULL,NULL,NULL,NULL,NULL,4,'2015-02-01',867.58,'2015/06401228'),(263,23,NULL,'2015-02-05',NULL,41,1,0.00,0.00,0.00,2,9140,'',NULL,NULL,NULL,NULL,NULL,NULL,4,'2015-02-05',692.11,'373089'),(264,1,NULL,'2015-02-09',NULL,41,1,0.00,0.00,0.00,2,9141,'',NULL,NULL,NULL,NULL,NULL,NULL,4,'2015-02-09',1089.35,'Spar - Inv9508'),(265,13,NULL,'2015-02-17',NULL,41,1,0.00,0.00,0.00,2,9142,'',NULL,NULL,NULL,NULL,NULL,NULL,4,'2015-02-17',503.10,'299720'),(266,15,NULL,'2015-02-01',NULL,41,1,0.00,0.00,0.00,2,9143,'',NULL,NULL,NULL,NULL,NULL,NULL,4,'2015-02-01',650.00,'0967-2015-2943INV'),(267,17,NULL,'2015-02-21',NULL,41,1,0.00,0.00,0.00,2,9144,'',NULL,NULL,NULL,NULL,NULL,NULL,4,'2015-02-21',632.28,'FWB022547'),(268,7,NULL,'2015-03-01',NULL,41,1,0.00,0.00,0.00,2,9145,'',NULL,NULL,NULL,NULL,NULL,NULL,4,'2015-03-01',12707.40,'143/201503'),(269,3,NULL,'2015-03-01',NULL,41,1,0.00,0.00,0.00,2,9146,'',NULL,NULL,NULL,NULL,NULL,NULL,4,'2015-03-01',1032.46,'IAB5024277'),(270,21,NULL,'2015-02-03',NULL,41,1,0.00,0.00,0.00,2,9147,'',NULL,NULL,NULL,NULL,NULL,NULL,4,'2015-02-03',4039.65,'B790915897-904'),(271,17,NULL,'2015-02-26',NULL,41,1,0.00,0.00,0.00,2,9148,'',NULL,NULL,NULL,NULL,NULL,NULL,4,'2015-02-26',582.50,'FWB023177'),(272,21,NULL,'2015-02-26',NULL,41,1,0.00,0.00,0.00,2,9149,'',NULL,NULL,NULL,NULL,NULL,NULL,4,'2015-02-26',61.40,'7012969'),(273,23,NULL,'2015-02-26',NULL,41,1,0.00,0.00,0.00,2,9150,'',NULL,NULL,NULL,NULL,NULL,NULL,4,'2015-02-26',350.00,'382521'),(274,23,NULL,'2015-02-26',NULL,41,1,0.00,0.00,0.00,2,9151,'',NULL,NULL,NULL,NULL,NULL,NULL,4,'2015-02-26',350.00,'382514'),(275,14,NULL,'2015-02-26',NULL,41,1,0.00,0.00,0.00,2,9152,'',NULL,NULL,NULL,NULL,NULL,NULL,4,'2015-02-26',57.19,'00195594'),(276,5,NULL,'2015-02-28',NULL,41,1,0.00,0.00,0.00,3,9159,'',NULL,NULL,NULL,NULL,NULL,NULL,4,'2015-02-28',2955.00,'1500162'),(277,18,NULL,'2015-02-20',NULL,41,1,0.00,0.00,0.00,2,9208,'',NULL,NULL,NULL,NULL,NULL,NULL,4,'2015-02-20',407.76,'97'),(278,18,NULL,'2015-02-28',NULL,41,1,0.00,0.00,0.00,2,9252,'',NULL,NULL,NULL,NULL,NULL,NULL,4,'2015-02-28',528.95,''),(279,5,NULL,'2015-03-31',NULL,41,1,0.00,0.00,0.00,3,9274,'',NULL,NULL,NULL,NULL,NULL,NULL,4,'2015-03-31',2255.00,'1600007'),(280,3,NULL,'2015-04-01',NULL,41,1,0.00,0.00,0.00,2,9275,'',NULL,NULL,NULL,NULL,NULL,NULL,4,'2015-04-01',1032.46,'IAB5355319'),(281,4,NULL,'2015-03-31',NULL,41,1,0.00,0.00,0.00,2,9276,'',NULL,NULL,NULL,NULL,NULL,NULL,4,'2015-03-31',10000.00,'I00003120'),(282,7,NULL,'2015-04-01',NULL,41,1,0.00,0.00,0.00,2,9277,'',NULL,NULL,NULL,NULL,NULL,NULL,4,'2015-04-01',12700.49,'143/201504'),(283,13,NULL,'2015-03-26',NULL,41,1,0.00,0.00,0.00,2,9278,'',NULL,NULL,NULL,NULL,NULL,NULL,4,'2015-03-26',154.77,'304936'),(284,21,NULL,'2015-03-03',NULL,41,1,0.00,0.00,0.00,2,9279,'',NULL,NULL,NULL,NULL,NULL,NULL,4,'2015-03-03',4180.85,'B810916684-91'),(285,15,NULL,'2015-03-01',NULL,41,1,0.00,0.00,0.00,2,9280,'',NULL,NULL,NULL,NULL,NULL,NULL,4,'2015-03-01',650.00,'0967-2015-3216'),(286,4,NULL,'2015-03-20',NULL,41,1,0.00,0.00,0.00,2,9281,'',NULL,NULL,NULL,NULL,NULL,NULL,4,'2015-03-20',1206.40,'I00003105'),(287,24,NULL,'2015-03-12',NULL,41,1,0.00,0.00,0.00,2,9282,'',NULL,NULL,NULL,NULL,NULL,NULL,4,'2015-03-12',674.56,'056463'),(288,25,NULL,'2015-03-05',NULL,41,1,0.00,0.00,0.00,2,9283,'',NULL,NULL,NULL,NULL,NULL,NULL,4,'2015-03-05',7894.65,'1500351515'),(289,25,NULL,'2015-03-01',NULL,41,1,0.00,0.00,0.00,2,9284,'',NULL,NULL,NULL,NULL,NULL,NULL,4,'2015-03-01',87.64,'1500350787'),(290,14,NULL,'2015-03-01',NULL,41,1,0.00,0.00,0.00,2,9285,'',NULL,NULL,NULL,NULL,NULL,NULL,4,'2015-03-01',8776.49,'1184-94'),(293,6,NULL,'2015-02-28',NULL,41,1,0.00,0.00,0.00,3,9327,'',NULL,NULL,NULL,NULL,NULL,NULL,4,'2015-02-28',11274.81,'PAYE/UIF/SDL - Feb15'),(292,18,NULL,'2015-03-19',NULL,41,1,0.00,0.00,0.00,2,9326,'',NULL,NULL,NULL,NULL,NULL,NULL,4,'2015-03-19',402.82,''),(294,6,NULL,'2015-03-31',NULL,41,1,0.00,0.00,0.00,3,9328,'',NULL,NULL,NULL,NULL,NULL,NULL,4,'2015-03-31',11125.40,'PAYE/UIF/SDL - Mar15'),(295,18,NULL,'2015-03-31',NULL,41,1,0.00,0.00,0.00,2,9336,'',NULL,NULL,NULL,NULL,NULL,NULL,4,'2015-03-31',528.95,''),(296,6,NULL,'2015-04-30',NULL,41,1,0.00,0.00,0.00,3,9384,'',NULL,NULL,NULL,NULL,NULL,NULL,4,'2015-04-30',11125.40,'PAYE/UIF/SDL - Apr15'),(297,14,NULL,'2015-04-01',NULL,41,1,0.00,0.00,0.00,2,9431,'',NULL,NULL,NULL,NULL,NULL,NULL,4,'2015-04-01',10322.88,'1226-31'),(298,26,NULL,'2015-04-15',NULL,41,1,0.00,0.00,0.00,2,9432,'',NULL,NULL,NULL,NULL,NULL,NULL,4,'2015-06-15',5868.42,'1072'),(299,4,NULL,'2015-04-13',NULL,41,1,0.00,0.00,0.00,2,9433,'',NULL,NULL,NULL,NULL,NULL,NULL,4,'2015-04-13',1000.00,'I00003134'),(300,15,NULL,'2015-04-01',NULL,41,1,0.00,0.00,0.00,2,9434,'',NULL,NULL,NULL,NULL,NULL,NULL,4,'2015-04-01',650.00,'6886345'),(301,16,NULL,'2015-04-01',NULL,41,1,0.00,0.00,0.00,2,9435,'',NULL,NULL,NULL,NULL,NULL,NULL,4,'2015-04-01',3928.94,'111330'),(302,16,NULL,'2015-04-20',NULL,41,1,0.00,0.00,0.00,2,9436,'',NULL,NULL,NULL,NULL,NULL,NULL,4,'2015-04-20',482.46,'112025'),(303,4,NULL,'2015-04-23',NULL,41,1,0.00,0.00,0.00,2,9437,'',NULL,NULL,NULL,NULL,NULL,NULL,4,'2015-04-23',5125.00,'I00003150'),(304,21,NULL,'2015-04-03',NULL,41,1,0.00,0.00,0.00,2,9438,'',NULL,NULL,NULL,NULL,NULL,NULL,4,'2015-04-03',4121.66,'B819911764-771'),(305,7,NULL,'2015-05-01',NULL,41,1,0.00,0.00,0.00,2,9439,'',NULL,NULL,NULL,NULL,NULL,NULL,4,'2015-05-01',12327.45,'143/201505'),(306,18,NULL,'2015-04-29',NULL,41,1,0.00,0.00,0.00,2,9440,'',NULL,NULL,NULL,NULL,NULL,NULL,4,'2015-04-29',528.95,'176'),(307,3,NULL,'2015-05-01',NULL,41,1,0.00,0.00,0.00,2,9441,'',NULL,NULL,NULL,NULL,NULL,NULL,4,'2015-05-01',1032.46,'IAB5684403'),(308,17,NULL,'2015-04-29',NULL,41,1,0.00,0.00,0.00,2,9442,'',NULL,NULL,NULL,NULL,NULL,NULL,4,'2015-04-29',582.50,'FWB031369'),(309,14,NULL,'2015-05-01',NULL,41,1,0.00,0.00,0.00,2,9443,'',NULL,NULL,NULL,NULL,NULL,NULL,4,'2015-05-01',9092.28,'1259-63'),(310,15,NULL,'2015-05-01',NULL,41,1,0.00,0.00,0.00,2,9444,'',NULL,NULL,NULL,NULL,NULL,NULL,4,'2015-05-01',650.00,'3729'),(311,4,NULL,'2015-05-19',NULL,41,1,0.00,0.00,0.00,2,9445,'',NULL,NULL,NULL,NULL,NULL,NULL,4,'2014-05-19',644.77,'I00003164'),(312,25,NULL,'2015-05-18',NULL,41,1,0.00,0.00,0.00,2,9446,'',NULL,NULL,NULL,NULL,NULL,NULL,4,'2015-05-18',3842.22,'1500359507'),(313,4,NULL,'2015-05-27',NULL,41,1,0.00,0.00,0.00,2,9447,'',NULL,NULL,NULL,NULL,NULL,NULL,4,'2015-05-27',2000.00,'I00003180'),(314,3,NULL,'2015-06-01',NULL,41,1,0.00,0.00,0.00,2,9448,'',NULL,NULL,NULL,NULL,NULL,NULL,4,'2015-06-01',1032.46,'IAB6009470'),(315,21,NULL,'2015-05-03',NULL,41,1,0.00,0.00,0.00,2,9449,'',NULL,NULL,NULL,NULL,NULL,NULL,4,'2015-05-03',4160.33,'B858909026-33'),(316,25,NULL,'2015-05-27',NULL,41,1,0.00,0.00,0.00,2,9450,'',NULL,NULL,NULL,NULL,NULL,NULL,4,'2015-05-27',1035.01,'1500360483'),(317,2,NULL,'2015-04-03',NULL,41,1,0.00,0.00,0.00,2,9474,'',NULL,NULL,NULL,NULL,NULL,NULL,4,'2015-04-03',121.49,'Woolworths - Inv7095984'),(318,18,NULL,'2015-04-20',NULL,41,1,0.00,0.00,0.00,2,9500,'',NULL,NULL,NULL,NULL,NULL,NULL,4,'2015-04-20',376.05,'99'),(319,5,NULL,'2015-04-30',NULL,41,1,0.00,0.00,0.00,3,9529,'',NULL,NULL,NULL,NULL,NULL,NULL,4,'2015-04-30',2255.00,'1600015'),(320,18,NULL,'2015-05-30',NULL,41,1,0.00,0.00,0.00,2,9530,'',NULL,NULL,NULL,NULL,NULL,NULL,4,'2015-05-30',450.39,'100'),(321,27,NULL,'2015-04-28',NULL,41,1,0.00,0.00,0.00,2,9538,'',NULL,NULL,NULL,NULL,NULL,NULL,4,'2015-04-28',1505.12,'1612106899585'),(322,27,NULL,'2015-04-28',NULL,41,1,0.00,0.00,0.00,3,9540,'',NULL,NULL,NULL,NULL,NULL,NULL,4,'2015-04-28',140.00,'1618202460007'),(323,2,NULL,'2015-05-20',NULL,41,1,0.00,0.00,0.00,2,9594,'',NULL,NULL,NULL,NULL,NULL,NULL,4,'2015-05-20',232.60,'Herbert evans - Inv6611'),(324,18,NULL,'2015-05-30',NULL,41,1,0.00,0.00,0.00,2,9623,'',NULL,NULL,NULL,NULL,NULL,NULL,4,'2015-05-30',528.95,'101'),(325,5,NULL,'2015-05-29',NULL,41,1,0.00,0.00,0.00,3,9624,'',NULL,NULL,NULL,NULL,NULL,NULL,4,'2015-05-29',3135.00,'1600026'),(326,6,NULL,'2015-05-31',NULL,41,1,0.00,0.00,0.00,3,9684,'',NULL,NULL,NULL,NULL,NULL,NULL,4,'2015-05-31',11125.40,'PAYE/UIF/SDL - May15'),(327,6,NULL,'2015-06-30',NULL,41,1,0.00,0.00,0.00,3,9685,'',NULL,NULL,NULL,NULL,NULL,NULL,4,'2015-06-30',11155.70,'PAYE/UIF/SDL - Jun15'),(328,7,NULL,'2015-06-01',NULL,41,1,0.00,0.00,0.00,2,9688,'',NULL,NULL,NULL,NULL,NULL,NULL,4,'2015-06-01',12485.16,'143/201506'),(329,14,NULL,'2015-06-01',NULL,41,1,0.00,0.00,0.00,2,9689,'',NULL,NULL,NULL,NULL,NULL,NULL,4,'2015-06-01',8162.11,'1286-98'),(330,4,NULL,'2015-06-01',NULL,41,1,0.00,0.00,0.00,2,9690,'',NULL,NULL,NULL,NULL,NULL,NULL,4,'2015-06-01',1300.00,'I00003179'),(331,13,NULL,'2015-06-02',NULL,41,1,0.00,0.00,0.00,2,9691,'',NULL,NULL,NULL,NULL,NULL,NULL,4,'2015-06-02',699.94,'8518'),(332,2,NULL,'2015-06-04',NULL,41,1,0.00,0.00,0.00,2,9692,'',NULL,NULL,NULL,NULL,NULL,NULL,4,'2015-06-04',110.53,'000669152'),(333,13,NULL,'2015-06-04',NULL,41,1,0.00,0.00,0.00,2,9693,'',NULL,NULL,NULL,NULL,NULL,NULL,4,'2015-06-04',1442.24,'5402'),(334,4,NULL,'2015-06-04',NULL,41,1,0.00,0.00,0.00,2,9694,'',NULL,NULL,NULL,NULL,NULL,NULL,4,'2015-06-04',900.00,'I00003192'),(335,15,NULL,'2015-06-01',NULL,41,1,0.00,0.00,0.00,2,9695,'',NULL,NULL,NULL,NULL,NULL,NULL,4,'2015-06-01',650.00,'0967-2015-3959'),(336,16,NULL,'2015-06-20',NULL,41,1,0.00,0.00,0.00,2,9696,'',NULL,NULL,NULL,NULL,NULL,NULL,4,'2015-06-20',153.51,'112446'),(337,4,NULL,'2015-06-25',NULL,41,1,0.00,0.00,0.00,2,9697,'',NULL,NULL,NULL,NULL,NULL,NULL,4,'2015-06-25',1300.00,'I00003206'),(338,21,NULL,'2015-06-03',NULL,41,1,0.00,0.00,0.00,2,9698,'',NULL,NULL,NULL,NULL,NULL,NULL,4,'2015-06-03',4217.25,'B868261546-53'),(339,22,NULL,'2015-06-26',NULL,41,1,0.00,0.00,0.00,2,9699,'',NULL,NULL,NULL,NULL,NULL,NULL,4,'2015-06-26',1578.95,'32515509'),(340,3,NULL,'2015-07-01',NULL,41,1,0.00,0.00,0.00,2,9700,'',NULL,NULL,NULL,NULL,NULL,NULL,4,'2015-07-01',1032.46,'IAB6337287'),(341,28,NULL,'2015-06-01',NULL,41,1,0.00,0.00,0.00,2,9732,'',NULL,NULL,NULL,NULL,NULL,NULL,4,'2015-06-01',706.24,'16833279/06'),(342,18,NULL,'2015-06-19',NULL,41,1,0.00,0.00,0.00,2,9786,'',NULL,NULL,NULL,NULL,NULL,NULL,4,'2015-06-19',456.36,'Bank charges'),(343,18,NULL,'2015-06-30',NULL,41,1,0.00,0.00,0.00,2,9797,'',NULL,NULL,NULL,NULL,NULL,NULL,4,'2015-06-30',4526.45,''),(344,5,NULL,'2015-06-30',NULL,41,1,0.00,0.00,0.00,3,9798,'',NULL,NULL,NULL,NULL,NULL,NULL,4,'2015-06-30',2255.00,'1600039'),(345,29,NULL,'2015-06-29',NULL,41,1,0.00,0.00,0.00,2,9804,'',NULL,NULL,NULL,NULL,NULL,NULL,4,'2015-06-29',1770.00,'LL1/07/15'),(346,5,NULL,'2015-07-31',NULL,41,1,0.00,0.00,0.00,3,9840,'',NULL,NULL,NULL,NULL,NULL,NULL,4,'2015-07-31',8196.50,'1600057'),(347,2,NULL,'2015-07-02',NULL,41,1,0.00,0.00,0.00,2,9841,'',NULL,NULL,NULL,NULL,NULL,NULL,4,'2015-07-02',482.45,'CAPI - Inv181'),(348,7,NULL,'2015-07-01',NULL,41,1,0.00,0.00,0.00,2,9843,'',NULL,NULL,NULL,NULL,NULL,NULL,4,'2015-07-01',12378.33,'143/201507'),(349,14,NULL,'2015-07-01',NULL,41,1,0.00,0.00,0.00,2,9844,'',NULL,NULL,NULL,NULL,NULL,NULL,4,'2015-07-01',26917.28,'Inv1313-1331'),(350,4,NULL,'2015-07-07',NULL,41,1,0.00,0.00,0.00,2,9845,'',NULL,NULL,NULL,NULL,NULL,NULL,4,'2015-07-07',500.00,'I00003221'),(351,15,NULL,'2015-07-01',NULL,41,1,0.00,0.00,0.00,2,9846,'',NULL,NULL,NULL,NULL,NULL,NULL,4,'2015-07-01',650.00,'0967-2015-4235'),(352,27,NULL,'2015-07-17',NULL,41,1,0.00,0.00,0.00,2,9847,'',NULL,NULL,NULL,NULL,NULL,NULL,4,'2015-07-17',4748.53,'Kulula - Inv1612107407420'),(353,4,NULL,'2015-07-24',NULL,41,1,0.00,0.00,0.00,2,9848,'',NULL,NULL,NULL,NULL,NULL,NULL,4,'2015-07-24',1484.22,'I00003235'),(354,29,NULL,'2015-07-31',NULL,41,1,0.00,0.00,0.00,2,9849,'',NULL,NULL,NULL,NULL,NULL,NULL,4,'2015-07-31',1770.00,'LL1/08/15'),(355,21,NULL,'2015-07-03',NULL,41,1,0.00,0.00,0.00,2,9850,'',NULL,NULL,NULL,NULL,NULL,NULL,4,'2015-07-03',4252.95,'B885911873-880'),(356,7,NULL,'2015-08-01',NULL,41,1,0.00,0.00,0.00,2,9851,'',NULL,NULL,NULL,NULL,NULL,NULL,4,'2015-08-01',12231.66,'2007/037427/23'),(357,3,NULL,'2015-08-01',NULL,41,1,0.00,0.00,0.00,2,9852,'',NULL,NULL,NULL,NULL,NULL,NULL,4,'2015-08-01',1032.46,'IAB6667367'),(358,14,NULL,'2015-07-01',NULL,41,1,0.00,0.00,0.00,2,9856,'',NULL,NULL,NULL,NULL,NULL,NULL,4,'2015-07-01',5526.32,'12960'),(359,28,NULL,'2015-07-01',NULL,41,1,0.00,0.00,0.00,2,9862,'',NULL,NULL,NULL,NULL,NULL,NULL,4,'2015-07-01',706.24,'July Insurance'),(360,18,NULL,'2015-07-18',NULL,41,1,0.00,0.00,0.00,2,9908,'',NULL,NULL,NULL,NULL,NULL,NULL,4,'2015-07-18',513.03,'102'),(361,18,NULL,'2015-07-31',NULL,41,1,0.00,0.00,0.00,2,9938,'',NULL,NULL,NULL,NULL,NULL,NULL,4,'2015-07-31',3572.25,''),(362,6,NULL,'2015-07-31',NULL,41,1,0.00,0.00,0.00,3,9939,'',NULL,NULL,NULL,NULL,NULL,NULL,4,'2015-07-31',11420.31,'PAYE/UIF/SDL - Jul15'),(363,29,NULL,'2015-06-01',NULL,41,1,0.00,0.00,0.00,2,9940,'',NULL,NULL,NULL,NULL,NULL,NULL,4,'2015-06-01',1770.00,'LL1/06/15'),(364,29,NULL,'2015-06-01',NULL,41,1,0.00,0.00,0.00,2,9941,'',NULL,NULL,NULL,NULL,NULL,NULL,4,'2015-06-01',1770.00,'LL1/05/15'),(365,29,NULL,'2015-06-01',NULL,41,1,0.00,0.00,0.00,2,9942,'',NULL,NULL,NULL,NULL,NULL,NULL,4,'2015-06-01',1770.00,'LL1/04/15'),(366,5,NULL,'2015-08-31',NULL,41,1,0.00,0.00,0.00,3,10142,'',NULL,NULL,NULL,NULL,NULL,NULL,4,'2015-08-31',3646.50,'1600069'),(367,5,NULL,'2015-09-30',NULL,41,1,0.00,0.00,0.00,3,10021,'',NULL,NULL,NULL,NULL,NULL,NULL,4,'2015-09-30',2696.50,'1600084'),(368,6,NULL,'2015-08-31',NULL,41,1,0.00,0.00,0.00,3,10022,'',NULL,NULL,NULL,NULL,NULL,NULL,4,'2015-08-31',11504.46,'PAYE/UIF/SDL - Aug15'),(369,6,NULL,'2015-09-30',NULL,41,1,0.00,0.00,0.00,3,10023,'',NULL,NULL,NULL,NULL,NULL,NULL,4,'2015-09-30',11584.19,'PAYE/UIF/SDL - Sept15'),(370,30,NULL,'2015-08-01',NULL,41,1,0.00,0.00,0.00,2,10029,'',NULL,NULL,NULL,NULL,NULL,NULL,4,'2015-08-01',1533.55,'350130'),(371,14,NULL,'2015-08-01',NULL,41,1,0.00,0.00,0.00,2,10032,'',NULL,NULL,NULL,NULL,NULL,NULL,4,'2015-08-01',8080.87,'Inv1340/49/50-55/63'),(372,21,NULL,'2015-08-09',NULL,41,1,0.00,0.00,0.00,2,10033,'',NULL,NULL,NULL,NULL,NULL,NULL,4,'2015-08-09',262.28,'2047557'),(373,11,NULL,'2015-08-13',NULL,41,1,0.00,0.00,0.00,2,10034,'',NULL,NULL,NULL,NULL,NULL,NULL,4,'2015-08-13',4550.00,'105518'),(374,2,NULL,'2015-08-14',NULL,41,1,0.00,0.00,0.00,2,10035,'',NULL,NULL,NULL,NULL,NULL,NULL,4,'2015-08-14',56.12,'PicknPay - Inv149422'),(375,31,NULL,'2015-08-18',NULL,41,1,0.00,0.00,0.00,2,10036,'',NULL,NULL,NULL,NULL,NULL,NULL,4,'2015-08-18',1375.15,'Business cards'),(376,32,NULL,'2015-08-17',NULL,41,1,0.00,0.00,0.00,3,10037,'',NULL,NULL,NULL,NULL,NULL,NULL,4,'2015-08-17',2280.00,'17082015'),(377,15,NULL,'2015-08-01',NULL,41,1,0.00,0.00,0.00,2,10038,'',NULL,NULL,NULL,NULL,NULL,NULL,4,'2015-08-01',650.00,'0967-2015-4466'),(378,4,NULL,'2015-08-25',NULL,41,1,0.00,0.00,0.00,2,10039,'',NULL,NULL,NULL,NULL,NULL,NULL,4,'2015-08-25',1440.35,'3264'),(379,29,NULL,'2015-08-31',NULL,41,1,0.00,0.00,0.00,2,10040,'',NULL,NULL,NULL,NULL,NULL,NULL,4,'2015-08-31',1770.00,'LL1/09/15'),(380,3,NULL,'2015-09-01',NULL,41,1,0.00,0.00,0.00,2,10041,'',NULL,NULL,NULL,NULL,NULL,NULL,4,'2015-09-01',1032.46,'IAB7005110'),(381,21,NULL,'2015-08-03',NULL,41,1,0.00,0.00,0.00,2,10042,'',NULL,NULL,NULL,NULL,NULL,NULL,4,'2015-08-03',4289.54,'B895912328-335'),(382,28,NULL,'2015-08-01',NULL,41,1,0.00,0.00,0.00,2,10045,'',NULL,NULL,NULL,NULL,NULL,NULL,4,'2015-08-01',706.24,'Aug15'),(383,18,NULL,'2015-08-31',NULL,41,1,0.00,0.00,0.00,2,10121,'',NULL,NULL,NULL,NULL,NULL,NULL,4,'2015-08-31',551.75,'121821'),(384,28,NULL,'2015-09-01',NULL,41,1,0.00,0.00,0.00,2,10124,'',NULL,NULL,NULL,NULL,NULL,NULL,4,'2015-09-01',706.24,'Sept15'),(385,14,NULL,'2015-09-01',NULL,41,1,0.00,0.00,0.00,2,10125,'',NULL,NULL,NULL,NULL,NULL,NULL,4,'2015-09-01',1742.28,'1385-88/91-92'),(386,7,NULL,'2015-09-01',NULL,41,1,0.00,0.00,0.00,2,10126,'',NULL,NULL,NULL,NULL,NULL,NULL,4,'2015-09-01',12860.08,'143/201509'),(387,2,NULL,'2015-09-01',NULL,41,1,0.00,0.00,0.00,2,10127,'',NULL,NULL,NULL,NULL,NULL,NULL,4,'2015-09-01',6960.00,'Slavepak - Inv2523'),(388,31,NULL,'2015-09-01',NULL,41,1,0.00,0.00,0.00,2,10128,'',NULL,NULL,NULL,NULL,NULL,NULL,4,'2015-09-01',1399.28,'34873'),(389,33,NULL,'2015-09-01',NULL,41,1,0.00,0.00,0.00,2,10129,'',NULL,NULL,NULL,NULL,NULL,NULL,4,'2015-09-01',6218.00,'0013202'),(390,33,NULL,'2015-09-01',NULL,41,1,0.00,0.00,0.00,2,10130,'',NULL,NULL,NULL,NULL,NULL,NULL,4,'2015-09-01',5992.00,'0013203'),(391,16,NULL,'2015-09-03',NULL,41,1,0.00,0.00,0.00,2,10131,'',NULL,NULL,NULL,NULL,NULL,NULL,4,'2015-09-03',1622.81,'113021'),(392,2,NULL,'2015-09-08',NULL,41,1,0.00,0.00,0.00,2,10132,'',NULL,NULL,NULL,NULL,NULL,NULL,4,'2015-09-08',675.44,'Plasticland - Inv452100'),(393,13,NULL,'2015-09-11',NULL,41,1,0.00,0.00,0.00,2,10133,'',NULL,NULL,NULL,NULL,NULL,NULL,4,'2015-09-11',1179.55,'10163'),(394,15,NULL,'2015-09-01',NULL,41,1,0.00,0.00,0.00,2,10134,'',NULL,NULL,NULL,NULL,NULL,NULL,4,'2015-09-01',650.00,'4668'),(395,4,NULL,'2015-09-25',NULL,41,1,0.00,0.00,0.00,2,10135,'',NULL,NULL,NULL,NULL,NULL,NULL,4,'2015-09-25',1576.33,'I00003292'),(396,29,NULL,'2015-09-30',NULL,41,1,0.00,0.00,0.00,2,10136,'',NULL,NULL,NULL,NULL,NULL,NULL,4,'2015-09-30',1770.00,'LL1/10/15'),(397,21,NULL,'2015-09-03',NULL,41,1,0.00,0.00,0.00,2,10137,'',NULL,NULL,NULL,NULL,NULL,NULL,4,'2015-09-03',4090.60,'B905578174-81'),(398,4,NULL,'2015-09-29',NULL,41,1,0.00,0.00,0.00,2,10138,'',NULL,NULL,NULL,NULL,NULL,NULL,4,'2015-09-29',4500.00,'I00003294'),(399,3,NULL,'2015-10-01',NULL,41,1,0.00,0.00,0.00,2,10139,'',NULL,NULL,NULL,NULL,NULL,NULL,4,'2015-10-01',1032.46,'IAB7373112'),(400,2,NULL,'2015-09-27',NULL,41,1,0.00,0.00,0.00,2,10140,'',NULL,NULL,NULL,NULL,NULL,NULL,4,'2015-09-27',39.45,'Checkers - 2688'),(401,18,NULL,'2015-09-19',NULL,41,1,0.00,0.00,0.00,2,10189,'',NULL,NULL,NULL,NULL,NULL,NULL,4,'2015-09-19',1775.69,'104'),(402,18,NULL,'2015-08-19',NULL,41,1,0.00,0.00,0.00,2,10216,'',NULL,NULL,NULL,NULL,NULL,NULL,4,'2015-08-19',505.90,'103'),(403,5,NULL,'2015-10-30',NULL,41,1,0.00,0.00,0.00,3,10247,'',NULL,NULL,NULL,NULL,NULL,NULL,4,'2015-10-30',2696.50,'1600096'),(404,6,NULL,'2015-10-31',NULL,41,1,0.00,0.00,0.00,3,10248,'',NULL,NULL,NULL,NULL,NULL,NULL,4,'2015-10-31',11115.90,'PAYE/UIF/SDL - Oct15'),(405,5,NULL,'2015-11-30',NULL,41,1,0.00,0.00,0.00,3,10283,'',NULL,NULL,NULL,NULL,NULL,NULL,4,'2015-11-30',2696.50,'1600106'),(406,6,NULL,'2015-11-30',NULL,41,1,0.00,0.00,0.00,3,10249,'',NULL,NULL,NULL,NULL,NULL,NULL,4,'2015-11-30',11128.08,'PAYE/UIF/SDL - Nov15'),(407,28,NULL,'2015-10-01',NULL,41,1,0.00,0.00,0.00,2,10252,'',NULL,NULL,NULL,NULL,NULL,NULL,4,'2015-10-01',718.09,'Oct15'),(408,14,NULL,'2015-10-02',NULL,41,1,0.00,0.00,0.00,2,10253,'',NULL,NULL,NULL,NULL,NULL,NULL,4,'2015-10-02',16907.63,'1467-68'),(409,7,NULL,'2015-10-01',NULL,41,1,0.00,0.00,0.00,2,10254,'',NULL,NULL,NULL,NULL,NULL,NULL,4,'2015-10-01',12391.45,'143/201510'),(410,2,NULL,'2015-10-03',NULL,41,1,0.00,0.00,0.00,2,10255,'',NULL,NULL,NULL,NULL,NULL,NULL,4,'2015-10-03',491.23,'Plasticland - Inv456541'),(411,2,NULL,'2015-10-05',NULL,41,1,0.00,0.00,0.00,2,10256,'',NULL,NULL,NULL,NULL,NULL,NULL,4,'2015-10-05',399.12,'Plasticland - Inv457041'),(412,16,NULL,'2015-10-12',NULL,41,1,0.00,0.00,0.00,2,10257,'',NULL,NULL,NULL,NULL,NULL,NULL,4,'2015-10-12',92.11,'113293'),(413,14,NULL,'2015-10-28',NULL,41,1,0.00,0.00,0.00,2,10258,'',NULL,NULL,NULL,NULL,NULL,NULL,4,'2015-10-28',12894.74,'SAL13138'),(414,2,NULL,'2015-10-15',NULL,41,1,0.00,0.00,0.00,2,10259,'',NULL,NULL,NULL,NULL,NULL,NULL,4,'2015-10-15',83.16,'Paint Emporium - Inv700545'),(415,2,NULL,'2015-10-15',NULL,41,1,0.00,0.00,0.00,3,10440,'',NULL,NULL,NULL,NULL,NULL,NULL,4,'2015-10-15',540.00,'Broadacres Fitment - InvQU127218'),(416,15,NULL,'2015-10-31',NULL,41,1,0.00,0.00,0.00,2,10261,'',NULL,NULL,NULL,NULL,NULL,NULL,4,'2015-10-31',650.00,'4902'),(417,2,NULL,'2015-10-19',NULL,41,1,0.00,0.00,0.00,3,10439,'',NULL,NULL,NULL,NULL,NULL,NULL,4,'2015-10-19',2410.01,'Lifeday Spa - Inv243435/6'),(418,2,NULL,'2015-10-20',NULL,41,1,0.00,0.00,0.00,3,10441,'',NULL,NULL,NULL,NULL,NULL,NULL,4,'2015-10-20',169.00,'@Home - Inv207856'),(443,5,NULL,'2015-12-30',NULL,41,1,0.00,0.00,0.00,3,10497,'',NULL,NULL,NULL,NULL,NULL,NULL,4,'2015-12-30',2696.50,'1600123'),(419,2,NULL,'2015-10-20',NULL,41,1,0.00,0.00,0.00,3,10442,'',NULL,NULL,NULL,NULL,NULL,NULL,4,'2015-10-20',790.00,'Estoril - Inv1829127'),(420,4,NULL,'2015-10-23',NULL,41,1,0.00,0.00,0.00,2,10265,'',NULL,NULL,NULL,NULL,NULL,NULL,4,'2015-10-23',1392.11,'I00003325'),(421,13,NULL,'2015-10-20',NULL,41,1,0.00,0.00,0.00,2,10266,'',NULL,NULL,NULL,NULL,NULL,NULL,4,'2015-10-20',529.97,'16448'),(422,7,NULL,'2015-11-01',NULL,41,1,0.00,0.00,0.00,2,10267,'',NULL,NULL,NULL,NULL,NULL,NULL,4,'2015-11-01',13413.08,'143/201511'),(423,29,NULL,'2015-10-30',NULL,41,1,0.00,0.00,0.00,2,10268,'',NULL,NULL,NULL,NULL,NULL,NULL,4,'2015-10-30',1770.00,'LL1/11/15'),(424,21,NULL,'2015-10-03',NULL,41,1,0.00,0.00,0.00,2,10269,'',NULL,NULL,NULL,NULL,NULL,NULL,4,'2015-10-03',4158.35,'B905777635-42'),(425,2,NULL,'2015-10-25',NULL,41,1,0.00,0.00,0.00,2,10270,'',NULL,NULL,NULL,NULL,NULL,NULL,4,'2015-10-25',332.46,'Clicks - Inv1019'),(426,3,NULL,'2015-11-01',NULL,41,1,0.00,0.00,0.00,2,10271,'',NULL,NULL,NULL,NULL,NULL,NULL,4,'2015-11-01',1207.02,'IAB7700539'),(427,14,NULL,'2015-11-01',NULL,41,1,0.00,0.00,0.00,2,10272,'',NULL,NULL,NULL,NULL,NULL,NULL,4,'2015-11-01',5393.68,'1520-25'),(428,4,NULL,'2015-11-03',NULL,41,1,0.00,0.00,0.00,2,10273,'',NULL,NULL,NULL,NULL,NULL,NULL,4,'2015-11-03',3500.00,'I00003344'),(429,16,NULL,'2015-11-04',NULL,41,1,0.00,0.00,0.00,2,10274,'',NULL,NULL,NULL,NULL,NULL,NULL,4,'2015-11-04',258.77,'113448'),(430,27,NULL,'2015-11-03',NULL,41,1,0.00,0.00,0.00,2,10282,'',NULL,NULL,NULL,NULL,NULL,NULL,4,'2015-11-03',370.00,'1612108204061'),(431,2,NULL,'2015-11-16',NULL,41,1,0.00,0.00,0.00,3,10443,'',NULL,NULL,NULL,NULL,NULL,NULL,4,'2015-11-16',1920.00,'Lifeday Spa - Inv245392/3'),(432,15,NULL,'2015-11-30',NULL,41,1,0.00,0.00,0.00,2,10276,'',NULL,NULL,NULL,NULL,NULL,NULL,4,'2015-11-30',650.00,'5121'),(433,4,NULL,'2015-11-25',NULL,41,1,0.00,0.00,0.00,2,10277,'',NULL,NULL,NULL,NULL,NULL,NULL,4,'2015-11-25',1624.57,'I00003364'),(434,7,NULL,'2015-12-01',NULL,41,1,0.00,0.00,0.00,2,10278,'',NULL,NULL,NULL,NULL,NULL,NULL,4,'2015-12-01',13768.95,'143/201512'),(435,29,NULL,'2015-11-30',NULL,41,1,0.00,0.00,0.00,2,10279,'',NULL,NULL,NULL,NULL,NULL,NULL,4,'2015-11-30',1770.00,'LL1/12/15'),(436,3,NULL,'2015-12-01',NULL,41,1,0.00,0.00,0.00,2,10280,'',NULL,NULL,NULL,NULL,NULL,NULL,4,'2015-12-01',1032.46,'IAB8029684'),(437,21,NULL,'2015-11-03',NULL,41,1,0.00,0.00,0.00,2,10281,'',NULL,NULL,NULL,NULL,NULL,NULL,4,'2015-11-03',4554.52,'B928579003-10'),(438,28,NULL,'2015-11-01',NULL,41,1,0.00,0.00,0.00,2,10287,'',NULL,NULL,NULL,NULL,NULL,NULL,4,'2015-11-01',718.09,'Nov15'),(439,18,NULL,'2015-10-19',NULL,41,1,0.00,0.00,0.00,2,10368,'',NULL,NULL,NULL,NULL,NULL,NULL,4,'2015-10-19',550.23,'105'),(440,18,NULL,'2015-10-31',NULL,41,1,0.00,0.00,0.00,2,10378,'',NULL,NULL,NULL,NULL,NULL,NULL,4,'2015-10-31',551.75,''),(441,18,NULL,'2015-11-19',NULL,41,1,0.00,0.00,0.00,2,10379,'',NULL,NULL,NULL,NULL,NULL,NULL,4,'2015-11-19',503.82,'106'),(442,18,NULL,'2015-11-30',NULL,41,1,0.00,0.00,0.00,2,10380,'',NULL,NULL,NULL,NULL,NULL,NULL,4,'2015-11-30',551.75,''),(444,5,NULL,'2016-01-30',NULL,41,1,0.00,0.00,0.00,3,10498,'',NULL,NULL,NULL,NULL,NULL,NULL,4,'2016-01-30',3496.50,'1600134'),(445,6,NULL,'2015-12-31',NULL,41,1,0.00,0.00,0.00,3,10499,'',NULL,NULL,NULL,NULL,NULL,NULL,4,'2015-12-31',11070.60,'PAYE/UIF/SDL - Dec15'),(446,6,NULL,'2016-01-31',NULL,41,1,0.00,0.00,0.00,3,10500,'',NULL,NULL,NULL,NULL,NULL,NULL,4,'2016-01-31',11046.13,'PAYE/UIF/SDL - Jan16'),(447,14,NULL,'2015-12-01',NULL,41,1,0.00,0.00,0.00,2,10501,'',NULL,NULL,NULL,NULL,NULL,NULL,4,'2015-12-01',189.47,'1542 / 1573'),(448,2,NULL,'2015-12-15',NULL,41,1,0.00,0.00,0.00,2,10502,'',NULL,NULL,NULL,NULL,NULL,NULL,4,'2015-12-15',184.21,'Lanseria Airport - 7062'),(449,15,NULL,'2015-12-22',NULL,41,1,0.00,0.00,0.00,2,10503,'',NULL,NULL,NULL,NULL,NULL,NULL,4,'2015-12-22',650.00,'0967-2015-5315'),(450,14,NULL,'2015-12-23',NULL,41,1,0.00,0.00,0.00,2,10504,'',NULL,NULL,NULL,NULL,NULL,NULL,4,'2015-12-23',521.93,'00117683'),(451,29,NULL,'2015-12-29',NULL,41,1,0.00,0.00,0.00,2,10505,'',NULL,NULL,NULL,NULL,NULL,NULL,4,'2015-12-29',1770.00,'LL1/01/16'),(452,21,NULL,'2015-12-03',NULL,41,1,0.00,0.00,0.00,2,10506,'',NULL,NULL,NULL,NULL,NULL,NULL,4,'2015-12-03',4458.38,'B928793084-91'),(453,14,NULL,'2015-12-02',NULL,41,1,0.00,0.00,0.00,2,10507,'',NULL,NULL,NULL,NULL,NULL,NULL,4,'2015-12-02',134.21,'1584'),(454,4,NULL,'2015-12-07',NULL,41,1,0.00,0.00,0.00,2,10508,'',NULL,NULL,NULL,NULL,NULL,NULL,4,'2015-12-07',1300.00,'I00003389'),(455,3,NULL,'2016-01-01',NULL,41,1,0.00,0.00,0.00,2,10509,'',NULL,NULL,NULL,NULL,NULL,NULL,4,'2016-01-01',1041.23,'IAB8352351'),(456,28,NULL,'2015-12-01',NULL,41,1,0.00,0.00,0.00,2,10515,'',NULL,NULL,NULL,NULL,NULL,NULL,4,'2015-12-01',718.09,'Dec16'),(457,18,NULL,'2015-12-19',NULL,41,1,0.00,0.00,0.00,2,10557,'',NULL,NULL,NULL,NULL,NULL,NULL,4,'2015-12-19',513.51,'107'),(458,18,NULL,'2015-12-31',NULL,41,1,0.00,0.00,0.00,2,10558,'',NULL,NULL,NULL,NULL,NULL,NULL,4,'2015-12-31',551.75,'Dec15'),(459,28,NULL,'2016-01-02',NULL,41,1,0.00,0.00,0.00,2,10580,'',NULL,NULL,NULL,NULL,NULL,NULL,4,'2016-01-02',718.09,'Jan16'),(460,18,NULL,'2016-01-19',NULL,41,1,0.00,0.00,0.00,2,10581,'',NULL,NULL,NULL,NULL,NULL,NULL,4,'2016-01-19',400.66,'108'),(461,18,NULL,'2016-01-30',NULL,41,1,0.00,0.00,0.00,2,10582,'',NULL,NULL,NULL,NULL,NULL,NULL,4,'2016-01-30',6602.52,'Jan16'),(462,7,NULL,'2016-01-01',NULL,41,1,0.00,0.00,0.00,2,10583,'',NULL,NULL,NULL,NULL,NULL,NULL,4,'2016-01-01',13451.73,'143/201601'),(463,21,NULL,'2016-01-08',NULL,41,1,0.00,0.00,0.00,2,10584,'',NULL,NULL,NULL,NULL,NULL,NULL,4,'2016-01-08',1172.81,'103003433'),(464,13,NULL,'2016-01-14',NULL,41,1,0.00,0.00,0.00,2,10585,'',NULL,NULL,NULL,NULL,NULL,NULL,4,'2016-01-14',176.93,'11546'),(465,34,NULL,'2016-01-18',NULL,41,1,0.00,0.00,0.00,2,10586,'',NULL,NULL,NULL,NULL,NULL,NULL,4,'2016-01-18',1008.77,'102299'),(466,4,NULL,'2016-01-11',NULL,41,1,0.00,0.00,0.00,2,10587,'',NULL,NULL,NULL,NULL,NULL,NULL,4,'2016-01-11',2500.00,'I00003400'),(467,15,NULL,'2016-01-01',NULL,41,1,0.00,0.00,0.00,2,10588,'',NULL,NULL,NULL,NULL,NULL,NULL,4,'2016-01-01',650.00,'0967-2015-5491'),(468,16,NULL,'2016-01-19',NULL,41,1,0.00,0.00,0.00,2,10589,'',NULL,NULL,NULL,NULL,NULL,NULL,4,'2016-01-19',333.33,'113991'),(469,13,NULL,'2016-01-19',NULL,41,1,0.00,0.00,0.00,2,10590,'',NULL,NULL,NULL,NULL,NULL,NULL,4,'2016-01-19',827.23,'21102'),(470,4,NULL,'2016-01-25',NULL,41,1,0.00,0.00,0.00,2,10591,'',NULL,NULL,NULL,NULL,NULL,NULL,4,'2016-01-25',2750.00,'I00003412'),(471,29,NULL,'2016-01-27',NULL,41,1,0.00,0.00,0.00,2,10592,'',NULL,NULL,NULL,NULL,NULL,NULL,4,'2016-01-27',1770.00,'LL1/02/16'),(472,3,NULL,'2016-02-01',NULL,41,1,0.00,0.00,0.00,2,10593,'',NULL,NULL,NULL,NULL,NULL,NULL,4,'2016-02-01',1041.23,'IAB8669925'),(473,21,NULL,'2016-01-03',NULL,41,1,0.00,0.00,0.00,2,10594,'',NULL,NULL,NULL,NULL,NULL,NULL,4,'2016-01-03',4128.53,'B944219315-22'),(545,21,NULL,'2016-02-29',NULL,41,1,0.00,0.00,0.00,3,11172,'',NULL,NULL,NULL,NULL,NULL,NULL,4,'2016-02-29',0.02,'rounding'),(475,5,NULL,'2016-02-29',NULL,41,1,0.00,0.00,0.00,3,10721,'',NULL,NULL,NULL,NULL,NULL,NULL,4,'2016-02-29',3546.50,'1600145'),(476,5,NULL,'2016-03-31',NULL,41,1,0.00,0.00,0.00,3,10722,'',NULL,NULL,NULL,NULL,NULL,NULL,4,'2016-03-31',2696.50,'170007'),(477,7,NULL,'2016-02-01',NULL,41,1,0.00,0.00,0.00,2,10723,'',NULL,NULL,NULL,NULL,NULL,NULL,4,'2016-02-01',13374.40,'143/201602'),(478,14,NULL,'2016-02-01',NULL,41,1,0.00,0.00,0.00,2,10724,'',NULL,NULL,NULL,NULL,NULL,NULL,4,'2016-02-01',24111.93,'1641/46-54'),(479,14,NULL,'2016-02-01',NULL,41,1,0.00,0.00,0.00,1,10725,'',NULL,NULL,NULL,NULL,NULL,NULL,4,'2016-02-01',4630.00,'1648'),(480,14,NULL,'2016-02-01',NULL,41,1,0.00,0.00,0.00,2,10726,'',NULL,NULL,NULL,NULL,NULL,NULL,4,'2016-02-01',42.98,'1648'),(481,28,NULL,'2016-02-01',NULL,41,1,0.00,0.00,0.00,2,10727,'',NULL,NULL,NULL,NULL,NULL,NULL,4,'2016-02-01',798.97,'Feb16'),(482,28,NULL,'2016-03-01',NULL,41,1,0.00,0.00,0.00,2,10728,'',NULL,NULL,NULL,NULL,NULL,NULL,4,'2016-03-01',721.77,'Mar16'),(483,36,NULL,'2016-02-05',NULL,41,1,0.00,0.00,0.00,2,10766,'',NULL,NULL,NULL,NULL,NULL,NULL,4,'2016-02-05',21966.64,'51987'),(505,36,NULL,'2016-02-05',NULL,41,NULL,0.00,0.00,0.00,2,NULL,'',NULL,NULL,NULL,NULL,NULL,NULL,4,NULL,0.00,'51987'),(484,16,NULL,'2016-02-16',NULL,41,1,0.00,0.00,0.00,2,10730,'',NULL,NULL,NULL,NULL,NULL,NULL,4,'2016-02-16',175.44,'114236'),(485,15,NULL,'2016-02-01',NULL,41,1,0.00,0.00,0.00,2,10731,'',NULL,NULL,NULL,NULL,NULL,NULL,4,'2016-02-01',650.00,'0967-2016-123'),(486,37,NULL,'2016-02-19',NULL,41,1,0.00,0.00,0.00,2,10767,'',NULL,NULL,NULL,NULL,NULL,NULL,4,'2016-02-19',8738.00,'07307'),(487,4,NULL,'2016-02-25',NULL,41,1,0.00,0.00,0.00,2,10733,'',NULL,NULL,NULL,NULL,NULL,NULL,4,'2016-01-25',2750.00,'I00003442'),(488,38,NULL,'2016-02-29',NULL,41,1,0.00,0.00,0.00,2,10734,'',NULL,NULL,NULL,NULL,NULL,NULL,4,'2016-02-29',800.00,'667'),(489,29,NULL,'2016-02-29',NULL,41,1,0.00,0.00,0.00,2,10735,'',NULL,NULL,NULL,NULL,NULL,NULL,4,'2016-02-29',1770.00,'LL1/03/16'),(490,18,NULL,'2016-02-27',NULL,41,1,0.00,0.00,0.00,2,10736,'',NULL,NULL,NULL,NULL,NULL,NULL,4,'2016-02-27',551.75,'186'),(491,3,NULL,'2016-03-01',NULL,41,1,0.00,0.00,0.00,2,10737,'',NULL,NULL,NULL,NULL,NULL,NULL,4,'2016-03-01',1041.23,'IAB8994624'),(492,21,NULL,'2016-02-03',NULL,41,1,0.00,0.00,0.00,2,10738,'',NULL,NULL,NULL,NULL,NULL,NULL,4,'2016-02-03',4287.98,'B980434333-40'),(493,14,NULL,'2016-03-01',NULL,41,1,0.00,0.00,0.00,2,10739,'',NULL,NULL,NULL,NULL,NULL,NULL,4,'2016-03-01',11071.05,'1664-1669'),(494,14,NULL,'2016-03-01',NULL,41,1,0.00,0.00,0.00,2,10740,'',NULL,NULL,NULL,NULL,NULL,NULL,4,'2016-03-01',21.05,'1665'),(495,14,NULL,'2016-03-01',NULL,41,1,0.00,0.00,0.00,3,10741,'',NULL,NULL,NULL,NULL,NULL,NULL,4,'2016-03-01',1990.00,'1665'),(496,7,NULL,'2016-03-01',NULL,41,1,0.00,0.00,0.00,2,10742,'',NULL,NULL,NULL,NULL,NULL,NULL,4,'2016-03-01',13478.40,'143/201603'),(497,15,NULL,'2016-03-01',NULL,41,1,0.00,0.00,0.00,2,10743,'',NULL,NULL,NULL,NULL,NULL,NULL,4,'2016-03-01',650.00,'0967-2016-324'),(498,4,NULL,'2016-03-24',NULL,41,1,0.00,0.00,0.00,2,10744,'',NULL,NULL,NULL,NULL,NULL,NULL,4,'2016-03-24',3171.05,'I00003467'),(499,29,NULL,'2016-03-31',NULL,41,1,0.00,0.00,0.00,2,10745,'',NULL,NULL,NULL,NULL,NULL,NULL,4,'2016-03-31',1770.00,'LL1/04/16'),(500,21,NULL,'2016-03-31',NULL,41,1,0.00,0.00,0.00,2,10746,'',NULL,NULL,NULL,NULL,NULL,NULL,4,'2016-03-31',4534.57,'B989335561-68'),(501,18,NULL,'2016-03-30',NULL,41,1,0.00,0.00,0.00,2,10747,'',NULL,NULL,NULL,NULL,NULL,NULL,4,'2016-03-30',551.76,'187'),(502,3,NULL,'2016-04-01',NULL,41,1,0.00,0.00,0.00,2,10748,'',NULL,NULL,NULL,NULL,NULL,NULL,4,'2016-04-01',1041.23,'IAB9320496'),(503,6,NULL,'2016-02-29',NULL,41,1,0.00,0.00,0.00,3,10749,'',NULL,NULL,NULL,NULL,NULL,NULL,4,'2016-02-29',11550.96,'PAYE/UIF/SDL - Feb16'),(504,6,NULL,'2016-03-31',NULL,41,1,0.00,0.00,0.00,3,10750,'',NULL,NULL,NULL,NULL,NULL,NULL,4,'2016-03-31',10829.66,'PAYE/UIF/SDL - Mar16'),(506,30,NULL,'2016-02-03',NULL,41,1,0.00,0.00,0.00,2,10770,'',NULL,NULL,NULL,NULL,NULL,NULL,4,'2016-02-03',1262.63,'376443'),(507,18,NULL,'2016-02-19',NULL,41,1,0.00,0.00,0.00,2,10802,'',NULL,NULL,NULL,NULL,NULL,NULL,4,'2016-02-19',449.38,'109'),(508,18,NULL,'2016-03-19',NULL,41,1,0.00,0.00,0.00,2,10861,'',NULL,NULL,NULL,NULL,NULL,NULL,4,'2016-03-19',369.61,'110'),(509,18,NULL,'2016-02-10',NULL,41,1,0.00,0.00,0.00,2,10879,'',NULL,NULL,NULL,NULL,NULL,NULL,4,'2016-02-10',3.51,'22'),(510,6,NULL,'2016-04-30',NULL,41,1,0.00,0.00,0.00,1,10948,'',NULL,NULL,NULL,NULL,NULL,NULL,4,'2016-04-30',10818.15,'PAYE/UIF/SDL - Apr16'),(511,6,NULL,'2016-05-31',NULL,41,1,0.00,0.00,0.00,1,10949,'',NULL,NULL,NULL,NULL,NULL,NULL,4,'2016-05-31',10910.04,'PAYE/UIF/SDL - May16'),(512,5,NULL,'2016-04-30',NULL,41,1,0.00,0.00,0.00,3,10950,'',NULL,NULL,NULL,NULL,NULL,NULL,4,'2016-04-30',2696.50,'170019'),(513,5,NULL,'2016-05-30',NULL,41,1,0.00,0.00,0.00,3,10951,'',NULL,NULL,NULL,NULL,NULL,NULL,4,'2016-05-30',3576.50,'170032'),(514,7,NULL,'2016-04-01',NULL,41,1,0.00,0.00,0.00,2,10952,'',NULL,NULL,NULL,NULL,NULL,NULL,4,'2016-04-01',13267.66,'143/201604'),(515,28,NULL,'2016-04-01',NULL,41,1,0.00,0.00,0.00,2,10953,'',NULL,NULL,NULL,NULL,NULL,NULL,4,'2016-04-01',944.85,'Apr16'),(516,14,NULL,'2016-04-01',NULL,41,1,0.00,0.00,0.00,2,10954,'',NULL,NULL,NULL,NULL,NULL,NULL,4,'2016-04-01',2078.24,'1747-52'),(517,39,NULL,'2016-04-06',NULL,41,1,0.00,0.00,0.00,2,10955,'',NULL,NULL,NULL,NULL,NULL,NULL,4,'2016-04-06',7250.00,'ILSC0604 16'),(518,22,NULL,'2016-04-05',NULL,41,1,0.00,0.00,0.00,2,10956,'',NULL,NULL,NULL,NULL,NULL,NULL,4,'2016-04-05',1578.95,'159/05042016'),(519,15,NULL,'2016-04-01',NULL,41,1,0.00,0.00,0.00,2,10957,'',NULL,NULL,NULL,NULL,NULL,NULL,4,'2016-04-01',650.00,'0967-2016-556'),(520,40,NULL,'2016-04-19',NULL,41,1,0.00,0.00,0.00,2,10958,'',NULL,NULL,NULL,NULL,NULL,NULL,4,'2016-04-19',1367.54,'4017'),(521,4,NULL,'2016-04-25',NULL,41,1,0.00,0.00,0.00,2,10959,'',NULL,NULL,NULL,NULL,NULL,NULL,4,'2016-04-25',2934.21,'I00003491'),(522,2,NULL,'2016-04-26',NULL,41,1,0.00,0.00,0.00,2,10960,'',NULL,NULL,NULL,NULL,NULL,NULL,4,'2016-04-26',409.39,'CNA - Inv426102314'),(523,29,NULL,'2016-04-30',NULL,41,1,0.00,0.00,0.00,2,10961,'',NULL,NULL,NULL,NULL,NULL,NULL,4,'2016-04-30',1770.00,'LL1/05/16'),(524,21,NULL,'2016-04-03',NULL,41,1,0.00,0.00,0.00,2,10962,'',NULL,NULL,NULL,NULL,NULL,NULL,4,'2016-04-03',4175.11,'B458935937-44'),(525,18,NULL,'2016-04-29',NULL,41,1,0.00,0.00,0.00,2,10963,'',NULL,NULL,NULL,NULL,NULL,NULL,4,'2016-04-29',551.76,'188'),(526,3,NULL,'2016-05-01',NULL,41,1,0.00,0.00,0.00,2,10964,'',NULL,NULL,NULL,NULL,NULL,NULL,4,'2016-05-01',1041.23,'IAB9640399'),(527,18,NULL,'2016-04-30',NULL,41,1,0.00,0.00,0.00,2,11007,'',NULL,NULL,NULL,NULL,NULL,NULL,4,'2016-04-30',2232.92,'111'),(528,14,NULL,'2016-05-01',NULL,41,1,0.00,0.00,0.00,2,11038,'',NULL,NULL,NULL,NULL,NULL,NULL,4,'2016-05-01',2393.86,'1785,1788,1789'),(529,14,NULL,'2016-05-01',NULL,41,1,0.00,0.00,0.00,1,11039,'',NULL,NULL,NULL,NULL,NULL,NULL,4,'2016-05-01',5985.00,'1786;1787'),(530,7,NULL,'2016-05-01',NULL,41,1,0.00,0.00,0.00,2,11040,'',NULL,NULL,NULL,NULL,NULL,NULL,4,'2016-05-01',13185.57,'143/201605'),(531,2,NULL,'2016-05-16',NULL,41,1,0.00,0.00,0.00,2,11041,'',NULL,NULL,NULL,NULL,NULL,NULL,4,'2016-05-16',2387.72,'Carpet and Decor Centre - Inv025/05/16'),(532,2,NULL,'2016-05-09',NULL,41,1,0.00,0.00,0.00,2,11042,'',NULL,NULL,NULL,NULL,NULL,NULL,4,'2016-05-09',313.16,'Fourways Paint & Hardware - Inv271484'),(533,13,NULL,'2016-05-09',NULL,41,1,0.00,0.00,0.00,2,11043,'',NULL,NULL,NULL,NULL,NULL,NULL,4,'2016-05-09',557.14,'13788'),(534,2,NULL,'2016-05-11',NULL,41,1,0.00,0.00,0.00,2,11044,'',NULL,NULL,NULL,NULL,NULL,NULL,4,'2016-05-11',197.37,'Fourways Paint & Hardware - Inv271530'),(535,16,NULL,'2016-05-12',NULL,41,1,0.00,0.00,0.00,2,11045,'',NULL,NULL,NULL,NULL,NULL,NULL,4,'2016-05-12',184.21,'114887'),(536,39,NULL,'2016-05-13',NULL,41,1,0.00,0.00,0.00,2,11046,'',NULL,NULL,NULL,NULL,NULL,NULL,4,'2016-05-13',14500.00,'ILS1305 16'),(537,15,NULL,'2016-05-31',NULL,41,1,0.00,0.00,0.00,2,11047,'',NULL,NULL,NULL,NULL,NULL,NULL,4,'2016-05-31',650.00,'6886345'),(538,4,NULL,'2016-05-25',NULL,41,1,0.00,0.00,0.00,2,11048,'',NULL,NULL,NULL,NULL,NULL,NULL,4,'2016-05-25',2750.00,'I00003519'),(539,29,NULL,'2016-05-31',NULL,41,1,0.00,0.00,0.00,2,11049,'',NULL,NULL,NULL,NULL,NULL,NULL,4,'2016-05-31',1770.00,'LL1/06/16'),(540,21,NULL,'2016-05-03',NULL,41,1,0.00,0.00,0.00,2,11050,'',NULL,NULL,NULL,NULL,NULL,NULL,4,'2016-05-03',4121.29,'B495913376-83'),(541,18,NULL,'2016-05-30',NULL,41,1,0.00,0.00,0.00,2,11051,'',NULL,NULL,NULL,NULL,NULL,NULL,4,'2016-05-30',551.75,'189'),(542,3,NULL,'2016-06-01',NULL,41,1,0.00,0.00,0.00,2,11052,'',NULL,NULL,NULL,NULL,NULL,NULL,4,'2016-06-01',1041.23,'IAB9954631'),(543,18,NULL,'2016-05-31',NULL,41,1,0.00,0.00,0.00,2,11053,'',NULL,NULL,NULL,NULL,NULL,NULL,4,'2016-05-31',478.97,'112'),(544,28,NULL,'2016-05-01',NULL,41,1,0.00,0.00,0.00,2,11057,'',NULL,NULL,NULL,NULL,NULL,NULL,4,'2016-05-01',831.42,'May16'),(546,7,NULL,'2016-02-29',NULL,41,1,0.00,0.00,0.00,3,11173,'',NULL,NULL,NULL,NULL,NULL,NULL,4,'2016-02-29',0.07,'Rounding'),(547,21,NULL,'2016-07-15',NULL,41,1,0.00,0.00,0.00,2,11202,'',NULL,NULL,NULL,NULL,NULL,NULL,4,'2016-07-15',4468.27,'B558920851-8'),(548,3,NULL,'2016-08-01',NULL,41,1,0.00,0.00,0.00,2,11203,'',NULL,NULL,NULL,NULL,NULL,NULL,4,'2016-08-01',1041.23,'IAB10583988'),(549,29,NULL,'2016-07-31',NULL,41,1,0.00,0.00,0.00,2,11204,'',NULL,NULL,NULL,NULL,NULL,NULL,4,'2016-07-31',1770.00,'LL1/08/16'),(550,5,NULL,'2016-07-28',NULL,41,1,0.00,0.00,0.00,3,11205,'',NULL,NULL,NULL,NULL,NULL,NULL,4,'2016-07-28',2696.50,'170057'),(551,4,NULL,'2016-07-25',NULL,41,1,0.00,0.00,0.00,2,11206,'',NULL,NULL,NULL,NULL,NULL,NULL,4,'2016-07-25',7934.22,'I00003581'),(552,16,NULL,'2016-07-21',NULL,41,1,0.00,0.00,0.00,2,11207,'',NULL,NULL,NULL,NULL,NULL,NULL,4,'2016-07-21',324.56,'IN115301'),(553,15,NULL,'2016-07-31',NULL,41,1,0.00,0.00,0.00,2,11208,'',NULL,NULL,NULL,NULL,NULL,NULL,4,'2016-07-31',650.00,'0967-2016-1112INV'),(554,14,NULL,'2016-07-06',NULL,41,1,0.00,0.00,0.00,2,11210,'',NULL,NULL,NULL,NULL,NULL,NULL,4,'2016-07-06',10369.93,'1848-65'),(555,14,NULL,'2016-07-06',NULL,41,1,0.00,0.00,0.00,3,11209,'',NULL,NULL,NULL,NULL,NULL,NULL,4,'2016-07-06',2300.00,'1851,54,55'),(556,18,NULL,'2016-07-01',NULL,41,1,0.00,0.00,0.00,2,11211,'',NULL,NULL,NULL,NULL,NULL,NULL,4,'2016-07-01',1637.22,'American Express'),(557,7,NULL,'2016-07-01',NULL,41,1,0.00,0.00,0.00,2,11212,'',NULL,NULL,NULL,NULL,NULL,NULL,4,'2016-07-01',12845.53,'143/201607'),(558,5,NULL,'2016-06-30',NULL,41,1,0.00,0.00,0.00,3,11213,'',NULL,NULL,NULL,NULL,NULL,NULL,4,'2016-06-30',2696.50,'170044'),(559,6,NULL,'2016-06-30',NULL,41,1,0.00,0.00,0.00,3,11214,'',NULL,NULL,NULL,NULL,NULL,NULL,4,'2016-06-30',11386.76,'PAYE/UIF/SDL - Jun16'),(560,6,NULL,'2016-07-31',NULL,41,1,0.00,0.00,0.00,3,11215,'',NULL,NULL,NULL,NULL,NULL,NULL,4,'2016-07-31',11786.22,'PAYE/UIF/SDL - Jul16'),(561,3,NULL,'2016-07-01',NULL,41,1,0.00,0.00,0.00,2,11216,'',NULL,NULL,NULL,NULL,NULL,NULL,4,'2016-07-01',1041.23,'IAB10270539'),(562,18,NULL,'2016-06-29',NULL,41,1,0.00,0.00,0.00,2,11217,'',NULL,NULL,NULL,NULL,NULL,NULL,4,'2016-06-29',2523.57,'190'),(563,21,NULL,'2016-06-03',NULL,41,1,0.00,0.00,0.00,2,11218,'',NULL,NULL,NULL,NULL,NULL,NULL,4,'2016-06-03',4118.04,'B528920649-656'),(564,29,NULL,'2016-06-30',NULL,41,1,0.00,0.00,0.00,2,11219,'',NULL,NULL,NULL,NULL,NULL,NULL,4,'2016-06-30',1770.00,'LL1/07/16'),(565,4,NULL,'2016-06-24',NULL,41,1,0.00,0.00,0.00,2,11220,'',NULL,NULL,NULL,NULL,NULL,NULL,4,'2016-06-24',2750.00,'I00003553'),(566,2,NULL,'2016-06-24',NULL,41,1,0.00,0.00,0.00,2,11221,'',NULL,NULL,NULL,NULL,NULL,NULL,4,'2016-06-24',287.72,'C8116086'),(567,2,NULL,'2016-06-23',NULL,41,1,0.00,0.00,0.00,2,11222,'',NULL,NULL,NULL,NULL,NULL,NULL,4,'2016-06-23',1266.66,'The Digital Experience - Inv347544'),(568,15,NULL,'2016-06-30',NULL,41,1,0.00,0.00,0.00,2,11223,'',NULL,NULL,NULL,NULL,NULL,NULL,4,'2016-06-30',650.00,'0967-2016-916INV'),(569,11,NULL,'2016-06-01',NULL,41,1,0.00,0.00,0.00,2,11224,'',NULL,NULL,NULL,NULL,NULL,NULL,4,'2016-06-01',400.02,'107892'),(570,7,NULL,'2016-06-01',NULL,41,1,0.00,0.00,0.00,2,11225,'',NULL,NULL,NULL,NULL,NULL,NULL,4,'2016-06-01',13137.64,'143/201606'),(571,14,NULL,'2016-06-01',NULL,41,1,0.00,0.00,0.00,2,11226,'',NULL,NULL,NULL,NULL,NULL,NULL,4,'2016-06-01',1246.58,'1822-25'),(572,18,NULL,'2016-06-18',NULL,41,1,0.00,0.00,0.00,2,11227,'',NULL,NULL,NULL,NULL,NULL,NULL,4,'2016-06-18',510.94,'113'),(573,18,NULL,'2016-07-19',NULL,41,1,0.00,0.00,0.00,2,11228,'',NULL,NULL,NULL,NULL,NULL,NULL,4,'2016-07-19',410.99,'114'),(574,28,NULL,'2016-06-01',NULL,41,1,0.00,0.00,0.00,2,11248,'',NULL,NULL,NULL,NULL,NULL,NULL,4,'2016-06-01',831.42,'Jun16'),(575,28,NULL,'2016-07-01',NULL,41,1,0.00,0.00,0.00,2,11249,'',NULL,NULL,NULL,NULL,NULL,NULL,4,'2016-07-01',831.42,'Jul16'),(576,18,NULL,'2016-07-30',NULL,41,1,0.00,0.00,0.00,2,11348,'',NULL,NULL,NULL,NULL,NULL,NULL,4,'2016-07-30',566.00,''),(577,7,NULL,'2016-08-01',NULL,41,1,0.00,0.00,0.00,2,11411,'',NULL,NULL,NULL,NULL,NULL,NULL,4,'2016-08-01',13340.81,'143/201608'),(578,14,NULL,'2016-08-01',NULL,41,1,0.00,0.00,0.00,2,11412,'',NULL,NULL,NULL,NULL,NULL,NULL,4,'2016-08-01',6493.77,'1893-1903'),(579,14,NULL,'2016-08-01',NULL,41,1,0.00,0.00,0.00,3,11413,'',NULL,NULL,NULL,NULL,NULL,NULL,4,'2016-08-01',3450.00,'Inv1894'),(580,2,NULL,'2016-08-01',NULL,41,1,0.00,0.00,0.00,2,11414,'',NULL,NULL,NULL,NULL,NULL,NULL,4,'2016-08-01',140.00,'000765528'),(581,16,NULL,'2016-08-01',NULL,41,1,0.00,0.00,0.00,2,11415,'',NULL,NULL,NULL,NULL,NULL,NULL,4,'2016-08-01',1228.07,'115390'),(582,15,NULL,'2016-08-31',NULL,41,1,0.00,0.00,0.00,2,11416,'',NULL,NULL,NULL,NULL,NULL,NULL,4,'2016-08-31',650.00,'0967-2016-1357'),(583,21,NULL,'2016-08-22',NULL,41,1,0.00,0.00,0.00,2,11417,'',NULL,NULL,NULL,NULL,NULL,NULL,4,'2016-08-22',657.02,'1072054'),(584,40,NULL,'2016-08-21',NULL,41,1,0.00,0.00,0.00,2,11418,'',NULL,NULL,NULL,NULL,NULL,NULL,4,'2016-08-21',4296.49,'6509'),(585,29,NULL,'2016-08-31',NULL,41,1,0.00,0.00,0.00,2,11419,'',NULL,NULL,NULL,NULL,NULL,NULL,4,'2016-08-31',1770.00,'LL1/09/16'),(586,21,NULL,'2016-08-03',NULL,41,1,0.00,0.00,0.00,2,11420,'',NULL,NULL,NULL,NULL,NULL,NULL,4,'2016-08-03',4115.22,'B568982967-74'),(587,4,NULL,'2016-08-25',NULL,41,1,0.00,0.00,0.00,2,11421,'',NULL,NULL,NULL,NULL,NULL,NULL,4,'2016-08-25',2750.00,'I00003608'),(588,18,NULL,'2016-08-30',NULL,41,1,0.00,0.00,0.00,2,11422,'',NULL,NULL,NULL,NULL,NULL,NULL,4,'2016-08-30',4699.09,'192'),(589,3,NULL,'2016-09-01',NULL,41,1,0.00,0.00,0.00,2,11423,'',NULL,NULL,NULL,NULL,NULL,NULL,4,'2016-09-01',1041.23,'IAB10898029'),(590,14,NULL,'2016-09-01',NULL,41,1,0.00,0.00,0.00,2,11424,'',NULL,NULL,NULL,NULL,NULL,NULL,4,'2016-09-01',3107.29,'1941-44'),(591,7,NULL,'2016-09-01',NULL,41,1,0.00,0.00,0.00,2,11425,'',NULL,NULL,NULL,NULL,NULL,NULL,4,'2016-09-01',13189.56,'143/201609'),(592,5,NULL,'2016-08-31',NULL,41,1,0.00,0.00,0.00,3,11426,'',NULL,NULL,NULL,NULL,NULL,NULL,4,'2016-08-31',3146.50,'170070'),(593,23,NULL,'2016-09-03',NULL,41,1,0.00,0.00,0.00,2,11427,'',NULL,NULL,NULL,NULL,NULL,NULL,4,'2016-09-03',877.19,'664121'),(594,15,NULL,'2016-09-30',NULL,41,1,0.00,0.00,0.00,2,11428,'',NULL,NULL,NULL,NULL,NULL,NULL,4,'2016-09-30',650.00,'0967-2016-1543'),(595,16,NULL,'2016-09-26',NULL,41,1,0.00,0.00,0.00,2,11429,'',NULL,NULL,NULL,NULL,NULL,NULL,4,'2016-09-26',184.21,'115755'),(596,29,NULL,'2016-09-30',NULL,41,1,0.00,0.00,0.00,2,11430,'',NULL,NULL,NULL,NULL,NULL,NULL,4,'2016-09-30',1770.00,'LL1/10/16'),(597,21,NULL,'2016-09-03',NULL,41,1,0.00,0.00,0.00,2,11431,'',NULL,NULL,NULL,NULL,NULL,NULL,4,'2016-09-03',4113.71,'B577833455-62'),(598,4,NULL,'2016-09-26',NULL,41,1,0.00,0.00,0.00,2,11432,'',NULL,NULL,NULL,NULL,NULL,NULL,4,'2016-09-26',7842.11,'I00003637'),(599,5,NULL,'2016-09-30',NULL,41,1,0.00,0.00,0.00,3,11433,'',NULL,NULL,NULL,NULL,NULL,NULL,4,'2016-09-30',2696.50,'170082'),(600,18,NULL,'2016-09-29',NULL,41,1,0.00,0.00,0.00,2,11434,'',NULL,NULL,NULL,NULL,NULL,NULL,4,'2016-09-29',566.00,'193'),(601,3,NULL,'2016-10-01',NULL,41,1,0.00,0.00,0.00,2,11435,'',NULL,NULL,NULL,NULL,NULL,NULL,4,'2016-10-01',1041.23,'IAB11205506'),(602,6,NULL,'2016-08-31',NULL,41,1,0.00,0.00,0.00,3,11436,'',NULL,NULL,NULL,NULL,NULL,NULL,4,'2016-08-31',11188.78,'PAYE/UIF/SDL - Aug16'),(603,6,NULL,'2016-09-30',NULL,41,1,0.00,0.00,0.00,3,11437,'',NULL,NULL,NULL,NULL,NULL,NULL,4,'2016-09-30',11232.88,'PAYE/UIF/SDL - Sept16'),(604,18,NULL,'2016-08-19',NULL,41,1,0.00,0.00,0.00,2,11438,'',NULL,NULL,NULL,NULL,NULL,NULL,4,'2016-08-19',452.63,'115'),(605,18,NULL,'2016-09-19',NULL,41,1,0.00,0.00,0.00,2,11439,'',NULL,NULL,NULL,NULL,NULL,NULL,4,'2016-09-19',801.00,'116'),(606,28,NULL,'2016-08-01',NULL,41,1,0.00,0.00,0.00,2,11445,'',NULL,NULL,NULL,NULL,NULL,NULL,4,'2016-08-01',831.42,'Aug16'),(607,28,NULL,'2016-09-01',NULL,41,1,0.00,0.00,0.00,2,11446,'',NULL,NULL,NULL,NULL,NULL,NULL,4,'2016-09-01',831.42,'Sept16'),(608,14,NULL,'2016-10-01',NULL,41,1,0.00,0.00,0.00,2,11656,'',NULL,NULL,NULL,NULL,NULL,NULL,4,'2016-10-01',12171.03,'1975-1982'),(609,7,NULL,'2016-10-01',NULL,41,1,0.00,0.00,0.00,2,11657,'',NULL,NULL,NULL,NULL,NULL,NULL,4,'2016-10-01',13304.72,'143/201610'),(610,28,NULL,'2016-10-01',NULL,41,1,0.00,0.00,0.00,2,11684,'',NULL,NULL,NULL,NULL,NULL,NULL,4,'2016-10-01',887.79,'Oct16'),(611,28,NULL,'2016-11-01',NULL,41,1,0.00,0.00,0.00,2,11685,'',NULL,NULL,NULL,NULL,NULL,NULL,4,'2016-11-01',887.79,'Nov16'),(612,11,NULL,'2016-10-04',NULL,41,1,0.00,0.00,0.00,2,11658,'',NULL,NULL,NULL,NULL,NULL,NULL,4,'2016-10-04',1055.00,'109012'),(613,17,NULL,'2016-10-06',NULL,41,1,0.00,0.00,0.00,2,11659,'',NULL,NULL,NULL,NULL,NULL,NULL,4,'2016-10-06',14943.88,'099122'),(614,15,NULL,'2016-10-31',NULL,41,1,0.00,0.00,0.00,2,11660,'',NULL,NULL,NULL,NULL,NULL,NULL,4,'2016-10-31',650.00,'0967-2016-1742'),(615,41,NULL,'2016-10-18',NULL,41,1,0.00,0.00,0.00,2,11661,'',NULL,NULL,NULL,NULL,NULL,NULL,4,'2016-10-18',7900.00,'295821'),(616,19,NULL,'2016-10-18',NULL,41,1,0.00,0.00,0.00,2,11662,'',NULL,NULL,NULL,NULL,NULL,NULL,4,'2016-10-18',750.00,'0001077'),(617,13,NULL,'2016-10-17',NULL,41,1,0.00,0.00,0.00,2,11663,'',NULL,NULL,NULL,NULL,NULL,NULL,4,'2016-10-17',1020.61,'28302'),(618,30,NULL,'2016-10-21',NULL,41,1,0.00,0.00,0.00,2,11664,'',NULL,NULL,NULL,NULL,NULL,NULL,4,'2016-10-21',2646.32,'411726'),(619,40,NULL,'2016-10-21',NULL,41,1,0.00,0.00,0.00,2,11665,'',NULL,NULL,NULL,NULL,NULL,NULL,4,'2016-10-21',1366.66,'7788'),(620,4,NULL,'2016-10-25',NULL,41,1,0.00,0.00,0.00,2,11666,'',NULL,NULL,NULL,NULL,NULL,NULL,4,'2016-10-25',2842.11,'I00003666'),(621,29,NULL,'2016-10-31',NULL,41,1,0.00,0.00,0.00,2,11667,'',NULL,NULL,NULL,NULL,NULL,NULL,4,'2016-10-31',1770.00,'LL1/11/16'),(622,5,NULL,'2016-10-30',NULL,41,1,0.00,0.00,0.00,3,11668,'',NULL,NULL,NULL,NULL,NULL,NULL,4,'2016-10-30',3576.50,'170098'),(623,18,NULL,'2016-10-29',NULL,41,1,0.00,0.00,0.00,2,11669,'',NULL,NULL,NULL,NULL,NULL,NULL,4,'2016-10-29',566.00,'194'),(624,3,NULL,'2016-11-01',NULL,41,1,0.00,0.00,0.00,2,11670,'',NULL,NULL,NULL,NULL,NULL,NULL,4,'2016-11-01',1259.65,'IAB11513484'),(625,21,NULL,'2016-10-03',NULL,41,1,0.00,0.00,0.00,2,11671,'',NULL,NULL,NULL,NULL,NULL,NULL,4,'2016-10-03',4670.70,'B645838970-77'),(626,7,NULL,'2016-11-01',NULL,41,1,0.00,0.00,0.00,2,11672,'',NULL,NULL,NULL,NULL,NULL,NULL,4,'2016-11-01',12988.92,'143/201611'),(627,14,NULL,'2016-11-01',NULL,41,1,0.00,0.00,0.00,2,11673,'',NULL,NULL,NULL,NULL,NULL,NULL,4,'2016-11-01',9449.38,'2032-43'),(628,15,NULL,'2016-11-30',NULL,41,1,0.00,0.00,0.00,2,11674,'',NULL,NULL,NULL,NULL,NULL,NULL,4,'2016-11-30',650.00,'0967-2016-1922'),(629,42,NULL,'2016-11-28',NULL,41,1,0.00,0.00,0.00,2,11675,'',NULL,NULL,NULL,NULL,NULL,NULL,4,'2016-11-28',7340.00,'018935'),(630,11,NULL,'2016-11-17',NULL,41,1,0.00,0.00,0.00,2,11677,'',NULL,NULL,NULL,NULL,NULL,NULL,4,'2016-11-17',2506.56,'109394'),(631,19,NULL,'2016-11-21',NULL,41,1,0.00,0.00,0.00,2,11678,'',NULL,NULL,NULL,NULL,NULL,NULL,4,'2016-11-21',10362.32,'0001125'),(632,29,NULL,'2016-11-30',NULL,41,1,0.00,0.00,0.00,2,11679,'',NULL,NULL,NULL,NULL,NULL,NULL,4,'2016-11-30',1770.00,'LL1/12/16'),(633,21,NULL,'2016-11-03',NULL,41,1,0.00,0.00,0.00,2,11680,'',NULL,NULL,NULL,NULL,NULL,NULL,4,'2016-11-03',4828.67,'B653920110-7'),(634,5,NULL,'2016-11-29',NULL,41,1,0.00,0.00,0.00,3,11681,'',NULL,NULL,NULL,NULL,NULL,NULL,4,'2016-11-29',1606.50,'170112'),(635,18,NULL,'2016-11-29',NULL,41,1,0.00,0.00,0.00,2,11682,'',NULL,NULL,NULL,NULL,NULL,NULL,4,'2016-11-29',566.00,'195'),(636,3,NULL,'2016-12-01',NULL,41,1,0.00,0.00,0.00,2,11683,'',NULL,NULL,NULL,NULL,NULL,NULL,4,'2016-12-01',1041.23,'IAB11939388'),(637,18,NULL,'2016-10-19',NULL,41,1,0.00,0.00,0.00,2,11686,'',NULL,NULL,NULL,NULL,NULL,NULL,4,'2016-10-19',450.61,'117'),(638,18,NULL,'2016-11-19',NULL,41,1,0.00,0.00,0.00,2,11687,'',NULL,NULL,NULL,NULL,NULL,NULL,4,'2016-11-19',390.75,'118'),(639,6,NULL,'2016-10-31',NULL,41,1,0.00,0.00,0.00,1,11699,'',NULL,NULL,NULL,NULL,NULL,NULL,4,'2016-10-31',10829.19,'PAYE/UIF/SDL - Oct16'),(640,6,NULL,'2016-11-30',NULL,41,1,0.00,0.00,0.00,1,11700,'',NULL,NULL,NULL,NULL,NULL,NULL,4,'2016-11-30',10796.27,'PAYE/UIF/SDL - Nov16'),(641,6,NULL,'2016-10-31',NULL,41,1,0.00,0.00,0.00,1,11763,'',NULL,NULL,NULL,NULL,NULL,NULL,4,'2016-10-31',1088.99,'PAYE/UIF/SDL - Oct16'),(642,7,NULL,'2016-11-30',NULL,41,1,0.00,0.00,0.00,3,11799,'',NULL,NULL,NULL,NULL,NULL,NULL,4,'2016-11-30',0.04,'Rounding'),(643,21,NULL,'2016-11-30',NULL,41,1,0.00,0.00,0.00,3,11800,'',NULL,NULL,NULL,NULL,NULL,NULL,4,'2016-11-30',0.01,'Rounding'),(644,14,NULL,'2016-11-30',NULL,41,1,0.00,0.00,0.00,3,11802,'',NULL,NULL,NULL,NULL,NULL,NULL,4,'2016-11-30',0.01,'Rounding'),(645,4,NULL,'2016-11-25',NULL,41,1,0.00,0.00,0.00,2,11803,'',NULL,NULL,NULL,NULL,NULL,NULL,4,'2016-11-25',3118.43,'I00003700'),(646,7,NULL,'2016-12-01',NULL,41,1,0.00,0.00,0.00,2,11874,'',NULL,NULL,NULL,NULL,NULL,NULL,4,'2016-12-01',13644.25,'143/201612'),(647,28,NULL,'2016-12-01',NULL,41,1,0.00,0.00,0.00,2,11871,'',NULL,NULL,NULL,NULL,NULL,NULL,4,'2016-12-01',887.79,'Dec16'),(648,18,NULL,'2016-12-19',NULL,41,1,0.00,0.00,0.00,2,11968,'',NULL,NULL,NULL,NULL,NULL,NULL,4,'2016-12-19',440.53,'119'),(649,4,NULL,'2016-12-28',NULL,41,1,0.00,0.00,0.00,2,11869,'',NULL,NULL,NULL,NULL,NULL,NULL,4,'2016-12-28',2750.00,'I0003728'),(650,21,NULL,'2016-12-03',NULL,41,1,0.00,0.00,0.00,2,11879,'',NULL,NULL,NULL,NULL,NULL,NULL,4,'2016-12-03',4496.87,'B686053520-27'),(651,3,NULL,'2017-01-01',NULL,41,1,0.00,0.00,0.00,2,11880,'',NULL,NULL,NULL,NULL,NULL,NULL,4,'2017-01-01',1041.23,'IAB12248716'),(652,29,NULL,'2016-12-29',NULL,41,1,0.00,0.00,0.00,2,11878,'',NULL,NULL,NULL,NULL,NULL,NULL,4,'2016-12-29',1770.00,'LL1/1/17'),(653,18,NULL,'2016-12-31',NULL,41,1,0.00,0.00,0.00,2,11881,'',NULL,NULL,NULL,NULL,NULL,NULL,4,'2016-12-31',2817.21,'196'),(654,5,NULL,'2016-12-28',NULL,41,1,0.00,0.00,0.00,3,11868,'',NULL,NULL,NULL,NULL,NULL,NULL,4,'2016-12-28',2696.50,'170133'),(655,14,NULL,'2016-12-01',NULL,41,1,0.00,0.00,0.00,2,11873,'',NULL,NULL,NULL,NULL,NULL,NULL,4,'2016-12-01',3275.70,'Inv2090-2096'),(656,6,NULL,'2016-12-31',NULL,41,1,0.00,0.00,0.00,3,11867,'',NULL,NULL,NULL,NULL,NULL,NULL,4,'2016-12-31',10829.19,'PAYE/UIF/SDL - Dec16'),(657,14,NULL,'2017-01-03',NULL,41,1,0.00,0.00,0.00,2,11977,'',NULL,NULL,NULL,NULL,NULL,NULL,4,'2017-01-03',15352.21,'Inv2152-2157'),(658,28,NULL,'2017-01-03',NULL,41,1,0.00,0.00,0.00,2,11866,'',NULL,NULL,NULL,NULL,NULL,NULL,4,'2017-01-03',729.91,'Jan17'),(659,15,NULL,'2016-12-13',NULL,41,1,0.00,0.00,0.00,2,11876,'',NULL,NULL,NULL,NULL,NULL,NULL,4,'2016-12-13',650.00,'0967-2016-2090'),(660,15,NULL,'2017-01-13',NULL,41,1,0.00,0.00,0.00,2,11976,'',NULL,NULL,NULL,NULL,NULL,NULL,4,'2017-01-13',650.00,'0967-2016-2269'),(661,18,NULL,'2017-01-19',NULL,41,1,0.00,0.00,0.00,2,11865,'',NULL,NULL,NULL,NULL,NULL,NULL,4,'2017-01-19',401.71,'120'),(662,4,NULL,'2017-01-25',NULL,41,1,0.00,0.00,0.00,2,11864,'',NULL,NULL,NULL,NULL,NULL,NULL,4,'2017-01-25',2750.00,'I00003755'),(663,29,NULL,'2017-01-31',NULL,41,1,0.00,0.00,0.00,2,11972,'',NULL,NULL,NULL,NULL,NULL,NULL,4,'2017-01-31',1770.00,'LL1/2/17'),(664,21,NULL,'2017-01-03',NULL,41,1,0.00,0.00,0.00,2,11971,'',NULL,NULL,NULL,NULL,NULL,NULL,4,'2017-01-03',4472.77,'B694053370-77'),(665,18,NULL,'2017-01-31',NULL,41,1,0.00,0.00,0.00,2,11970,'',NULL,NULL,NULL,NULL,NULL,NULL,4,'2017-01-31',4576.41,'197'),(666,3,NULL,'2017-02-01',NULL,41,1,0.00,0.00,0.00,2,11969,'',NULL,NULL,NULL,NULL,NULL,NULL,4,'2017-02-01',1041.23,'IAB12551753'),(667,6,NULL,'2017-01-31',NULL,41,1,0.00,0.00,0.00,3,11863,'',NULL,NULL,NULL,NULL,NULL,NULL,4,'2017-01-31',11302.69,'PAYE/UIF/SDL - Jan17'),(668,5,NULL,'2017-01-30',NULL,41,1,0.00,0.00,0.00,3,11862,'',NULL,NULL,NULL,NULL,NULL,NULL,4,'2017-01-30',3646.50,'170149'),(669,39,NULL,'2016-12-01',NULL,41,1,0.00,0.00,0.00,2,11875,'',NULL,NULL,NULL,NULL,NULL,NULL,4,'2016-12-01',7250.00,'ILS A25 0112 16'),(670,13,NULL,'2016-12-12',NULL,41,1,0.00,0.00,0.00,2,11877,'',NULL,NULL,NULL,NULL,NULL,NULL,4,'2016-12-12',435.11,'37271'),(671,21,NULL,'2017-01-24',NULL,41,1,0.00,0.00,0.00,2,11973,'',NULL,NULL,NULL,NULL,NULL,NULL,4,'2017-01-24',55.26,'8036019'),(672,43,NULL,'2017-01-28',NULL,41,1,0.00,0.00,0.00,2,11974,'',NULL,NULL,NULL,NULL,NULL,NULL,4,'2017-01-28',6975.00,'441744'),(673,44,NULL,'2017-01-15',NULL,41,1,0.00,0.00,0.00,2,11975,'',NULL,NULL,NULL,NULL,NULL,NULL,4,'2017-01-15',125.79,'449'),(674,14,NULL,'2017-01-01',NULL,41,1,0.00,0.00,0.00,3,11978,'',NULL,NULL,NULL,NULL,NULL,NULL,4,'2017-01-01',4200.00,'Inv2156'),(675,7,NULL,'2017-01-01',NULL,41,1,0.00,0.00,0.00,2,12055,'',NULL,NULL,NULL,NULL,NULL,NULL,4,'2017-01-01',745.15,'143/201701'),(676,14,NULL,'2017-02-01',NULL,41,1,0.00,0.00,0.00,2,12099,'',NULL,NULL,NULL,NULL,NULL,NULL,4,'2017-02-01',26695.44,'Inv2188-2196'),(677,14,NULL,'2017-02-01',NULL,41,1,0.00,0.00,0.00,2,12100,'',NULL,NULL,NULL,NULL,NULL,NULL,4,'2017-02-01',2353.51,'Inv2197'),(678,14,NULL,'2017-02-01',NULL,41,1,0.00,0.00,0.00,3,12101,'',NULL,NULL,NULL,NULL,NULL,NULL,4,'2017-02-01',4000.00,'Inv2197'),(679,23,NULL,'2017-02-01',NULL,41,1,0.00,0.00,0.00,2,12102,'',NULL,NULL,NULL,NULL,NULL,NULL,4,'2017-02-01',877.19,'Inv750883'),(681,41,NULL,'2017-02-03',NULL,41,1,0.00,0.00,0.00,2,12104,'',NULL,NULL,NULL,NULL,NULL,NULL,4,'2017-02-03',8370.00,'Inv312104'),(682,15,NULL,'2017-02-28',NULL,41,1,0.00,0.00,0.00,2,12105,'',NULL,NULL,NULL,NULL,NULL,NULL,4,'2017-02-28',650.00,'0967-2017-134'),(683,13,NULL,'2017-02-13',NULL,41,1,0.00,0.00,0.00,2,12106,'',NULL,NULL,NULL,NULL,NULL,NULL,4,'2017-02-13',1475.24,'41243'),(684,4,NULL,'2017-02-24',NULL,41,1,0.00,0.00,0.00,2,12108,'',NULL,NULL,NULL,NULL,NULL,NULL,4,'2017-02-24',2750.00,'I00003795'),(685,29,NULL,'2017-02-28',NULL,41,1,0.00,0.00,0.00,2,12109,'',NULL,NULL,NULL,NULL,NULL,NULL,4,'2017-02-28',1770.00,'LL1/3/17'),(686,18,NULL,'2017-02-28',NULL,41,1,0.00,0.00,0.00,2,12110,'',NULL,NULL,NULL,NULL,NULL,NULL,4,'2017-02-28',550.00,'198'),(687,3,NULL,'2017-03-01',NULL,41,1,0.00,0.00,0.00,2,12111,'',NULL,NULL,NULL,NULL,NULL,NULL,4,'2017-03-01',1041.23,'IAB12855886'),(688,21,NULL,'2017-02-03',NULL,41,1,0.00,0.00,0.00,2,12112,'',NULL,NULL,NULL,NULL,NULL,NULL,4,'2017-02-03',4581.19,'B702053831-9'),(689,5,NULL,'2017-02-28',NULL,41,1,0.00,0.00,0.00,3,12113,'',NULL,NULL,NULL,NULL,NULL,NULL,4,'2017-02-28',10745.00,'170158'),(690,14,NULL,'2017-03-01',NULL,41,1,0.00,0.00,0.00,2,12210,'',NULL,NULL,NULL,NULL,NULL,NULL,4,'2017-03-01',20821.21,'2211, 2234-47'),(705,6,NULL,'2017-02-28',NULL,41,1,0.00,0.00,0.00,3,12215,'',NULL,NULL,NULL,NULL,NULL,NULL,4,'2017-02-28',18757.71,'PAYE/UIF - Feb17'),(691,45,NULL,'2017-02-20',NULL,41,1,0.00,0.00,0.00,3,12200,'',NULL,NULL,NULL,NULL,NULL,NULL,4,'2017-02-20',2698.00,'3339979024679'),(692,14,NULL,'2017-03-13',NULL,41,1,0.00,0.00,0.00,2,12116,'',NULL,NULL,NULL,NULL,NULL,NULL,4,'2017-03-13',14210.53,'SAL14210'),(693,13,NULL,'2017-03-10',NULL,41,1,0.00,0.00,0.00,2,12117,'',NULL,NULL,NULL,NULL,NULL,NULL,4,'2017-03-10',1483.33,'42829'),(694,4,NULL,'2017-03-24',NULL,41,1,0.00,0.00,0.00,2,12118,'',NULL,NULL,NULL,NULL,NULL,NULL,4,'2017-03-24',3302.63,'I00003831'),(695,5,NULL,'2017-03-27',NULL,41,1,0.00,0.00,0.00,3,12119,'',NULL,NULL,NULL,NULL,NULL,NULL,4,'2017-03-27',3405.00,'180005'),(696,15,NULL,'2017-03-01',NULL,41,1,0.00,0.00,0.00,2,12120,'',NULL,NULL,NULL,NULL,NULL,NULL,4,'2017-03-01',650.00,'0967-2017-352'),(697,29,NULL,'2017-03-31',NULL,41,1,0.00,0.00,0.00,2,12121,'',NULL,NULL,NULL,NULL,NULL,NULL,4,'2017-03-31',1770.00,'LL1/4/17'),(698,21,NULL,'2017-03-03',NULL,41,1,0.00,0.00,0.00,2,12122,'',NULL,NULL,NULL,NULL,NULL,NULL,4,'2017-03-03',4594.58,'B710054414-22'),(699,18,NULL,'2017-03-30',NULL,41,1,0.00,0.00,0.00,2,12123,'',NULL,NULL,NULL,NULL,NULL,NULL,4,'2017-03-30',550.00,'199'),(700,3,NULL,'2017-04-01',NULL,41,1,0.00,0.00,0.00,2,12124,'',NULL,NULL,NULL,NULL,NULL,NULL,4,'2017-04-01',1041.23,'IAB13157744'),(701,18,NULL,'2017-02-28',NULL,41,1,0.00,0.00,0.00,2,12125,'',NULL,NULL,NULL,NULL,NULL,NULL,4,'2017-02-28',405.70,'121'),(702,28,NULL,'2017-02-01',NULL,41,1,0.00,0.00,0.00,2,12126,'',NULL,NULL,NULL,NULL,NULL,NULL,4,'2017-02-01',943.01,'Feb17'),(703,28,NULL,'2017-03-01',NULL,41,1,0.00,0.00,0.00,2,12127,'',NULL,NULL,NULL,NULL,NULL,NULL,4,'2017-03-01',920.94,'Mar17'),(704,18,NULL,'2017-03-31',NULL,41,1,0.00,0.00,0.00,2,12128,'',NULL,NULL,NULL,NULL,NULL,NULL,4,'2017-03-31',523.07,'122'),(706,6,NULL,'2017-03-31',NULL,41,1,0.00,0.00,0.00,3,12353,'',NULL,NULL,NULL,NULL,NULL,NULL,4,'2017-03-31',13393.16,'PAYE/UIF - Mar17'),(707,28,NULL,'2017-04-01',NULL,41,1,0.00,0.00,0.00,2,12372,'',NULL,NULL,NULL,NULL,NULL,NULL,4,'2017-04-01',920.94,'Apr17'),(708,6,NULL,'2017-04-30',NULL,41,1,0.00,0.00,0.00,1,12354,'',NULL,NULL,NULL,NULL,NULL,NULL,4,'2017-04-30',13374.83,'PAYE/UIF - Apr17'),(709,14,NULL,'2017-04-04',NULL,41,1,0.00,0.00,0.00,2,12355,'',NULL,NULL,NULL,NULL,NULL,NULL,4,'2017-04-04',38683.54,'Inv2245-2314'),(710,15,NULL,'2017-04-10',NULL,41,1,0.00,0.00,0.00,2,12356,'',NULL,NULL,NULL,NULL,NULL,NULL,4,'2017-04-10',650.00,'0967-2017-554'),(711,4,NULL,'2017-04-25',NULL,41,1,0.00,0.00,0.00,2,12357,'',NULL,NULL,NULL,NULL,NULL,NULL,4,'2017-04-25',2934.21,'I00003861'),(712,5,NULL,'2017-04-28',NULL,41,1,0.00,0.00,0.00,3,12358,'',NULL,NULL,NULL,NULL,NULL,NULL,4,'2017-04-28',3805.00,'180020'),(713,3,NULL,'2017-05-01',NULL,41,1,0.00,0.00,0.00,2,12359,'',NULL,NULL,NULL,NULL,NULL,NULL,4,'2017-05-01',1041.23,'IAB13460988'),(714,21,NULL,'2017-04-03',NULL,41,1,0.00,0.00,0.00,2,12360,'',NULL,NULL,NULL,NULL,NULL,NULL,4,'2017-04-03',4591.18,'B718054598-606'),(715,29,NULL,'2017-04-30',NULL,41,1,0.00,0.00,0.00,2,12361,'',NULL,NULL,NULL,NULL,NULL,NULL,4,'2017-04-30',1770.00,'LL1/5/17'),(716,18,NULL,'2017-04-28',NULL,41,1,0.00,0.00,0.00,2,12362,'',NULL,NULL,NULL,NULL,NULL,NULL,4,'2017-04-28',550.00,'200'),(717,18,NULL,'2017-04-19',NULL,41,1,0.00,0.00,0.00,2,12363,'',NULL,NULL,NULL,NULL,NULL,NULL,4,'2017-04-19',554.30,'123'),(718,14,NULL,'2017-05-01',NULL,41,1,0.00,0.00,0.00,2,12431,'',NULL,NULL,NULL,NULL,NULL,NULL,4,'2017-05-01',15823.69,'2334-2346'),(719,15,NULL,'2017-05-02',NULL,41,1,0.00,0.00,0.00,2,12432,'',NULL,NULL,NULL,NULL,NULL,NULL,4,'2017-05-02',650.00,'0967-2017-744'),(720,39,NULL,'2017-05-12',NULL,41,1,0.00,0.00,0.00,2,12433,'',NULL,NULL,NULL,NULL,NULL,NULL,4,'2017-05-12',7950.00,'120517'),(721,29,NULL,'2017-05-30',NULL,41,1,0.00,0.00,0.00,2,12434,'',NULL,NULL,NULL,NULL,NULL,NULL,4,'2017-05-30',1770.00,'LL1/6/17'),(722,21,NULL,'2017-05-03',NULL,41,1,0.00,0.00,0.00,2,12435,'',NULL,NULL,NULL,NULL,NULL,NULL,4,'2017-05-03',4681.84,'B751143491-499'),(723,4,NULL,'2017-05-25',NULL,41,1,0.00,0.00,0.00,2,12436,'',NULL,NULL,NULL,NULL,NULL,NULL,4,'2017-05-25',2842.11,'I00003893'),(724,5,NULL,'2017-05-29',NULL,41,1,0.00,0.00,0.00,3,12437,'',NULL,NULL,NULL,NULL,NULL,NULL,4,'2017-05-29',4285.00,'180030'),(725,18,NULL,'2017-05-30',NULL,41,1,0.00,0.00,0.00,2,12438,'',NULL,NULL,NULL,NULL,NULL,NULL,4,'2017-05-30',550.00,'201'),(726,3,NULL,'2017-06-01',NULL,41,1,0.00,0.00,0.00,2,12439,'',NULL,NULL,NULL,NULL,NULL,NULL,4,'2017-06-01',1041.23,'IAB13761203'),(727,18,NULL,'2017-05-19',NULL,41,1,0.00,0.00,0.00,2,12440,'',NULL,NULL,NULL,NULL,NULL,NULL,4,'2017-05-19',477.11,'124'),(728,28,NULL,'2017-05-01',NULL,41,1,0.00,0.00,0.00,2,12444,'',NULL,NULL,NULL,NULL,NULL,NULL,4,'2017-05-01',920.94,'May17'),(729,28,NULL,'2017-06-02',NULL,41,1,0.00,0.00,0.00,2,12543,'',NULL,NULL,NULL,NULL,NULL,NULL,4,'2017-06-02',920.94,'Jun17'),(730,14,NULL,'2017-06-01',NULL,41,1,0.00,0.00,0.00,2,12544,'',NULL,NULL,NULL,NULL,NULL,NULL,4,'2017-06-01',1524.38,'Inv2379-2381'),(731,15,NULL,'2017-06-01',NULL,41,1,0.00,0.00,0.00,2,12545,'',NULL,NULL,NULL,NULL,NULL,NULL,4,'2017-06-01',650.00,'0967-2017-936'),(732,13,NULL,'2017-06-08',NULL,41,1,0.00,0.00,0.00,2,12546,'',NULL,NULL,NULL,NULL,NULL,NULL,4,'2017-06-08',312.40,'3000036945'),(733,4,NULL,'2017-06-26',NULL,41,1,0.00,0.00,0.00,2,12547,'',NULL,NULL,NULL,NULL,NULL,NULL,4,'2017-06-26',3060.00,'I00003924'),(734,5,NULL,'2017-06-25',NULL,41,1,0.00,0.00,0.00,3,12548,'',NULL,NULL,NULL,NULL,NULL,NULL,4,'2017-06-25',9405.00,'180039'),(735,29,NULL,'2017-06-30',NULL,41,1,0.00,0.00,0.00,2,12549,'',NULL,NULL,NULL,NULL,NULL,NULL,4,'2017-06-30',1770.00,'LL1/7/17'),(736,21,NULL,'2017-06-03',NULL,41,1,0.00,0.00,0.00,2,12550,'',NULL,NULL,NULL,NULL,NULL,NULL,4,'2017-06-03',4768.53,'B759256379'),(737,14,NULL,'2017-06-30',NULL,41,1,0.00,0.00,0.00,2,12551,'',NULL,NULL,NULL,NULL,NULL,NULL,4,'2017-06-30',10966.49,'Inv2415-2422'),(738,18,NULL,'2017-06-30',NULL,41,1,0.00,0.00,0.00,2,12552,'',NULL,NULL,NULL,NULL,NULL,NULL,4,'2017-08-10',550.00,'202'),(739,18,NULL,'2017-06-30',NULL,41,1,0.00,0.00,0.00,2,12553,'',NULL,NULL,NULL,NULL,NULL,NULL,4,'2017-06-30',402.98,'125'),(740,3,NULL,'2017-07-01',NULL,41,1,0.00,0.00,0.00,2,12554,'',NULL,NULL,NULL,NULL,NULL,NULL,4,'2017-07-01',1041.23,'IAB14059903'),(741,6,NULL,'2017-06-30',NULL,41,1,0.00,0.00,0.00,3,12555,'',NULL,NULL,NULL,NULL,NULL,NULL,4,'2017-06-30',14346.74,'PAYE/UIF - Jun17'),(742,28,NULL,'2017-07-01',NULL,41,1,0.00,0.00,0.00,2,12556,'',NULL,NULL,NULL,NULL,NULL,NULL,4,'2017-07-01',920.94,'Jul17'),(743,4,NULL,'2017-07-25',NULL,41,1,0.00,0.00,0.00,2,12557,'',NULL,NULL,NULL,NULL,NULL,NULL,4,'2017-07-25',3152.11,'I00003957'),(744,29,NULL,'2017-07-31',NULL,41,1,0.00,0.00,0.00,2,12558,'',NULL,NULL,NULL,NULL,NULL,NULL,4,'2017-07-31',1770.00,'LL1/8/17'),(745,18,NULL,'2017-07-29',NULL,41,1,0.00,0.00,0.00,2,12559,'',NULL,NULL,NULL,NULL,NULL,NULL,4,'2017-07-29',580.00,'203'),(746,18,NULL,'2017-07-31',NULL,41,1,0.00,0.00,0.00,2,12560,'',NULL,NULL,NULL,NULL,NULL,NULL,4,'2017-07-31',443.99,'126'),(747,6,NULL,'2017-07-31',NULL,41,1,0.00,0.00,0.00,3,12561,'',NULL,NULL,NULL,NULL,NULL,NULL,4,'2017-07-31',12184.84,'PAYE/UIF - Jul17'),(748,3,NULL,'2017-08-01',NULL,41,1,0.00,0.00,0.00,2,12562,'',NULL,NULL,NULL,NULL,NULL,NULL,4,'2017-08-01',1041.23,'IAB14358035'),(749,21,NULL,'2017-07-03',NULL,41,1,0.00,0.00,0.00,2,12563,'',NULL,NULL,NULL,NULL,NULL,NULL,4,'2017-07-03',4582.71,'B770287899-7907'),(750,6,NULL,'2017-05-31',NULL,41,1,0.00,0.00,0.00,3,12600,'',NULL,NULL,NULL,NULL,NULL,NULL,4,'2017-05-31',13137.25,'PAYE/UIF - May17'),(751,5,NULL,'2017-07-31',NULL,41,1,0.00,0.00,0.00,3,12712,'',NULL,NULL,NULL,NULL,NULL,NULL,4,'2017-07-31',3405.00,'180050'),(752,14,NULL,'2017-08-01',NULL,41,1,0.00,0.00,0.00,2,12757,'',NULL,NULL,NULL,NULL,NULL,NULL,4,'2017-08-01',133.33,'Inv2455'),(753,5,NULL,'2017-08-31',NULL,41,1,0.00,0.00,0.00,3,12758,'',NULL,NULL,NULL,NULL,NULL,NULL,4,'2017-08-31',3895.00,'180062'),(754,46,NULL,'2017-08-01',NULL,41,1,0.00,0.00,0.00,2,12759,'',NULL,NULL,NULL,NULL,NULL,NULL,4,'2017-08-01',2332.46,'4453'),(755,4,NULL,'2017-08-25',NULL,41,1,0.00,0.00,0.00,2,12760,'',NULL,NULL,NULL,NULL,NULL,NULL,4,'2017-08-25',3060.00,'I00003989'),(756,29,NULL,'2017-08-31',NULL,41,1,0.00,0.00,0.00,2,12761,'',NULL,NULL,NULL,NULL,NULL,NULL,4,'2017-08-31',1770.00,'LL1/9/17'),(757,21,NULL,'2017-08-03',NULL,41,1,0.00,0.00,0.00,2,12762,'',NULL,NULL,NULL,NULL,NULL,NULL,4,'2017-08-03',4834.55,'B778288384-92'),(758,18,NULL,'2017-08-31',NULL,41,1,0.00,0.00,0.00,2,12763,'',NULL,NULL,NULL,NULL,NULL,NULL,4,'2017-08-31',580.00,'204'),(759,18,NULL,'2017-08-19',NULL,41,1,0.00,0.00,0.00,2,12808,'',NULL,NULL,NULL,NULL,NULL,NULL,4,'2017-08-19',351.80,'127'),(760,3,NULL,'2017-09-01',NULL,41,1,0.00,0.00,0.00,2,12765,'',NULL,NULL,NULL,NULL,NULL,NULL,4,'2017-09-01',1041.23,'IAB14656815'),(761,6,NULL,'2017-08-31',NULL,41,1,0.00,0.00,0.00,3,12766,'',NULL,NULL,NULL,NULL,NULL,NULL,4,'2017-08-31',12004.06,'PAYE/UIF - Aug17'),(762,28,NULL,'2017-08-01',NULL,41,1,0.00,0.00,0.00,2,12767,'',NULL,NULL,NULL,NULL,NULL,NULL,4,'2017-08-01',920.94,'Aug17'),(763,28,NULL,'2017-09-01',NULL,41,1,0.00,0.00,0.00,2,12870,'',NULL,NULL,NULL,NULL,NULL,NULL,4,'2017-09-01',920.94,'Sept17'),(764,14,NULL,'2017-09-01',NULL,41,1,0.00,0.00,0.00,2,12769,'',NULL,NULL,NULL,NULL,NULL,NULL,4,'2017-09-01',3215.52,'Inv2486-92'),(765,46,NULL,'2017-09-01',NULL,41,1,0.00,0.00,0.00,2,12770,'',NULL,NULL,NULL,NULL,NULL,NULL,4,'2017-09-01',832.46,'7584'),(766,4,NULL,'2017-09-25',NULL,41,1,0.00,0.00,0.00,2,12869,'',NULL,NULL,NULL,NULL,NULL,NULL,4,'2017-09-25',3152.11,'I00004022'),(774,6,NULL,'2017-09-30',NULL,41,1,0.00,0.00,0.00,1,12874,'',NULL,NULL,NULL,NULL,NULL,NULL,4,'2017-09-30',12042.29,'PAYE/UIF - Sept17'),(767,5,NULL,'2017-09-26',NULL,41,1,0.00,0.00,0.00,3,12772,'',NULL,NULL,NULL,NULL,NULL,NULL,4,'2017-09-26',3405.00,'180076'),(768,46,NULL,'2017-10-01',NULL,41,1,0.00,0.00,0.00,2,12773,'',NULL,NULL,NULL,NULL,NULL,NULL,4,'2017-10-01',832.46,'11506'),(769,29,NULL,'2017-09-30',NULL,41,1,0.00,0.00,0.00,2,12774,'',NULL,NULL,NULL,NULL,NULL,NULL,4,'2017-09-30',1770.00,'LL1/10/17'),(770,3,NULL,'2017-10-01',NULL,41,1,0.00,0.00,0.00,2,12775,'',NULL,NULL,NULL,NULL,NULL,NULL,4,'2017-10-01',1041.23,'IAB14955853'),(771,21,NULL,'2017-09-03',NULL,41,1,0.00,0.00,0.00,2,12776,'',NULL,NULL,NULL,NULL,NULL,NULL,4,'2017-09-03',4582.15,'B825288227-35'),(772,18,NULL,'2017-09-19',NULL,41,1,0.00,0.00,0.00,2,12777,'',NULL,NULL,NULL,NULL,NULL,NULL,4,'2017-09-19',360.09,'128'),(773,18,NULL,'2017-09-30',NULL,41,1,0.00,0.00,0.00,2,12778,'',NULL,NULL,NULL,NULL,NULL,NULL,4,'2017-09-30',580.00,'205'),(775,3,NULL,'2017-12-01',NULL,41,1,0.00,0.00,0.00,2,12952,'',NULL,NULL,NULL,NULL,NULL,NULL,4,'2017-12-01',1041.23,'IAB15549558'),(776,18,NULL,'2017-11-29',NULL,41,1,0.00,0.00,0.00,2,12953,'',NULL,NULL,NULL,NULL,NULL,NULL,4,'2017-11-29',580.00,'207'),(777,14,NULL,'2017-11-30',NULL,41,1,0.00,0.00,0.00,2,12954,'',NULL,NULL,NULL,NULL,NULL,NULL,4,'2017-11-30',4740.09,'Inv2604-06'),(778,21,NULL,'2017-11-03',NULL,41,1,0.00,0.00,0.00,2,12955,'',NULL,NULL,NULL,NULL,NULL,NULL,4,'2017-11-03',4599.73,'B844277971-79'),(779,46,NULL,'2017-11-27',NULL,41,1,0.00,0.00,0.00,2,12956,'',NULL,NULL,NULL,NULL,NULL,NULL,4,'2017-11-27',832.46,'16065'),(780,13,NULL,'2017-11-23',NULL,41,1,0.00,0.00,0.00,2,12957,'',NULL,NULL,NULL,NULL,NULL,NULL,4,'2017-11-23',1906.14,'15889'),(781,4,NULL,'2017-11-24',NULL,41,1,0.00,0.00,0.00,2,12958,'',NULL,NULL,NULL,NULL,NULL,NULL,4,'2017-11-24',3612.64,'I00004095'),(782,22,NULL,'2017-11-18',NULL,41,1,0.00,0.00,0.00,2,12959,'',NULL,NULL,NULL,NULL,NULL,NULL,4,'2017-11-18',628.95,'002024993709'),(783,13,NULL,'2017-11-17',NULL,41,1,0.00,0.00,0.00,2,12960,'',NULL,NULL,NULL,NULL,NULL,NULL,4,'2017-11-17',167.20,'15705'),(784,22,NULL,'2017-10-31',NULL,41,1,0.00,0.00,0.00,2,12961,'',NULL,NULL,NULL,NULL,NULL,NULL,4,'2017-10-31',1619.30,'0724'),(785,14,NULL,'2017-10-31',NULL,41,1,0.00,0.00,0.00,2,12962,'',NULL,NULL,NULL,NULL,NULL,NULL,4,'2017-11-30',5634.81,'Inv2573-2591'),(786,14,NULL,'2017-10-31',NULL,41,1,0.00,0.00,0.00,3,12963,'',NULL,NULL,NULL,NULL,NULL,NULL,4,'2017-10-31',4000.00,'Inv2591'),(787,5,NULL,'2017-11-30',NULL,41,1,0.00,0.00,0.00,3,12964,'',NULL,NULL,NULL,NULL,NULL,NULL,4,'2017-11-30',3405.00,'180106'),(788,5,NULL,'2017-10-30',NULL,41,1,0.00,0.00,0.00,3,12965,'',NULL,NULL,NULL,NULL,NULL,NULL,4,'2017-10-30',4285.00,'180091'),(789,6,NULL,'2017-10-31',NULL,41,1,0.00,0.00,0.00,3,12966,'',NULL,NULL,NULL,NULL,NULL,NULL,4,'2017-10-31',12050.62,'PAYE/UIF - Oct17'),(790,6,NULL,'2017-11-30',NULL,41,1,0.00,0.00,0.00,3,12967,'',NULL,NULL,NULL,NULL,NULL,NULL,4,'2017-11-30',12050.62,'PAYE/UIF - Nov17'),(791,18,NULL,'2017-11-18',NULL,41,1,0.00,0.00,0.00,2,12968,'',NULL,NULL,NULL,NULL,NULL,NULL,4,'2017-11-18',667.34,'130'),(792,28,NULL,'2017-11-01',NULL,41,1,0.00,0.00,0.00,2,12969,'',NULL,NULL,NULL,NULL,NULL,NULL,4,'2017-11-01',991.19,'Nov17'),(793,28,NULL,'2017-10-02',NULL,41,1,0.00,0.00,0.00,2,12970,'',NULL,NULL,NULL,NULL,NULL,NULL,4,'2017-10-02',991.19,'Oct17'),(794,18,NULL,'2017-10-19',NULL,41,1,0.00,0.00,0.00,2,12971,'',NULL,NULL,NULL,NULL,NULL,NULL,4,'2017-10-19',1390.77,'129'),(795,3,NULL,'2017-11-01',NULL,41,1,0.00,0.00,0.00,2,12972,'',NULL,NULL,NULL,NULL,NULL,NULL,4,'2017-11-01',1259.65,'IAB15253730'),(796,18,NULL,'2017-10-30',NULL,41,1,0.00,0.00,0.00,2,12973,'',NULL,NULL,NULL,NULL,NULL,NULL,4,'2017-10-30',580.00,'206'),(797,21,NULL,'2017-10-03',NULL,41,1,0.00,0.00,0.00,2,12974,'',NULL,NULL,NULL,NULL,NULL,NULL,4,'2017-10-03',4578.74,'B833277985-993'),(798,29,NULL,'2017-10-30',NULL,41,1,0.00,0.00,0.00,2,12975,'',NULL,NULL,NULL,NULL,NULL,NULL,4,'2017-10-30',1770.00,'LL1/11/17'),(799,46,NULL,'2017-10-27',NULL,41,1,0.00,0.00,0.00,2,12976,'',NULL,NULL,NULL,NULL,NULL,NULL,4,'2017-10-27',832.46,'14126'),(800,2,NULL,'2017-10-25',NULL,41,1,0.00,0.00,0.00,2,12977,'',NULL,NULL,NULL,NULL,NULL,NULL,4,'2017-10-25',876.58,'Paint Emporium'),(801,2,NULL,'2017-10-25',NULL,41,1,0.00,0.00,0.00,3,12978,'',NULL,NULL,NULL,NULL,NULL,NULL,4,'2017-10-25',277.30,'Paint Emporium 872742'),(802,4,NULL,'2017-10-25',NULL,41,1,0.00,0.00,0.00,2,12979,'',NULL,NULL,NULL,NULL,NULL,NULL,4,'2017-10-25',3060.00,'I00004058'),(803,13,NULL,'2017-10-20',NULL,41,1,0.00,0.00,0.00,2,12980,'',NULL,NULL,NULL,NULL,NULL,NULL,4,'2017-10-20',118.16,'53774'),(804,29,NULL,'2017-11-29',NULL,41,1,0.00,0.00,0.00,2,13076,'',NULL,NULL,NULL,NULL,NULL,NULL,4,'2017-11-29',1770.00,'LL1/12/17');

--
-- Table structure for table `supplier_invoice_lines`
--

CREATE TABLE `supplier_invoice_lines` (
  `supplier_invoice_linesid` int(11) NOT NULL AUTO_INCREMENT,
  `supplier_invoiceid` int(11) DEFAULT NULL,
  `stock_itemsid` int(11) DEFAULT NULL,
  `supplier_item_code` varchar(12) DEFAULT NULL,
  `item_code` varchar(12) DEFAULT NULL,
  `name` varchar(25) DEFAULT NULL,
  `description` tinytext,
  `qty` float(11,0) DEFAULT NULL,
  `cost_price_excluding_vat` decimal(11,5) DEFAULT NULL,
  `selling_price_excluding_vat` decimal(11,5) DEFAULT NULL,
  `selling_price_including_vat` decimal(11,5) DEFAULT NULL,
  `unit_typeid` int(11) DEFAULT NULL,
  `supplier_ordered_qty` int(11) DEFAULT NULL,
  `ordered` int(11) DEFAULT NULL,
  `eta` date DEFAULT NULL,
  `added` tinyint(1) DEFAULT NULL,
  `account_noid` int(11) DEFAULT NULL,
  `addedqty` float DEFAULT NULL,
  PRIMARY KEY (`supplier_invoice_linesid`)
) ENGINE=MyISAM AUTO_INCREMENT=1210 DEFAULT CHARSET=latin1;

--
-- Dumping data for table `supplier_invoice_lines`
--

INSERT INTO `supplier_invoice_lines` VALUES (3,2,0,NULL,'LBR',NULL,'Payroll &amp; income tax returns',1,2200.00000,NULL,NULL,1,NULL,NULL,NULL,NULL,36,NULL),(8,3,0,NULL,'LBR',NULL,'Monthly web hosting Oct10',1,398.00000,NULL,NULL,1,NULL,NULL,NULL,NULL,40,NULL),(10,4,0,NULL,'HST',NULL,'Monthly web Hosting Nov10',1,798.00000,NULL,NULL,1,NULL,NULL,NULL,NULL,40,NULL),(12,5,0,NULL,'LBR',NULL,'ILS Website development',1,5745.60000,NULL,NULL,1,NULL,NULL,NULL,NULL,40,NULL),(13,6,0,NULL,'HST',NULL,'Hosting fees - Dec10',1,798.00000,NULL,NULL,1,NULL,NULL,NULL,NULL,40,NULL),(14,7,0,NULL,'LBR',NULL,'Website development',1,2362.08000,NULL,NULL,1,NULL,NULL,NULL,NULL,40,NULL),(15,8,0,NULL,'JM1333KSU-2G',NULL,'Transcend Notebook memory',1,391.99000,NULL,NULL,1,NULL,NULL,NULL,NULL,57,NULL),(16,9,0,NULL,'HST',NULL,'Hosting Oct10',1,398.00000,NULL,NULL,1,NULL,NULL,NULL,NULL,40,NULL),(17,10,0,NULL,'HST',NULL,'Hosting - Nov10',1,798.00000,NULL,NULL,1,NULL,NULL,NULL,NULL,40,NULL),(18,11,0,NULL,'LBR',NULL,'Website development Nov10',1,5745.60000,NULL,NULL,1,NULL,NULL,NULL,NULL,40,NULL),(19,12,0,NULL,'COM',NULL,'Office PC',1,6553.69000,NULL,NULL,1,NULL,NULL,NULL,NULL,40,NULL),(20,13,0,NULL,'OPC',NULL,'Office PC',1,6908.97000,NULL,NULL,1,NULL,NULL,NULL,NULL,40,NULL),(21,14,0,NULL,'SFT',NULL,'Software - Win 7 Pro, MS office',1,2868.47000,NULL,NULL,1,NULL,NULL,NULL,NULL,40,NULL),(22,14,0,NULL,'MON',NULL,'Samsung 23inch Monitor',1,1697.74000,NULL,NULL,1,NULL,NULL,NULL,NULL,40,NULL),(23,15,0,NULL,'CLP-320',NULL,'Samsung colour laser &amp; cartridges',1,2970.73000,NULL,NULL,1,NULL,NULL,NULL,NULL,40,NULL),(24,16,0,NULL,'HST',NULL,'Hosting - Jan11',1,798.00000,NULL,NULL,1,NULL,NULL,NULL,NULL,40,NULL),(25,17,0,NULL,'CLT-K407S',NULL,'Black toner',1,509.98000,NULL,NULL,1,NULL,NULL,NULL,NULL,34,NULL),(26,18,0,NULL,'LBR',NULL,'Website development - Jan11',1,6064.80000,NULL,NULL,1,NULL,NULL,NULL,NULL,40,NULL),(27,19,0,NULL,'LOG220',NULL,'Logitech speakers',1,186.16000,NULL,NULL,1,NULL,NULL,NULL,NULL,29,NULL),(28,20,0,NULL,'LBR',NULL,'Website development Nov10',1,5745.60000,NULL,NULL,1,NULL,NULL,NULL,NULL,40,NULL),(29,21,0,NULL,'LBR',NULL,'Payroll returns, Financial statements',1,3350.00000,NULL,NULL,1,NULL,NULL,NULL,NULL,36,NULL),(30,22,0,NULL,'LBR',NULL,'Payroll, Financial statements',1,1550.00000,NULL,NULL,1,NULL,NULL,NULL,NULL,36,NULL),(31,23,0,NULL,'FIN',NULL,'Payroll returns, EMP201, Expenses recorded, Annual IT14',1,2100.00000,NULL,NULL,1,NULL,NULL,NULL,NULL,36,NULL),(32,24,0,NULL,'HST',NULL,'Monthly web hosting ',1,798.00000,NULL,NULL,1,NULL,NULL,NULL,NULL,40,NULL),(33,25,0,NULL,'PAYE FEB',NULL,'PAYE/UIF - Feb 2011',1,6013.63000,NULL,NULL,1,NULL,NULL,NULL,NULL,43,NULL),(34,26,0,NULL,'LBR',NULL,'Audio files and transcriptions - Feb11',17,285.00000,NULL,NULL,1,NULL,NULL,NULL,NULL,40,NULL),(35,26,0,NULL,'PIC',NULL,'Photos purchased',1,235.82000,NULL,NULL,1,NULL,NULL,NULL,NULL,40,NULL),(36,27,0,NULL,'LBR',NULL,'Transcriptions, Audio files',1,5223.32000,NULL,NULL,1,NULL,NULL,NULL,NULL,29,NULL),(37,28,0,NULL,'HST',NULL,'Monthly hosting and domains Mar',1,1477.44000,NULL,NULL,1,NULL,NULL,NULL,NULL,40,NULL),(38,29,0,NULL,'LBR',NULL,'Mar accounting services',1,1900.00000,NULL,NULL,1,NULL,NULL,NULL,NULL,36,NULL),(39,30,0,NULL,'LBR',NULL,'Audio cleaning, transcriptions',1,3562.50000,NULL,NULL,1,NULL,NULL,NULL,NULL,29,NULL),(40,31,0,NULL,'HST',NULL,'Monthly web hosting Apr',1,945.06000,NULL,NULL,1,NULL,NULL,NULL,NULL,40,NULL),(41,32,0,NULL,'LBR',NULL,'Apr Accounting services',1,1550.00000,NULL,NULL,1,NULL,NULL,NULL,NULL,36,NULL),(42,33,0,NULL,'RNT',NULL,'Office rental - Apr 11',1,13525.88000,NULL,NULL,1,NULL,NULL,NULL,NULL,38,NULL),(43,34,0,NULL,'DOM',NULL,'New domains',1,2006.40000,NULL,NULL,1,NULL,NULL,NULL,NULL,40,NULL),(45,35,0,NULL,'PAYE',NULL,'PAYE and UIF - Mar 11',1,7197.53000,NULL,NULL,1,NULL,NULL,NULL,NULL,43,NULL),(46,36,0,NULL,'PAYE',NULL,'PAYE and UIF - Apr11',1,7195.52000,NULL,NULL,1,NULL,NULL,NULL,NULL,43,NULL),(47,37,0,NULL,'HST',NULL,'Monthly web hosting - May11',1,798.00000,NULL,NULL,1,NULL,NULL,NULL,NULL,40,NULL),(48,38,0,NULL,'AF',NULL,'May Financial services',1,2210.00000,NULL,NULL,1,NULL,NULL,NULL,NULL,36,NULL),(49,39,0,NULL,'PAYE',NULL,'PAYE / UIF - May 2011',1,7195.59000,NULL,NULL,1,NULL,NULL,NULL,NULL,43,NULL),(50,40,0,NULL,'PAYE',NULL,'Academy of Metaphysics - PAYE Payment',1,2000.00000,NULL,NULL,1,NULL,NULL,NULL,NULL,160,NULL),(51,41,0,NULL,'RENT',NULL,'Office Rent - May11',1,12747.20000,NULL,NULL,1,NULL,NULL,NULL,NULL,38,NULL),(52,42,0,NULL,'RENT',NULL,'Office Rent - Jun11',1,12962.07000,NULL,NULL,1,NULL,NULL,NULL,NULL,38,NULL),(53,43,0,NULL,'VL',NULL,'Vocal Lessons - Apr',1,550.00000,NULL,NULL,1,NULL,NULL,NULL,NULL,29,NULL),(54,44,0,NULL,'VL',NULL,'Vocal Lessons - May',1,550.00000,NULL,NULL,1,NULL,NULL,NULL,NULL,29,NULL),(55,45,0,NULL,'ADSL',NULL,'ADSL Jun11',1,55.00000,NULL,NULL,1,NULL,NULL,NULL,NULL,40,NULL),(56,46,0,NULL,'HST',NULL,'Monthlt web hosting - Jun11',1,798.00000,NULL,NULL,1,NULL,NULL,NULL,NULL,40,NULL),(57,47,0,NULL,'AF',NULL,'Accounting fees',1,1550.00000,NULL,NULL,1,NULL,NULL,NULL,NULL,36,NULL),(58,48,0,NULL,'PAYE',NULL,'PAYE and UIF Jun11',1,7195.60000,NULL,NULL,1,NULL,NULL,NULL,NULL,43,NULL),(59,49,0,NULL,'PAYE',NULL,'Academy of Metaphysics - PAYE Payment',1,2000.00000,NULL,NULL,1,NULL,NULL,NULL,NULL,160,NULL),(60,50,0,NULL,'PAYE',NULL,'PAYE &amp; UIF - Jul11',1,7170.34000,NULL,NULL,1,NULL,NULL,NULL,NULL,43,NULL),(61,51,0,NULL,'LBR',NULL,'Hosting Jul11',1,698.00000,NULL,NULL,1,NULL,NULL,NULL,NULL,40,NULL),(62,52,0,NULL,'LBR',NULL,'Accounting fees - Jul11',1,1550.00000,NULL,NULL,1,NULL,NULL,NULL,NULL,36,NULL),(63,53,0,NULL,'ADSL',NULL,'ADSL - July11',1,55.00000,NULL,NULL,1,NULL,NULL,NULL,NULL,40,NULL),(64,54,0,NULL,'RNT',NULL,'Office rent - July11',1,13770.90000,NULL,NULL,1,NULL,NULL,NULL,NULL,38,NULL),(65,55,0,NULL,'ADSL',NULL,'ADSL - Aug11',1,55.00000,NULL,NULL,1,NULL,NULL,NULL,NULL,40,NULL),(66,56,0,NULL,'HST',NULL,'Monthly web hosting Aug11',1,470.00000,NULL,NULL,1,NULL,NULL,NULL,NULL,40,NULL),(67,57,0,NULL,'LBR',NULL,'Monthly accounting fees - Aug11',1,3600.00000,NULL,NULL,1,NULL,NULL,NULL,NULL,36,NULL),(68,58,0,NULL,'ILS',NULL,'Assignments &amp; Training',1,20250.00000,NULL,NULL,1,NULL,NULL,NULL,NULL,57,NULL),(69,59,0,NULL,'RENT',NULL,'Office rent - Sept',1,13473.30000,NULL,NULL,1,NULL,NULL,NULL,NULL,38,NULL),(70,60,0,NULL,'ADSL',NULL,'ADSL Sept',1,55.00000,NULL,NULL,1,NULL,NULL,NULL,NULL,40,NULL),(71,61,0,NULL,'HST',NULL,'Hosting &amp; domain renewals Sept11',1,1037.72000,NULL,NULL,1,NULL,NULL,NULL,NULL,40,NULL),(133,119,0,NULL,'ADSL',NULL,'ADSL Aug',1,55.00000,NULL,NULL,1,NULL,NULL,NULL,NULL,40,NULL),(73,63,0,NULL,'LBR',NULL,'Web design work',1,1140.00000,NULL,NULL,1,NULL,NULL,NULL,NULL,40,NULL),(74,64,0,NULL,'DOMR',NULL,'1yr Domain Renewal - various',1,1185.60000,NULL,NULL,1,NULL,NULL,NULL,NULL,40,NULL),(75,65,0,NULL,'LBR',NULL,'Accounting fees Sep11',1,1550.00000,NULL,NULL,1,NULL,NULL,NULL,NULL,36,NULL),(76,66,0,NULL,'PAYE',NULL,'PAYE &amp; UIF Sept11',1,7182.46000,NULL,NULL,1,NULL,NULL,NULL,NULL,43,NULL),(77,67,0,NULL,'HST',NULL,'Monthly web hosting - Oct11',1,470.00000,NULL,NULL,1,NULL,NULL,NULL,NULL,40,NULL),(78,68,0,NULL,'LBR',NULL,'Additional website work Oct11',1,3876.00000,NULL,NULL,1,NULL,NULL,NULL,NULL,40,NULL),(79,69,0,NULL,'AF',NULL,'Accounting fees Oct11',1,1550.00000,NULL,NULL,1,NULL,NULL,NULL,NULL,36,NULL),(80,70,0,NULL,'PAYE',NULL,'PAYE UIF - Aug11',1,7172.36000,NULL,NULL,1,NULL,NULL,NULL,NULL,43,NULL),(81,71,0,NULL,'RNT',NULL,'Rent Oct',1,13149.12000,NULL,NULL,1,NULL,NULL,NULL,NULL,38,NULL),(82,72,0,NULL,'ADSL',NULL,'ADSL Oct11',1,55.00000,NULL,NULL,1,NULL,NULL,NULL,NULL,40,NULL),(83,73,0,NULL,'PAYE',NULL,'PAYE UIF Oct11',1,7172.36000,NULL,NULL,1,NULL,NULL,NULL,NULL,43,NULL),(84,74,0,NULL,'RENT',NULL,'Office Rent - Nov',1,13449.28000,NULL,NULL,1,NULL,NULL,NULL,NULL,38,NULL),(85,75,0,NULL,'ADSL',NULL,'ADSL ',1,55.00000,NULL,NULL,1,NULL,NULL,NULL,NULL,40,NULL),(86,76,0,NULL,'HST',NULL,'Monthly web hosting - Nov11',1,470.00000,NULL,NULL,1,NULL,NULL,NULL,NULL,40,NULL),(87,77,0,NULL,'ACC',NULL,'Accounting fees ',1,1550.00000,NULL,NULL,1,NULL,NULL,NULL,NULL,36,NULL),(88,78,0,NULL,'PAYE',NULL,'PAYE / UIF Nov11',1,7172.36000,NULL,NULL,1,NULL,NULL,NULL,NULL,43,NULL),(89,79,0,NULL,'RNT',NULL,'Office rent - Dec',1,12933.65000,NULL,NULL,1,NULL,NULL,NULL,NULL,38,NULL),(90,80,0,NULL,'ADSL',NULL,'ADSL - Dec',1,55.00000,NULL,NULL,1,NULL,NULL,NULL,NULL,40,NULL),(91,81,0,NULL,'HST',NULL,'Monthly web hosting Dec',1,470.00000,NULL,NULL,1,NULL,NULL,NULL,NULL,40,NULL),(92,82,0,NULL,'PAYE',NULL,'PAYE &amp; UIF Dec2011',1,10533.98000,NULL,NULL,1,NULL,NULL,NULL,NULL,43,NULL),(93,83,0,NULL,'AF',NULL,'Accounting fees - Dec11',1,2200.00000,NULL,NULL,1,NULL,NULL,NULL,NULL,36,NULL),(94,84,0,NULL,'HST',NULL,'Web Hosting  Jan',1,470.00000,NULL,NULL,1,NULL,NULL,NULL,NULL,40,NULL),(95,85,0,NULL,'AF',NULL,'Accounting fees',1,1725.00000,NULL,NULL,1,NULL,NULL,NULL,NULL,36,NULL),(96,86,0,NULL,'ADSL',NULL,'ADSL',1,55.00000,NULL,NULL,1,NULL,NULL,NULL,NULL,40,NULL),(97,87,0,NULL,'ADSL',NULL,'ADSL',1,55.00000,NULL,NULL,1,NULL,NULL,NULL,NULL,40,NULL),(98,88,0,NULL,'RNT',NULL,'Rent Longpoint Feb',1,12987.09000,NULL,NULL,1,NULL,NULL,NULL,NULL,38,NULL),(99,89,0,NULL,'RNT',NULL,'Longpoint office - Jan12',1,13691.37000,NULL,NULL,1,NULL,NULL,NULL,NULL,38,NULL),(100,90,0,NULL,'SUB',NULL,'Digital Marketing system',1,1817.00000,NULL,NULL,1,NULL,NULL,NULL,NULL,44,NULL),(101,91,0,NULL,'SUB',NULL,'Digital Marketing System',1,99.00000,NULL,NULL,1,NULL,NULL,NULL,NULL,44,NULL),(102,92,0,NULL,'SIGN',NULL,'Sinage - Sticker',1,2964.00000,NULL,NULL,1,NULL,NULL,NULL,NULL,64,NULL),(103,93,0,NULL,'PAYE',NULL,'PAYE UIF Jan 2012',1,9315.21000,NULL,NULL,1,NULL,NULL,NULL,NULL,43,NULL),(104,94,0,NULL,'HST',NULL,'Hosting - Feb12',1,470.00000,NULL,NULL,1,NULL,NULL,NULL,NULL,40,NULL),(105,95,0,NULL,'AF',NULL,'Accountiing Fees',1,2075.00000,NULL,NULL,1,NULL,NULL,NULL,NULL,36,NULL),(106,96,0,NULL,'PAYE',NULL,'PAYE / UIF - Feb',1,8672.15000,NULL,NULL,1,NULL,NULL,NULL,NULL,43,NULL),(107,97,0,NULL,'ADSL',NULL,'ADSL Mar',1,55.00000,NULL,NULL,1,NULL,NULL,NULL,NULL,40,NULL),(108,98,0,NULL,'AF',NULL,'Accounting fees March',1,2075.00000,NULL,NULL,1,NULL,NULL,NULL,NULL,36,NULL),(109,99,0,NULL,'RNT',NULL,'Rent Office Apr',1,13483.78000,NULL,NULL,1,NULL,NULL,NULL,NULL,38,NULL),(110,100,0,NULL,'ADSL',NULL,'ADSL - Apr',1,55.00000,NULL,NULL,1,NULL,NULL,NULL,NULL,40,NULL),(111,101,0,NULL,'PAYE',NULL,'PAYE/UIF - Mar2012',1,8401.45000,NULL,NULL,1,NULL,NULL,NULL,NULL,43,NULL),(112,102,0,NULL,'PAYE',NULL,'PAYE/UIF April 2012',1,8431.75000,NULL,NULL,1,NULL,NULL,NULL,NULL,43,NULL),(113,103,0,NULL,'RNT',NULL,'Rent Office - may 2012',1,12753.33000,NULL,NULL,1,NULL,NULL,NULL,NULL,38,NULL),(114,104,0,NULL,'ADSL',NULL,'ADSL May',1,55.00000,NULL,NULL,1,NULL,NULL,NULL,NULL,40,NULL),(115,105,0,NULL,'RNT',NULL,'Rent Office Jun',1,12605.30000,NULL,NULL,1,NULL,NULL,NULL,NULL,38,NULL),(116,106,0,NULL,'ADSL',NULL,'ADSL - June',1,55.00000,NULL,NULL,1,NULL,NULL,NULL,NULL,40,NULL),(117,107,0,NULL,'PAYE',NULL,'PAYE/UIF May',1,8406.50000,NULL,NULL,1,NULL,NULL,NULL,NULL,43,NULL),(118,108,0,NULL,'AF',NULL,'Accounting fees - May',1,2495.00000,NULL,NULL,1,NULL,NULL,NULL,NULL,36,NULL),(119,109,0,NULL,'AF',NULL,'Accounting Fees',1,1725.00000,NULL,NULL,1,NULL,NULL,NULL,NULL,36,NULL),(120,110,0,NULL,'AF',NULL,'Accounting Fees - Jun12',1,1725.00000,NULL,NULL,1,NULL,NULL,NULL,NULL,36,NULL),(121,111,0,NULL,'PAYE',NULL,'PAYE/UIF - Jun12',1,8406.50000,NULL,NULL,1,NULL,NULL,NULL,NULL,43,NULL),(122,112,0,NULL,'PAYE',NULL,'PAYE/UIF - Jun12',1,8406.50000,NULL,NULL,1,NULL,NULL,NULL,NULL,43,NULL),(123,113,0,NULL,'ADSL',NULL,'ADSL - July2012',1,55.00000,NULL,NULL,1,NULL,NULL,NULL,NULL,40,NULL),(124,114,0,NULL,'RNT',NULL,'Rent Office - Jun12',1,12928.02000,NULL,NULL,1,NULL,NULL,NULL,NULL,38,NULL),(125,115,0,NULL,'TR',NULL,'Assessor and Moderator training',1,9000.00000,NULL,NULL,1,NULL,NULL,NULL,NULL,29,NULL),(126,116,0,NULL,'HST',NULL,'Monthly web hosting Jul',1,228.00000,NULL,NULL,1,NULL,NULL,NULL,NULL,40,NULL),(127,116,0,NULL,'DOM',NULL,'Domain renewal',2,91.20000,NULL,NULL,1,NULL,NULL,NULL,NULL,40,NULL),(128,117,0,NULL,'PAYE',NULL,'PAYE/UIF - Jul12',1,8406.50000,NULL,NULL,1,NULL,NULL,NULL,NULL,43,NULL),(132,118,0,NULL,'Q1585N',NULL,'Gigabyte Q1585N Notebook',4,5762.13000,NULL,NULL,1,NULL,NULL,NULL,NULL,40,NULL),(134,120,0,NULL,'RNT',NULL,'Rent - Aug12',1,13145.06000,NULL,NULL,1,NULL,NULL,NULL,NULL,38,NULL),(135,121,0,NULL,'AF',NULL,'Accounting fees - July2012',1,1725.00000,NULL,NULL,1,NULL,NULL,NULL,NULL,36,NULL),(136,122,0,NULL,'ADSL',NULL,'ADSL Sept',1,55.00000,NULL,NULL,1,NULL,NULL,NULL,NULL,40,NULL),(137,123,0,NULL,'PAYE',NULL,'PAYE/UIF Sept',1,11901.45000,NULL,NULL,1,NULL,NULL,NULL,NULL,43,NULL),(138,124,0,NULL,'AF',NULL,'Accounting fees',1,1725.00000,NULL,NULL,1,NULL,NULL,NULL,NULL,36,NULL),(139,125,0,NULL,'PAYE',NULL,'PAYE/UIF Aug12',1,11906.50000,NULL,NULL,1,NULL,NULL,NULL,NULL,43,NULL),(140,126,0,NULL,'AF',NULL,'Accounting Fees',1,1725.00000,NULL,NULL,1,NULL,NULL,NULL,NULL,36,NULL),(141,127,0,NULL,'RNT',NULL,'Rent Oct',1,13183.60000,NULL,NULL,1,NULL,NULL,NULL,NULL,38,NULL),(142,128,0,NULL,'ADSL',NULL,'ADSL',1,55.00000,NULL,NULL,1,NULL,NULL,NULL,NULL,40,NULL),(143,129,0,NULL,'AF',NULL,'Accounting Fees - Oct12',1,6225.00000,NULL,NULL,1,NULL,NULL,NULL,NULL,36,NULL),(144,130,0,NULL,'PAYE',NULL,'PAYE/UIF Oct12',1,11997.21000,NULL,NULL,1,NULL,NULL,NULL,NULL,43,NULL),(145,131,0,NULL,'ADSL',NULL,'ADSL',1,55.00000,NULL,NULL,1,NULL,NULL,NULL,NULL,40,NULL),(146,132,0,NULL,'AF',NULL,'Accounting fees',1,1725.00000,NULL,NULL,1,NULL,NULL,NULL,NULL,36,NULL),(147,133,0,NULL,'ADSL',NULL,'ADSL Dec',1,55.00000,NULL,NULL,1,NULL,NULL,NULL,NULL,40,NULL),(148,134,0,NULL,'AF',NULL,'Accounting Fees - Dec12',1,1725.00000,NULL,NULL,1,NULL,NULL,NULL,NULL,36,NULL),(149,135,0,NULL,'PAYE',NULL,'PAYE/UIF Dec2012',1,11892.16000,NULL,NULL,1,NULL,NULL,NULL,NULL,43,NULL),(150,136,0,NULL,'ADSL',NULL,'ADSL',1,55.00000,NULL,NULL,1,NULL,NULL,NULL,NULL,40,NULL),(151,137,0,NULL,'PAYE',NULL,'PAYE/UIF Nov12',1,11970.95000,NULL,NULL,1,NULL,NULL,NULL,NULL,43,NULL),(152,138,0,NULL,'ADSL',NULL,'ADSL - Feb13',1,55.00000,NULL,NULL,1,NULL,NULL,NULL,NULL,40,NULL),(153,139,0,NULL,'PAYE',NULL,'PAYE/UIF - Jan13',1,4416.44000,NULL,NULL,1,NULL,NULL,NULL,NULL,43,NULL),(154,140,0,NULL,'AF',NULL,'Accounting fees',1,2050.00000,NULL,NULL,1,NULL,NULL,NULL,NULL,36,NULL),(155,141,0,NULL,'PAYE',NULL,'PAYE/UIF - Feb2013',1,3240.73000,NULL,NULL,1,NULL,NULL,NULL,NULL,43,NULL),(156,142,0,NULL,'AF',NULL,'Accounting Fees - Feb13',1,2400.00000,NULL,NULL,1,NULL,NULL,NULL,NULL,36,NULL),(157,143,0,NULL,'ADSL',NULL,'ADSL - march',1,55.00000,NULL,NULL,1,NULL,NULL,NULL,NULL,40,NULL),(158,144,0,NULL,'AF',NULL,'Accounting Fees - mar',1,2050.00000,NULL,NULL,1,NULL,NULL,NULL,NULL,36,NULL),(159,145,0,NULL,'ADSL',NULL,'ADSL',1,55.00000,NULL,NULL,1,NULL,NULL,NULL,NULL,40,NULL),(160,146,0,NULL,'PAYE',NULL,'PAYE/UIF - Mar13',1,9557.58000,NULL,NULL,1,NULL,NULL,NULL,NULL,43,NULL),(161,147,0,NULL,'ADSL',NULL,'ADSL',1,55.00000,NULL,NULL,1,NULL,NULL,NULL,NULL,40,NULL),(162,148,0,NULL,'AF',NULL,'Accounting fees',1,2050.00000,NULL,NULL,1,NULL,NULL,NULL,NULL,36,NULL),(163,149,0,NULL,'PAYE',NULL,'PAYE/UIF - Apr2013',1,9564.66000,NULL,NULL,1,NULL,NULL,NULL,NULL,43,NULL),(164,150,0,NULL,'ADSL',NULL,'ADSL',1,55.00000,NULL,NULL,1,NULL,NULL,NULL,NULL,40,NULL),(165,151,0,NULL,'PAYE',NULL,'PAYE/UIF - May',1,9573.24000,NULL,NULL,1,NULL,NULL,NULL,NULL,43,NULL),(166,152,0,NULL,'AF',NULL,'Accounting fees',1,5500.00000,NULL,NULL,1,NULL,NULL,NULL,NULL,36,NULL),(167,153,0,NULL,'PAYE',NULL,'PAYE - Jun',1,9573.24000,NULL,NULL,1,NULL,NULL,NULL,NULL,43,NULL),(168,154,0,NULL,'ADSL',NULL,'ADSL',1,55.00000,NULL,NULL,1,NULL,NULL,NULL,NULL,40,NULL),(169,155,0,NULL,'ADSL',NULL,'ADSL',1,1374.99000,NULL,NULL,1,NULL,NULL,NULL,NULL,40,NULL),(170,156,0,NULL,'AF',NULL,'Accounting fees',1,2900.00000,NULL,NULL,1,NULL,NULL,NULL,NULL,36,NULL),(171,157,0,NULL,'AF',NULL,'Accounting fees',1,2050.00000,NULL,NULL,1,NULL,NULL,NULL,NULL,36,NULL),(172,158,0,NULL,'PAYE',NULL,'PAYE/UIF - Jul',1,9622.61000,NULL,NULL,1,NULL,NULL,NULL,NULL,43,NULL),(173,159,0,NULL,'AF',NULL,'Accounting fees',1,2400.00000,NULL,NULL,1,NULL,NULL,NULL,NULL,36,NULL),(174,160,0,NULL,'PAYE',NULL,'PAYE/UIF - Aug13',1,6062.96000,NULL,NULL,1,NULL,NULL,NULL,NULL,43,NULL),(175,161,0,NULL,'ADSL',NULL,'ADSL Sept',1,1078.00000,NULL,NULL,1,NULL,NULL,NULL,NULL,40,NULL),(176,162,0,NULL,'PAYE',NULL,'PAYE/UIF - Sept13',1,6148.82000,NULL,NULL,1,NULL,NULL,NULL,NULL,43,NULL),(177,163,0,NULL,'AF',NULL,'Accounting fees',1,2050.00000,NULL,NULL,1,NULL,NULL,NULL,NULL,36,NULL),(178,164,0,NULL,'ADSL',NULL,'ADSL',1,1078.00000,NULL,NULL,1,NULL,NULL,NULL,NULL,40,NULL),(179,165,0,NULL,'ADSL',NULL,'ADSL',1,1078.00000,NULL,NULL,1,NULL,NULL,NULL,NULL,40,NULL),(180,166,0,NULL,'AF',NULL,'Accounting fees',1,2900.00000,NULL,NULL,1,NULL,NULL,NULL,NULL,36,NULL),(181,167,0,NULL,'PAYE',NULL,'PAYE/UIF Oct',1,6725.23000,NULL,NULL,1,NULL,NULL,NULL,NULL,43,NULL),(182,168,0,NULL,'PAYE',NULL,'PAYE/UIF Nov2013',1,8653.39000,NULL,NULL,1,NULL,NULL,NULL,NULL,43,NULL),(183,169,0,NULL,'AF',NULL,'Accounting fees',1,2800.00000,NULL,NULL,1,NULL,NULL,NULL,NULL,36,NULL),(184,170,0,NULL,'AF',NULL,'Accounting fees',1,2050.00000,NULL,NULL,1,NULL,NULL,NULL,NULL,36,NULL),(185,171,0,NULL,'PAYE',NULL,'PAYE/UIF Dec2013',1,8692.78000,NULL,NULL,1,NULL,NULL,NULL,NULL,43,NULL),(186,172,0,NULL,'ADSL',NULL,'ADSL',1,1177.00000,NULL,NULL,1,NULL,NULL,NULL,NULL,40,NULL),(187,173,0,NULL,'AF',NULL,'Accounting fees',1,2050.00000,NULL,NULL,1,NULL,NULL,NULL,NULL,36,NULL),(188,174,0,NULL,'PAYE',NULL,'PAYE/UIF Jan2014',1,8605.21000,NULL,NULL,1,NULL,NULL,NULL,NULL,43,NULL),(189,175,0,NULL,'ADSL',NULL,'ADSL',1,1177.00000,NULL,NULL,1,NULL,NULL,NULL,NULL,40,NULL),(190,176,0,NULL,'PAYE',NULL,'PAYE',1,8692.78000,NULL,NULL,1,NULL,NULL,NULL,NULL,43,NULL),(191,177,0,NULL,'AF',NULL,'Accounting',1,2400.00000,NULL,NULL,1,NULL,NULL,NULL,NULL,36,NULL),(192,178,0,NULL,'ADSL',NULL,'ADSL March',1,1177.00000,NULL,NULL,1,NULL,NULL,NULL,NULL,40,NULL),(193,179,0,NULL,'PAYE',NULL,'PAYE Feb',1,4814.58000,NULL,NULL,1,NULL,NULL,NULL,NULL,43,NULL),(194,180,0,NULL,'AF',NULL,'Accounting fees',1,2400.00000,NULL,NULL,1,NULL,NULL,NULL,NULL,36,NULL),(195,181,0,NULL,'PAYE',NULL,'PAYE/UIF - Mar14',1,11156.63000,NULL,NULL,1,NULL,NULL,NULL,NULL,43,NULL),(196,182,0,NULL,'AF',NULL,'Accounting fees',1,2050.00000,NULL,NULL,1,NULL,NULL,NULL,NULL,36,NULL),(197,183,0,NULL,'PAYE',NULL,'PAYE/UIF Apr14',1,11135.42000,NULL,NULL,1,NULL,NULL,NULL,NULL,43,NULL),(198,184,0,NULL,'ADSL',NULL,'ADSL',1,1177.00000,NULL,NULL,1,NULL,NULL,NULL,NULL,40,NULL),(199,185,0,NULL,'ADSL',NULL,'ADSL',1,1177.00000,NULL,NULL,1,NULL,NULL,NULL,NULL,40,NULL),(200,186,0,NULL,'ADSL',NULL,'ADSL',1,1177.00000,NULL,NULL,1,NULL,NULL,NULL,NULL,40,NULL),(208,194,0,NULL,'PAYE',NULL,'PAYE / UIF/SDL - Jul14',1,8055.71000,NULL,NULL,1,NULL,NULL,NULL,NULL,43,NULL),(202,188,0,NULL,'AF',NULL,'Accounting Fees',1,2900.00000,NULL,NULL,1,NULL,NULL,NULL,NULL,36,NULL),(203,189,0,NULL,'rnt',NULL,'Rent - July',1,13098.06000,NULL,NULL,1,NULL,NULL,NULL,NULL,38,NULL),(204,190,0,NULL,'ADSL',NULL,'ADSL Office',1,1177.00000,NULL,NULL,1,NULL,NULL,NULL,NULL,40,NULL),(205,191,0,NULL,'PAYE',NULL,'PAYE/UIF - May',1,11188.76000,NULL,NULL,1,NULL,NULL,NULL,NULL,43,NULL),(206,192,0,NULL,'PAYE',NULL,'PAYE/UIF - Jun',1,8050.86000,NULL,NULL,1,NULL,NULL,NULL,NULL,43,NULL),(207,193,0,NULL,'AF',NULL,'Accounting fees',1,6255.00000,NULL,NULL,1,NULL,NULL,NULL,NULL,36,NULL),(209,195,0,NULL,'AF',NULL,'Accounting fees',1,2255.00000,NULL,NULL,1,NULL,NULL,NULL,NULL,36,NULL),(210,196,0,NULL,'RNT',NULL,'Rent',1,13139.68000,NULL,NULL,1,NULL,NULL,NULL,NULL,38,NULL),(211,197,0,NULL,'ADSL',NULL,'ADSL',1,1177.00000,NULL,NULL,1,NULL,NULL,NULL,NULL,40,NULL),(212,198,0,NULL,'AF',NULL,'Accounting fees',1,2605.00000,NULL,NULL,1,NULL,NULL,NULL,NULL,36,NULL),(213,199,0,NULL,'PAYE',NULL,'PAYE/UIF Aug',1,8050.25000,NULL,NULL,1,NULL,NULL,NULL,NULL,43,NULL),(214,200,0,NULL,'ADSL',NULL,'ADSL',1,1177.00000,NULL,NULL,1,NULL,NULL,NULL,NULL,40,NULL),(215,201,0,NULL,'RNT',NULL,'Rent',1,13382.02000,NULL,NULL,1,NULL,NULL,NULL,NULL,38,NULL),(216,202,0,NULL,'RET',NULL,'System development retainer',1,10000.00000,NULL,NULL,1,NULL,NULL,NULL,NULL,40,NULL),(217,203,0,NULL,'DOMR',NULL,'Domain renewals',1,1138.00000,NULL,NULL,1,NULL,NULL,NULL,NULL,40,NULL),(218,204,0,NULL,'AF',NULL,'Accounting fees',1,2255.00000,NULL,NULL,1,NULL,NULL,NULL,NULL,36,NULL),(219,205,0,NULL,'PAYE',NULL,'PAYE/UIF Sept14',1,10709.54000,NULL,NULL,1,NULL,NULL,NULL,NULL,43,NULL),(220,206,0,NULL,'RNT',NULL,'Rent - Oct14',1,11826.17000,NULL,NULL,1,NULL,NULL,NULL,NULL,38,NULL),(221,207,0,NULL,'ADSL',NULL,'ADSL',1,1177.00000,NULL,NULL,1,NULL,NULL,NULL,NULL,40,NULL),(222,208,0,NULL,'ST',NULL,'Stationary',1,953.15000,NULL,NULL,1,NULL,NULL,NULL,NULL,34,NULL),(223,209,0,NULL,'PRNT',NULL,'Printing',1,1357.76000,NULL,NULL,1,NULL,NULL,NULL,NULL,34,NULL),(224,210,0,NULL,'sta',NULL,'Stationery',1,456.66000,NULL,NULL,1,NULL,NULL,NULL,NULL,34,NULL),(225,211,0,NULL,'VO',NULL,'Virtual Office 1-30 Nov2014',1,650.00000,NULL,NULL,1,NULL,NULL,NULL,NULL,56,NULL),(226,212,0,NULL,'RNT',NULL,'Rent',1,12305.97600,NULL,NULL,1,NULL,NULL,NULL,NULL,38,NULL),(227,213,0,NULL,'ADSL',NULL,'ADSL Nov',1,1207.02000,NULL,NULL,1,NULL,NULL,NULL,NULL,40,NULL),(228,214,0,NULL,'DOMR',NULL,'Domain renewals',1,209.00000,NULL,NULL,1,NULL,NULL,NULL,NULL,40,NULL),(229,215,0,NULL,'DEv',NULL,'Development retainer Nov',1,10000.00000,NULL,NULL,1,NULL,NULL,NULL,NULL,40,NULL),(230,216,0,NULL,'AF',NULL,'Accounting fees Nov',1,2255.00000,NULL,NULL,1,NULL,NULL,NULL,NULL,36,NULL),(231,217,0,NULL,'PS',NULL,'Printing &amp; stationery',1,1733.90000,NULL,NULL,1,NULL,NULL,NULL,NULL,34,NULL),(232,218,0,NULL,'DEV',NULL,'Development retainer Oct2014',1,10000.00000,NULL,NULL,1,NULL,NULL,NULL,NULL,40,NULL),(233,219,0,NULL,'AF',NULL,'Accounting fees',1,3005.00000,NULL,NULL,1,NULL,NULL,NULL,NULL,36,NULL),(234,220,0,NULL,'PAYE',NULL,'PAYE/UIF - Oct',1,10709.54000,NULL,NULL,1,NULL,NULL,NULL,NULL,43,NULL),(235,221,0,NULL,'PAYE',NULL,'PAYE/UIF - Nov14',1,10704.08000,NULL,NULL,1,NULL,NULL,NULL,NULL,43,NULL),(236,222,0,NULL,'REF',NULL,'Refil water',1,385.96000,NULL,NULL,1,NULL,NULL,NULL,NULL,156,NULL),(240,223,0,NULL,'MAC',NULL,'Macbook Air SC02NG0K7G083',1,10519.97000,NULL,NULL,1,NULL,NULL,NULL,NULL,40,NULL),(239,223,0,NULL,'MAC',NULL,'Bag for Macbook',1,509.15000,NULL,NULL,1,NULL,NULL,NULL,NULL,40,NULL),(241,224,0,NULL,'BC',NULL,'Bank charges',1,353.11400,NULL,NULL,1,NULL,NULL,NULL,NULL,19,NULL),(242,225,0,NULL,'TEL',NULL,'Virtual Office',1,650.00000,NULL,NULL,1,NULL,NULL,NULL,NULL,56,NULL),(243,226,0,NULL,'PRNT',NULL,'Printing and Stationery',1,7872.00000,NULL,NULL,1,NULL,NULL,NULL,NULL,34,NULL),(244,227,0,NULL,'ADSL',NULL,'ADSL',1,1032.46000,NULL,NULL,1,NULL,NULL,NULL,NULL,40,NULL),(245,228,0,NULL,'RNT',NULL,'Rent',1,12604.39000,NULL,NULL,1,NULL,NULL,NULL,NULL,38,NULL),(246,229,0,NULL,'AF',NULL,'Accounting fees',1,2255.00000,NULL,NULL,1,NULL,NULL,NULL,NULL,36,NULL),(247,230,0,NULL,'PAYE',NULL,'PAYE/UIF/SDL - Dec14',1,11526.33000,NULL,NULL,1,NULL,NULL,NULL,NULL,43,NULL),(248,231,0,NULL,'PRNT',NULL,'Postnet',1,4051.97000,NULL,NULL,1,NULL,NULL,NULL,NULL,34,NULL),(249,232,0,NULL,'ae',NULL,'AmAmerican Expresserican Express',1,867.58000,NULL,NULL,1,NULL,NULL,NULL,NULL,19,NULL),(250,233,0,NULL,'TEL',NULL,'LG 3 Beat',1,131.58000,NULL,NULL,1,NULL,NULL,NULL,NULL,56,NULL),(251,234,0,NULL,'Comp',NULL,'Lenovo I5 Notebook ',1,6929.82440,NULL,NULL,1,NULL,NULL,NULL,NULL,40,NULL),(252,235,0,NULL,'PS',NULL,'Enneagram cards',1,4894.74000,NULL,NULL,1,NULL,NULL,NULL,NULL,34,NULL),(253,236,0,NULL,'BC',NULL,'Bank charges ',1,438.51000,NULL,NULL,1,NULL,NULL,NULL,NULL,19,NULL),(254,237,0,NULL,'PR',NULL,'Mailbox',1,482.46000,NULL,NULL,1,NULL,NULL,NULL,NULL,34,NULL),(255,238,0,NULL,'Tel',NULL,'Virtual office',1,650.00000,NULL,NULL,1,NULL,NULL,NULL,NULL,56,NULL),(256,239,0,NULL,'RNT',NULL,'Rent Jan15',1,12579.54000,NULL,NULL,1,NULL,NULL,NULL,NULL,38,NULL),(257,240,0,NULL,'CEL',NULL,'Telephone',1,5018.75000,NULL,NULL,1,NULL,NULL,NULL,NULL,56,NULL),(258,241,0,NULL,'ADSL',NULL,'ADSL',1,1032.46000,NULL,NULL,1,NULL,NULL,NULL,NULL,40,NULL),(259,242,0,NULL,'COM',NULL,'Bank charges - Commission',1,528.95000,NULL,NULL,1,NULL,NULL,NULL,NULL,19,NULL),(260,243,0,NULL,'AF',NULL,'Accounting fees',1,2255.00000,NULL,NULL,1,NULL,NULL,NULL,NULL,36,NULL),(261,244,0,NULL,'1130',NULL,'Printing',1,153.51000,NULL,NULL,1,NULL,NULL,NULL,NULL,34,NULL),(262,244,0,NULL,'1136',NULL,'Printing',1,877.19000,NULL,NULL,1,NULL,NULL,NULL,NULL,34,NULL),(263,245,0,NULL,'Curior',NULL,'Postage - Italy',1,3780.00000,NULL,NULL,1,NULL,NULL,NULL,NULL,33,NULL),(264,245,0,NULL,'Courier',NULL,'Postage - Spain',1,2990.00000,NULL,NULL,1,NULL,NULL,NULL,NULL,33,NULL),(265,246,0,NULL,'CB',NULL,'Folding clipboard',200,34.80000,NULL,NULL,1,NULL,NULL,NULL,NULL,34,NULL),(266,247,0,NULL,'ST',NULL,'Stationery',1,1455.89500,NULL,NULL,1,NULL,NULL,NULL,NULL,34,NULL),(267,248,0,NULL,'FUR',NULL,'Bed for Margaret',1,2820.17500,NULL,NULL,1,NULL,NULL,NULL,NULL,29,NULL),(268,249,0,NULL,'ST',NULL,'Stationery',1,590.17540,NULL,NULL,1,NULL,NULL,NULL,NULL,34,NULL),(269,250,0,NULL,'HST',NULL,'Web hosting',12,250.00000,NULL,NULL,1,NULL,NULL,NULL,NULL,40,NULL),(270,251,0,NULL,'VO',NULL,'Virtual office',1,650.00000,NULL,NULL,1,NULL,NULL,NULL,NULL,56,NULL),(271,252,0,NULL,'RNT',NULL,'Rent - Feb',1,12099.22000,NULL,NULL,1,NULL,NULL,NULL,NULL,38,NULL),(272,253,0,NULL,'REF',NULL,'Refreshments',1,1096.49000,NULL,NULL,1,NULL,NULL,NULL,NULL,156,NULL),(273,254,0,NULL,'CP',NULL,'Cell phones',1,6840.19300,NULL,NULL,1,NULL,NULL,NULL,NULL,56,NULL),(274,255,0,NULL,'ADSL',NULL,'ADSL',1,1032.46000,NULL,NULL,1,NULL,NULL,NULL,NULL,40,NULL),(276,256,0,NULL,'BC',NULL,'Bank charges',1,329.12000,NULL,NULL,1,NULL,NULL,NULL,NULL,19,NULL),(277,256,0,NULL,'Paypal',NULL,'Paypal withdrawal fee',1,370.66670,NULL,NULL,1,NULL,NULL,NULL,NULL,19,NULL),(278,256,0,NULL,'SW',NULL,'Swift Fees',1,291.65790,NULL,NULL,1,NULL,NULL,NULL,NULL,19,NULL),(279,257,0,NULL,'SP',NULL,'Speedpoint charges',1,1573.79800,NULL,NULL,1,NULL,NULL,NULL,NULL,153,NULL),(280,258,0,NULL,'PAYE',NULL,'PAYE/UIF - Jan15',1,11274.81000,NULL,NULL,1,NULL,NULL,NULL,NULL,43,NULL),(281,259,0,NULL,'DEV',NULL,'Storyline - ILS Power Formula',1,1500.00000,NULL,NULL,1,NULL,NULL,NULL,NULL,40,NULL),(282,260,0,NULL,'REF',NULL,'Refil water bottles',6,30.70950,NULL,NULL,1,NULL,NULL,NULL,NULL,156,NULL),(283,261,0,NULL,'Prnt',NULL,'Printing 1139',1,6258.77000,NULL,NULL,1,NULL,NULL,NULL,NULL,34,NULL),(284,261,0,NULL,'Prnt',NULL,'Printing 1140',1,147.11000,NULL,NULL,1,NULL,NULL,NULL,NULL,34,NULL),(285,261,0,NULL,'Prnt',NULL,'Printing 1141',1,2248.42000,NULL,NULL,1,NULL,NULL,NULL,NULL,34,NULL),(286,261,0,NULL,'Prnt',NULL,'Printing 1143',1,3113.16000,NULL,NULL,1,NULL,NULL,NULL,NULL,34,NULL),(287,261,0,NULL,'Prnt',NULL,'Printing 1144',1,946.49000,NULL,NULL,1,NULL,NULL,NULL,NULL,34,NULL),(288,261,0,NULL,'Prnt',NULL,'Printing 1145',1,5938.16000,NULL,NULL,1,NULL,NULL,NULL,NULL,34,NULL),(289,262,0,NULL,'AE',NULL,'American Express card',1,867.58000,NULL,NULL,1,NULL,NULL,NULL,NULL,19,NULL),(290,263,0,NULL,'GF',NULL,'Gifts',1,692.11000,NULL,NULL,1,NULL,NULL,NULL,NULL,102,NULL),(291,264,0,NULL,'CON',NULL,'Cables for office',1,1089.35000,NULL,NULL,1,NULL,NULL,NULL,NULL,99,NULL),(292,265,0,NULL,'ST',NULL,'Stationery',1,503.10000,NULL,NULL,1,NULL,NULL,NULL,NULL,34,NULL),(293,266,0,NULL,'VO',NULL,'Virtual Office',1,650.00000,NULL,NULL,1,NULL,NULL,NULL,NULL,56,NULL),(294,267,0,NULL,'Com',NULL,'Computer accessories',1,632.28000,NULL,NULL,1,NULL,NULL,NULL,NULL,40,NULL),(295,268,0,NULL,'RNT',NULL,'Rent Mar',1,12707.39500,NULL,NULL,1,NULL,NULL,NULL,NULL,38,NULL),(296,269,0,NULL,'INT',NULL,'ADSL',1,1032.46000,NULL,NULL,1,NULL,NULL,NULL,NULL,40,NULL),(297,270,0,NULL,'TEL',NULL,'Cell phones',1,4039.65000,NULL,NULL,1,NULL,NULL,NULL,NULL,56,NULL),(298,271,0,NULL,'AK',NULL,'Apple keyboard',1,582.50000,NULL,NULL,1,NULL,NULL,NULL,NULL,40,NULL),(299,272,0,NULL,'SS',NULL,'Sim Swap',1,61.40000,NULL,NULL,1,NULL,NULL,NULL,NULL,56,NULL),(300,273,0,NULL,'GF',NULL,'Gift',1,350.00000,NULL,NULL,1,NULL,NULL,NULL,NULL,102,NULL),(301,274,0,NULL,'GD',NULL,'Gift',1,350.00000,NULL,NULL,1,NULL,NULL,NULL,NULL,102,NULL),(302,275,0,NULL,'PRNT',NULL,'Printing',1,57.19000,NULL,NULL,1,NULL,NULL,NULL,NULL,34,NULL),(303,276,0,NULL,'AF',NULL,'Accounting Fees',1,2955.00000,NULL,NULL,1,NULL,NULL,NULL,NULL,36,NULL),(304,277,0,NULL,'CH',NULL,'Account fee',1,53.51000,NULL,NULL,1,NULL,NULL,NULL,NULL,19,NULL),(305,277,0,NULL,'CH',NULL,'VAS Fee',1,14.56000,NULL,NULL,1,NULL,NULL,NULL,NULL,19,NULL),(306,277,0,NULL,'CH',NULL,'Service fee',1,339.69000,NULL,NULL,1,NULL,NULL,NULL,NULL,19,NULL),(307,278,0,NULL,'Sp',NULL,'Speedpoint charges',1,528.95000,NULL,NULL,1,NULL,NULL,NULL,NULL,153,NULL),(308,279,0,NULL,'AF',NULL,'Accounting fees',1,2255.00000,NULL,NULL,1,NULL,NULL,NULL,NULL,36,NULL),(309,280,0,NULL,'ADSL',NULL,'ADSL',1,1032.46000,NULL,NULL,1,NULL,NULL,NULL,NULL,40,NULL),(310,281,0,NULL,'DEV',NULL,'Website development',1,10000.00000,NULL,NULL,1,NULL,NULL,NULL,NULL,40,NULL),(311,282,0,NULL,'RNT',NULL,'Rent',1,12700.49000,NULL,NULL,1,NULL,NULL,NULL,NULL,38,NULL),(312,283,0,NULL,'ST',NULL,'Stationery',1,154.77000,NULL,NULL,1,NULL,NULL,NULL,NULL,34,NULL),(313,284,0,NULL,'Cell',NULL,'Cell phones',1,4180.85000,NULL,NULL,1,NULL,NULL,NULL,NULL,56,NULL),(314,285,0,NULL,'TEl',NULL,'Virtual office',1,650.00000,NULL,NULL,1,NULL,NULL,NULL,NULL,56,NULL),(315,286,0,NULL,'DOM',NULL,'Domain renewals',4,140.35000,NULL,NULL,1,NULL,NULL,NULL,NULL,40,NULL),(316,286,0,NULL,'WP',NULL,'Wordpress template',1,645.00000,NULL,NULL,1,NULL,NULL,NULL,NULL,40,NULL),(317,287,0,NULL,'HW',NULL,'Computer hardware - router',1,674.56000,NULL,NULL,1,NULL,NULL,NULL,NULL,40,NULL),(318,288,0,NULL,'COM',NULL,'Asus I7 Computer X555LA',1,7894.65000,NULL,NULL,1,NULL,NULL,NULL,NULL,40,NULL),(319,289,0,NULL,'LOG',NULL,'Logitech M90',1,87.64000,NULL,NULL,1,NULL,NULL,NULL,NULL,40,NULL),(320,290,0,NULL,'PRNT',NULL,'Printing',1,60.96500,NULL,NULL,1,NULL,NULL,NULL,NULL,34,NULL),(321,290,0,NULL,'PRNT',NULL,'Printing',1,1365.00000,NULL,NULL,1,NULL,NULL,NULL,NULL,34,NULL),(322,290,0,NULL,'Prnt',NULL,'Printing',1,2210.53000,NULL,NULL,1,NULL,NULL,NULL,NULL,34,NULL),(323,290,0,NULL,'print',NULL,'Printing',1,199.12000,NULL,NULL,1,NULL,NULL,NULL,NULL,34,NULL),(324,290,0,NULL,'prnt',NULL,'Printing',1,1553.51000,NULL,NULL,1,NULL,NULL,NULL,NULL,34,NULL),(325,290,0,NULL,'prnt',NULL,'Printing',1,544.65000,NULL,NULL,1,NULL,NULL,NULL,NULL,34,NULL),(326,290,0,NULL,'prnt',NULL,'Printing',1,25.96500,NULL,NULL,1,NULL,NULL,NULL,NULL,34,NULL),(327,290,0,NULL,'prnt',NULL,'Printing',1,117.54000,NULL,NULL,1,NULL,NULL,NULL,NULL,34,NULL),(328,290,0,NULL,'prnt',NULL,'Printing',1,278.07000,NULL,NULL,1,NULL,NULL,NULL,NULL,34,NULL),(329,290,0,NULL,'prnt',NULL,'Printing',1,2264.56000,NULL,NULL,1,NULL,NULL,NULL,NULL,34,NULL),(330,290,0,NULL,'prnt',NULL,'Printing',1,156.58000,NULL,NULL,1,NULL,NULL,NULL,NULL,34,NULL),(331,291,0,NULL,'comm',NULL,'Commission and terminal fees',1,528.95000,NULL,NULL,1,NULL,NULL,NULL,NULL,19,NULL),(332,292,0,NULL,'bc',NULL,'Bank charges',1,402.82000,NULL,NULL,1,NULL,NULL,NULL,NULL,19,NULL),(333,293,0,NULL,'PAYE',NULL,'PAYE/UIF/SDL - Feb15',1,11274.81000,NULL,NULL,1,NULL,NULL,NULL,NULL,43,NULL),(334,294,0,NULL,'PAYE',NULL,'PAYE/UIF/SDL - Mar15',1,11125.40000,NULL,NULL,1,NULL,NULL,NULL,NULL,43,NULL),(335,295,0,NULL,'SP',NULL,'Speedpoint charges',1,528.95000,NULL,NULL,1,NULL,NULL,NULL,NULL,153,NULL),(336,296,0,NULL,'PAYE',NULL,'PAYE/UIF/SDL - Apr15',1,11125.40000,NULL,NULL,1,NULL,NULL,NULL,NULL,43,NULL),(337,297,0,NULL,'PRNT',NULL,'Printing and stationery',1,4341.84000,NULL,NULL,1,NULL,NULL,NULL,NULL,34,NULL),(338,297,0,NULL,'PRNT',NULL,'Printing and stationery',1,1002.63000,NULL,NULL,1,NULL,NULL,NULL,NULL,34,NULL),(339,297,0,NULL,'PRNT',NULL,'Printing and stationery',1,3004.21000,NULL,NULL,1,NULL,NULL,NULL,NULL,34,NULL),(340,297,0,NULL,'PRNT',NULL,'Printing and stationery',1,1032.98000,NULL,NULL,1,NULL,NULL,NULL,NULL,34,NULL),(341,297,0,NULL,'PRNT',NULL,'Printing and stationery',1,217.54000,NULL,NULL,1,NULL,NULL,NULL,NULL,34,NULL),(342,297,0,NULL,'PRNT',NULL,'Printing and stationery',1,723.68000,NULL,NULL,1,NULL,NULL,NULL,NULL,34,NULL),(343,298,0,NULL,'Cus',NULL,'Bench cushions',2,2267.54000,NULL,NULL,1,NULL,NULL,NULL,NULL,29,NULL),(344,298,0,NULL,'Cus',NULL,'Chair cushions',2,666.67000,NULL,NULL,1,NULL,NULL,NULL,NULL,29,NULL),(345,299,0,NULL,'SL',NULL,'Changes to storyline',1,1000.00000,NULL,NULL,1,NULL,NULL,NULL,NULL,40,NULL),(346,300,0,NULL,'VO',NULL,'Virtual office',1,650.00000,NULL,NULL,1,NULL,NULL,NULL,NULL,56,NULL),(347,301,0,NULL,'CAR',NULL,'Filters and cartridges',1,3928.94400,NULL,NULL,1,NULL,NULL,NULL,NULL,156,NULL),(348,302,0,NULL,'REF',NULL,'Repair water dispenser',1,482.46000,NULL,NULL,1,NULL,NULL,NULL,NULL,156,NULL),(349,303,0,NULL,'WEB',NULL,'website development Enlightenedappletree',1,5000.00000,NULL,NULL,1,NULL,NULL,NULL,NULL,40,NULL),(350,303,0,NULL,'HST',NULL,'Web hosting Ap15',1,125.00000,NULL,NULL,1,NULL,NULL,NULL,NULL,40,NULL),(351,304,0,NULL,'Cell',NULL,'Cell phones',1,4121.66000,NULL,NULL,1,NULL,NULL,NULL,NULL,56,NULL),(352,305,0,NULL,'RNT',NULL,'Rent',1,12327.45400,NULL,NULL,1,NULL,NULL,NULL,NULL,38,NULL),(353,306,0,NULL,'SP',NULL,'Speedpoint charges',1,528.95000,NULL,NULL,1,NULL,NULL,NULL,NULL,153,NULL),(354,307,0,NULL,'ADSL',NULL,'ADSL',1,1032.46000,NULL,NULL,1,NULL,NULL,NULL,NULL,40,NULL),(355,308,0,NULL,'CAB',NULL,'Apple cable',1,582.50000,NULL,NULL,1,NULL,NULL,NULL,NULL,40,NULL),(356,309,0,NULL,'PRNT',NULL,'Printing and stationery',1,2305.26000,NULL,NULL,1,NULL,NULL,NULL,NULL,34,NULL),(357,309,0,NULL,'PRNT',NULL,'Printing and stationery',1,2857.89400,NULL,NULL,1,NULL,NULL,NULL,NULL,34,NULL),(358,309,0,NULL,'PRNT',NULL,'Printing and stationery',1,16.14000,NULL,NULL,1,NULL,NULL,NULL,NULL,34,NULL),(359,309,0,NULL,'PRNT',NULL,'Printing and stationery',1,217.02000,NULL,NULL,1,NULL,NULL,NULL,NULL,34,NULL),(360,309,0,NULL,'PRNT',NULL,'Printing and stationery',1,3695.96400,NULL,NULL,1,NULL,NULL,NULL,NULL,34,NULL),(361,310,0,NULL,'VO',NULL,'Virtual office',1,650.00000,NULL,NULL,1,NULL,NULL,NULL,NULL,56,NULL),(362,311,0,NULL,'DOM',NULL,'Domain renewals',7,92.11000,NULL,NULL,1,NULL,NULL,NULL,NULL,40,NULL),(363,312,0,NULL,'CART',NULL,'Printer cartridges',3,842.03000,NULL,NULL,1,NULL,NULL,NULL,NULL,34,NULL),(364,312,0,NULL,'CART',NULL,'Printer cartridges',1,964.82400,NULL,NULL,1,NULL,NULL,NULL,NULL,34,NULL),(365,312,0,NULL,'CH',NULL,'Wall charger',2,175.35000,NULL,NULL,1,NULL,NULL,NULL,NULL,40,NULL),(366,312,0,NULL,'OT',NULL,'Takats',1,0.61000,NULL,NULL,1,NULL,NULL,NULL,NULL,40,NULL),(367,313,0,NULL,'WEB',NULL,'Website admin',1,2000.00000,NULL,NULL,1,NULL,NULL,NULL,NULL,40,NULL),(368,314,0,NULL,'ADSL',NULL,'ADSL',1,1032.46000,NULL,NULL,1,NULL,NULL,NULL,NULL,40,NULL),(369,315,0,NULL,'CELL',NULL,'Cell phones',1,4160.32500,NULL,NULL,1,NULL,NULL,NULL,NULL,56,NULL),(370,316,0,NULL,'COM',NULL,'computer accessories',1,1035.01000,NULL,NULL,1,NULL,NULL,NULL,NULL,40,NULL),(371,317,0,NULL,'PS',NULL,'Stationery',1,121.49000,NULL,NULL,1,NULL,NULL,NULL,NULL,34,NULL),(372,318,0,NULL,'AF',NULL,'Monthly bank charges',1,376.05000,NULL,NULL,1,NULL,NULL,NULL,NULL,19,NULL),(373,319,0,NULL,'AF',NULL,'Accounting fees',1,2255.00000,NULL,NULL,1,NULL,NULL,NULL,NULL,36,NULL),(374,320,0,NULL,'BC',NULL,'Bank charges',1,450.39400,NULL,NULL,1,NULL,NULL,NULL,NULL,19,NULL),(375,321,0,NULL,'TD',NULL,'Colleen JHB-CapeTown',1,1505.12000,NULL,NULL,1,NULL,NULL,NULL,NULL,51,NULL),(376,322,0,NULL,'TR',NULL,'Seat assignment for travel',1,140.00000,NULL,NULL,1,NULL,NULL,NULL,NULL,51,NULL),(377,323,0,NULL,'ST',NULL,'Stationery',1,232.60000,NULL,NULL,1,NULL,NULL,NULL,NULL,34,NULL),(378,324,0,NULL,'SP',NULL,'Speedpoint charges',1,528.95000,NULL,NULL,1,NULL,NULL,NULL,NULL,153,NULL),(379,325,0,NULL,'AF',NULL,'Accounting fees',1,3135.00000,NULL,NULL,1,NULL,NULL,NULL,NULL,36,NULL),(380,326,0,NULL,'PAYE',NULL,'PAYE/UIF/SDL - May15',1,11125.40000,NULL,NULL,1,NULL,NULL,NULL,NULL,43,NULL),(381,327,0,NULL,'PAYE',NULL,'PAYE/UIF/SDL - Jun15',1,11155.70000,NULL,NULL,1,NULL,NULL,NULL,NULL,43,NULL),(382,328,0,NULL,'rnt',NULL,'Rent - Jun15',1,12485.16400,NULL,NULL,1,NULL,NULL,NULL,NULL,38,NULL),(383,329,0,NULL,'1286',NULL,'Printing',1,3240.35000,NULL,NULL,1,NULL,NULL,NULL,NULL,34,NULL),(384,329,0,NULL,'1287',NULL,'Printing',1,1823.25000,NULL,NULL,1,NULL,NULL,NULL,NULL,34,NULL),(385,329,0,NULL,'1289',NULL,'Printing',1,35.09000,NULL,NULL,1,NULL,NULL,NULL,NULL,34,NULL),(386,329,0,NULL,'1290',NULL,'Printing',1,2815.61000,NULL,NULL,1,NULL,NULL,NULL,NULL,34,NULL),(387,329,0,NULL,'1291',NULL,'Printing',1,157.89500,NULL,NULL,1,NULL,NULL,NULL,NULL,34,NULL),(388,329,0,NULL,'1292',NULL,'Printing',1,82.02000,NULL,NULL,1,NULL,NULL,NULL,NULL,34,NULL),(389,329,0,NULL,'1298',NULL,'Printing',1,7.89500,NULL,NULL,1,NULL,NULL,NULL,NULL,34,NULL),(390,330,0,NULL,'HST',NULL,'Website/email hosting',4,310.00000,NULL,NULL,1,NULL,NULL,NULL,NULL,40,NULL),(391,330,0,NULL,'HST',NULL,'Website/email hosting',1,60.00000,NULL,NULL,1,NULL,NULL,NULL,NULL,40,NULL),(392,331,0,NULL,'st',NULL,'Stationery',1,699.94000,NULL,NULL,1,NULL,NULL,NULL,NULL,34,NULL),(393,332,0,NULL,'Key',NULL,'Cut keys',1,110.53000,NULL,NULL,1,NULL,NULL,NULL,NULL,29,NULL),(394,333,0,NULL,'St',NULL,'Stationery',1,1442.24000,NULL,NULL,1,NULL,NULL,NULL,NULL,34,NULL),(395,334,0,NULL,'WS',NULL,'Website support',3,300.00000,NULL,NULL,1,NULL,NULL,NULL,NULL,40,NULL),(396,335,0,NULL,'VO',NULL,'Virtual Office',1,650.00000,NULL,NULL,1,NULL,NULL,NULL,NULL,56,NULL),(397,336,0,NULL,'ref',NULL,'Refreshments',1,153.51000,NULL,NULL,1,NULL,NULL,NULL,NULL,156,NULL),(398,337,0,NULL,'HST',NULL,'Website/email hosting',1,1300.00000,NULL,NULL,1,NULL,NULL,NULL,NULL,40,NULL),(399,338,0,NULL,'Cell',NULL,'Cell phone',1,4217.25400,NULL,NULL,1,NULL,NULL,NULL,NULL,56,NULL),(400,339,0,NULL,'COMP',NULL,'3TB Harddrive, Dual USB',1,1578.95000,NULL,NULL,1,NULL,NULL,NULL,NULL,40,NULL),(401,340,0,NULL,'ADSL',NULL,'ADSL ',1,1032.46000,NULL,NULL,1,NULL,NULL,NULL,NULL,40,NULL),(402,341,0,NULL,'IN',NULL,'Insurance Office',1,706.24000,NULL,NULL,1,NULL,NULL,NULL,NULL,142,NULL),(403,342,0,NULL,'BC',NULL,'Account fees',1,53.51000,NULL,NULL,1,NULL,NULL,NULL,NULL,19,NULL),(404,342,0,NULL,'BC',NULL,'Cash withdrawal',1,33.77000,NULL,NULL,1,NULL,NULL,NULL,NULL,19,NULL),(405,342,0,NULL,'BC',NULL,'VAS Fee',1,17.81000,NULL,NULL,1,NULL,NULL,NULL,NULL,19,NULL),(406,342,0,NULL,'BC',NULL,'Service fee',1,351.27000,NULL,NULL,1,NULL,NULL,NULL,NULL,19,NULL),(407,343,0,NULL,'SP',NULL,'Speedpoint charges',1,4526.45000,NULL,NULL,1,NULL,NULL,NULL,NULL,153,NULL),(408,344,0,NULL,'AF',NULL,'Accounting fees',1,2255.00000,NULL,NULL,1,NULL,NULL,NULL,NULL,36,NULL),(409,345,0,NULL,'OP',NULL,'Flowers for office',1,1770.00000,NULL,NULL,1,NULL,NULL,NULL,NULL,29,NULL),(410,346,0,NULL,'AF',NULL,'Accounting fees',1,8196.50000,NULL,NULL,1,NULL,NULL,NULL,NULL,36,NULL),(411,347,0,NULL,'HD',NULL,'Sandisk harddrive',1,482.45000,NULL,NULL,1,NULL,NULL,NULL,NULL,40,NULL),(412,348,0,NULL,'RNT',NULL,'Rent',1,12378.33000,NULL,NULL,1,NULL,NULL,NULL,NULL,38,NULL),(413,349,0,NULL,'PRN',NULL,'Printing',1,26917.28000,NULL,NULL,1,NULL,NULL,NULL,NULL,34,NULL),(414,350,0,NULL,'WP',NULL,'Wordpress plugin',1,500.00000,NULL,NULL,1,NULL,NULL,NULL,NULL,40,NULL),(415,351,0,NULL,'VO',NULL,'Virtual office ',1,650.00000,NULL,NULL,1,NULL,NULL,NULL,NULL,56,NULL),(416,352,0,NULL,'TP',NULL,'Pieterse/DeClerk/Page JHB-CPT',1,4748.53000,NULL,NULL,1,NULL,NULL,NULL,NULL,51,NULL),(417,353,0,NULL,'DOM',NULL,'Domain renewals',2,92.11000,NULL,NULL,1,NULL,NULL,NULL,NULL,40,NULL),(418,353,0,NULL,'WH',NULL,'Monthly web hosting',1,1300.00000,NULL,NULL,1,NULL,NULL,NULL,NULL,40,NULL),(419,354,0,NULL,'OP',NULL,'Flowers office',1,1770.00000,NULL,NULL,1,NULL,NULL,NULL,NULL,29,NULL),(420,355,0,NULL,'CELL',NULL,'Cell phones',1,4252.95000,NULL,NULL,1,NULL,NULL,NULL,NULL,56,NULL),(421,356,0,NULL,'RNT',NULL,'Rent',1,12231.66000,NULL,NULL,1,NULL,NULL,NULL,NULL,38,NULL),(422,357,0,NULL,'ADSL',NULL,'ADSL',1,1032.46000,NULL,NULL,1,NULL,NULL,NULL,NULL,40,NULL),(423,358,0,NULL,'pr',NULL,'Printing',1,5526.32000,NULL,NULL,1,NULL,NULL,NULL,NULL,34,NULL),(424,359,0,NULL,'IN',NULL,'Office insurance',1,706.24000,NULL,NULL,1,NULL,NULL,NULL,NULL,142,NULL),(425,360,0,NULL,'BC',NULL,'Banking fees',1,513.03000,NULL,NULL,1,NULL,NULL,NULL,NULL,19,NULL),(426,361,0,NULL,'EP',NULL,'Speedpoint',1,3572.25000,NULL,NULL,1,NULL,NULL,NULL,NULL,153,NULL),(427,362,0,NULL,'PAYE',NULL,'PAYE/UIF/SDL - Jul15',1,11420.31000,NULL,NULL,1,NULL,NULL,NULL,NULL,43,NULL),(428,363,0,NULL,'FL',NULL,'Flowers for office',1,1770.00000,NULL,NULL,1,NULL,NULL,NULL,NULL,29,NULL),(429,364,0,NULL,'Flowers',NULL,'Flowers for office',1,1770.00000,NULL,NULL,1,NULL,NULL,NULL,NULL,29,NULL),(430,365,0,NULL,'fl',NULL,'Flowers for office',1,1770.00000,NULL,NULL,1,NULL,NULL,NULL,NULL,29,NULL),(484,366,0,NULL,'AF',NULL,'Accounting fees',1,3646.50000,NULL,NULL,1,NULL,NULL,NULL,NULL,36,NULL),(432,367,0,NULL,'AF',NULL,'Accounting fees',1,2696.50000,NULL,NULL,1,NULL,NULL,NULL,NULL,36,NULL),(433,368,0,NULL,'PAYE',NULL,'PAYE/UIF/SDL - Aug15',1,11504.46000,NULL,NULL,1,NULL,NULL,NULL,NULL,43,NULL),(434,369,0,NULL,'PAYE',NULL,'PAYE/UIF/SDL - Sept15',1,11584.19000,NULL,NULL,1,NULL,NULL,NULL,NULL,43,NULL),(435,370,0,NULL,'ST',NULL,'Stationery',1,1533.55000,NULL,NULL,1,NULL,NULL,NULL,NULL,34,NULL),(441,371,0,NULL,'PRNT',NULL,'Printing',1,375.44000,NULL,NULL,1,NULL,NULL,NULL,NULL,34,NULL),(440,371,0,NULL,'PRNT',NULL,'Printing',1,399.12000,NULL,NULL,1,NULL,NULL,NULL,NULL,34,NULL),(439,371,0,NULL,'PRNT',NULL,'Printing',1,1796.32000,NULL,NULL,1,NULL,NULL,NULL,NULL,34,NULL),(442,371,0,NULL,'PRNT',NULL,'Printing',1,101.75400,NULL,NULL,1,NULL,NULL,NULL,NULL,34,NULL),(443,371,0,NULL,'PRNT',NULL,'Printing',1,124.56000,NULL,NULL,1,NULL,NULL,NULL,NULL,34,NULL),(444,371,0,NULL,'PRNT',NULL,'Printing',1,3431.84000,NULL,NULL,1,NULL,NULL,NULL,NULL,34,NULL),(445,371,0,NULL,'PRNT',NULL,'Printing',1,136.49000,NULL,NULL,1,NULL,NULL,NULL,NULL,34,NULL),(446,371,0,NULL,'PRNT',NULL,'Printing',1,367.98000,NULL,NULL,1,NULL,NULL,NULL,NULL,34,NULL),(447,371,0,NULL,'PRNT',NULL,'Printing',1,1347.37000,NULL,NULL,1,NULL,NULL,NULL,NULL,34,NULL),(448,372,0,NULL,'cel',NULL,'Wall charger kit',1,262.28000,NULL,NULL,1,NULL,NULL,NULL,NULL,56,NULL),(449,373,0,NULL,'MC',NULL,'Pen and Pad print',1,4550.00000,NULL,NULL,1,NULL,NULL,NULL,NULL,64,NULL),(450,374,0,NULL,'ST',NULL,'Stationary',1,56.12000,NULL,NULL,1,NULL,NULL,NULL,NULL,34,NULL),(451,375,0,NULL,'BC',NULL,'Printing business cards',1,1375.15000,NULL,NULL,1,NULL,NULL,NULL,NULL,34,NULL),(452,376,0,NULL,'EX',NULL,'Exhibit at SACAP',1,2280.00000,NULL,NULL,1,NULL,NULL,NULL,NULL,64,NULL),(453,377,0,NULL,'VO',NULL,'Virtual office',1,650.00000,NULL,NULL,1,NULL,NULL,NULL,NULL,56,NULL),(454,378,0,NULL,'HST',NULL,'Web hosting',1,1440.35000,NULL,NULL,1,NULL,NULL,NULL,NULL,40,NULL),(455,379,0,NULL,'DC',NULL,'Flowers',1,1770.00000,NULL,NULL,1,NULL,NULL,NULL,NULL,29,NULL),(456,380,0,NULL,'ADSL',NULL,'ADSL',1,1032.46000,NULL,NULL,1,NULL,NULL,NULL,NULL,40,NULL),(457,381,0,NULL,'CEL',NULL,'Cell phone',1,4289.54000,NULL,NULL,1,NULL,NULL,NULL,NULL,56,NULL),(458,382,0,NULL,'In',NULL,'Insurance Aug 15',1,706.24000,NULL,NULL,1,NULL,NULL,NULL,NULL,142,NULL),(459,383,0,NULL,'SP',NULL,'Speedpoint charges',1,551.75400,NULL,NULL,1,NULL,NULL,NULL,NULL,153,NULL),(460,384,0,NULL,'IN',NULL,'Office insurance',1,706.24000,NULL,NULL,1,NULL,NULL,NULL,NULL,142,NULL),(461,385,0,NULL,'PRNT',NULL,'Printing',1,1742.28000,NULL,NULL,1,NULL,NULL,NULL,NULL,34,NULL),(462,386,0,NULL,'rnt',NULL,'Rent',1,12860.08000,NULL,NULL,1,NULL,NULL,NULL,NULL,38,NULL),(463,387,0,NULL,'BD',NULL,'PVC Clipboards',200,34.80000,NULL,NULL,1,NULL,NULL,NULL,NULL,34,NULL),(464,388,0,NULL,'BRO',NULL,'Brochures',1,1399.28000,NULL,NULL,1,NULL,NULL,NULL,NULL,64,NULL),(465,389,0,NULL,'PRNT',NULL,'Reproduction of artwork',1,6218.00000,NULL,NULL,1,NULL,NULL,NULL,NULL,34,NULL),(466,390,0,NULL,'PRNT',NULL,'Reproduction of artwork',1,5992.00000,NULL,NULL,1,NULL,NULL,NULL,NULL,34,NULL),(467,391,0,NULL,'REF',NULL,'Refreshments',1,1622.81000,NULL,NULL,1,NULL,NULL,NULL,NULL,156,NULL),(468,392,0,NULL,'st',NULL,'Stationery',1,10.53000,NULL,NULL,1,NULL,NULL,NULL,NULL,34,NULL),(469,392,0,NULL,'ST',NULL,'Storage boxes',1,664.91000,NULL,NULL,1,NULL,NULL,NULL,NULL,99,NULL),(470,393,0,NULL,'ST',NULL,'Toner',1,687.14000,NULL,NULL,1,NULL,NULL,NULL,NULL,34,NULL),(471,393,0,NULL,'ST',NULL,'Files',1,89.48000,NULL,NULL,1,NULL,NULL,NULL,NULL,34,NULL),(472,393,0,NULL,'ST',NULL,'Divider',5,59.88600,NULL,NULL,1,NULL,NULL,NULL,NULL,34,NULL),(473,393,0,NULL,'ST',NULL,'Pencil case',1,79.20000,NULL,NULL,1,NULL,NULL,NULL,NULL,34,NULL),(474,393,0,NULL,'AD',NULL,'Adapter',1,24.30000,NULL,NULL,1,NULL,NULL,NULL,NULL,99,NULL),(475,394,0,NULL,'VO',NULL,'Virtual office',1,650.00000,NULL,NULL,1,NULL,NULL,NULL,NULL,56,NULL),(476,395,0,NULL,'DOM',NULL,'Domain renewals',3,92.11000,NULL,NULL,1,NULL,NULL,NULL,NULL,40,NULL),(477,395,0,NULL,'HST',NULL,'Web hosting',1,1300.00000,NULL,NULL,1,NULL,NULL,NULL,NULL,40,NULL),(478,396,0,NULL,'FL',NULL,'Flower arrangements',1,1770.00000,NULL,NULL,1,NULL,NULL,NULL,NULL,29,NULL),(479,397,0,NULL,'CEL',NULL,'Cell phones',1,4090.60000,NULL,NULL,1,NULL,NULL,NULL,NULL,56,NULL),(480,398,0,NULL,'WEB',NULL,'Storyline',1,2500.00000,NULL,NULL,1,NULL,NULL,NULL,NULL,40,NULL),(481,398,0,NULL,'WEB',NULL,'Consulting',1,2000.00000,NULL,NULL,1,NULL,NULL,NULL,NULL,40,NULL),(482,399,0,NULL,'ADSL',NULL,'ADSL',1,1032.46000,NULL,NULL,1,NULL,NULL,NULL,NULL,40,NULL),(483,400,0,NULL,'CON',NULL,'IEC Adaptor',3,13.15000,NULL,NULL,1,NULL,NULL,NULL,NULL,99,NULL),(485,401,0,NULL,'BC',NULL,'Bank service charges',1,568.66000,NULL,NULL,1,NULL,NULL,NULL,NULL,19,NULL),(486,401,0,NULL,'SP',NULL,'Speedpoint charges',1,1207.03000,NULL,NULL,1,NULL,NULL,NULL,NULL,153,NULL),(487,402,0,NULL,'BC',NULL,'Banking fees',1,505.90000,NULL,NULL,1,NULL,NULL,NULL,NULL,19,NULL),(488,403,0,NULL,'AF',NULL,'Accounting fees',1,2696.50000,NULL,NULL,1,NULL,NULL,NULL,NULL,36,NULL),(489,404,0,NULL,'PAYE',NULL,'PAYE/SDL/UIF - Oct15',1,11115.90000,NULL,NULL,1,NULL,NULL,NULL,NULL,43,NULL),(525,405,0,NULL,'AF',NULL,'Accounting fees',1,2696.50000,NULL,NULL,1,NULL,NULL,NULL,NULL,36,NULL),(491,406,0,NULL,'PAYE',NULL,'PAYE/UIF/SDL - Nov15',1,11128.08000,NULL,NULL,1,NULL,NULL,NULL,NULL,43,NULL),(492,407,0,NULL,'IN',NULL,'Office insurance',1,718.09000,NULL,NULL,1,NULL,NULL,NULL,NULL,142,NULL),(493,408,0,NULL,'pr',NULL,'Printing',1,16907.63000,NULL,NULL,1,NULL,NULL,NULL,NULL,34,NULL),(495,409,0,NULL,'rnt',NULL,'Rent Oct',1,12391.45000,NULL,NULL,1,NULL,NULL,NULL,NULL,38,NULL),(496,410,0,NULL,'st',NULL,'Storage',1,491.23000,NULL,NULL,1,NULL,NULL,NULL,NULL,34,NULL),(497,411,0,NULL,'st',NULL,'Storage',1,399.12000,NULL,NULL,1,NULL,NULL,NULL,NULL,34,NULL),(498,412,0,NULL,'ref',NULL,'Water',1,92.11000,NULL,NULL,1,NULL,NULL,NULL,NULL,156,NULL),(499,413,0,NULL,'EN',NULL,'Enneagrm sets',1,12894.74000,NULL,NULL,1,NULL,NULL,NULL,NULL,34,NULL),(500,414,0,NULL,'st',NULL,'Tape',1,83.16000,NULL,NULL,1,NULL,NULL,NULL,NULL,34,NULL),(534,415,0,NULL,'rep',NULL,'Wheel alignment',1,540.00000,NULL,NULL,1,NULL,NULL,NULL,NULL,172,NULL),(502,416,0,NULL,'TEL',NULL,'Virtual office',1,650.00000,NULL,NULL,1,NULL,NULL,NULL,NULL,56,NULL),(532,417,0,NULL,'SPA',NULL,'Gifts - members',1,2410.01000,NULL,NULL,1,NULL,NULL,NULL,NULL,102,NULL),(535,418,0,NULL,'GF',NULL,'Gifts',1,169.00000,NULL,NULL,1,NULL,NULL,NULL,NULL,102,NULL),(536,419,0,NULL,'GF',NULL,'Gifts',1,790.00000,NULL,NULL,1,NULL,NULL,NULL,NULL,102,NULL),(506,420,0,NULL,'HST',NULL,'Hosting',1,1392.11000,NULL,NULL,1,NULL,NULL,NULL,NULL,40,NULL),(507,421,0,NULL,'ST',NULL,'Stationery',1,529.96500,NULL,NULL,1,NULL,NULL,NULL,NULL,34,NULL),(508,422,0,NULL,'rnt',NULL,'Rent Nov',1,13413.08000,NULL,NULL,1,NULL,NULL,NULL,NULL,38,NULL),(509,423,0,NULL,'op',NULL,'Flowers',1,1770.00000,NULL,NULL,1,NULL,NULL,NULL,NULL,29,NULL),(510,424,0,NULL,'CELL',NULL,'Cell phones',1,4158.35000,NULL,NULL,1,NULL,NULL,NULL,NULL,56,NULL),(511,425,0,NULL,'op',NULL,'Fan for office',1,332.46000,NULL,NULL,1,NULL,NULL,NULL,NULL,29,NULL),(512,426,0,NULL,'ADSL',NULL,'ADSL',1,1207.02000,NULL,NULL,1,NULL,NULL,NULL,NULL,40,NULL),(513,427,0,NULL,'ps',NULL,'Printing',1,5393.68000,NULL,NULL,1,NULL,NULL,NULL,NULL,34,NULL),(514,428,0,NULL,'WS',NULL,'Website - Enneagram',1,3500.00000,NULL,NULL,1,NULL,NULL,NULL,NULL,40,NULL),(515,429,0,NULL,'ef',NULL,'Water',1,258.77000,NULL,NULL,1,NULL,NULL,NULL,NULL,156,NULL),(524,430,0,NULL,'FL',NULL,'Excange ticket',1,370.00000,NULL,NULL,1,NULL,NULL,NULL,NULL,51,NULL),(537,431,0,NULL,'gf',NULL,'Gifts - members',1,1920.00000,NULL,NULL,1,NULL,NULL,NULL,NULL,102,NULL),(518,432,0,NULL,'VO',NULL,'Virtual office',1,650.00000,NULL,NULL,1,NULL,NULL,NULL,NULL,56,NULL),(519,433,0,NULL,'HST',NULL,'Hosting',1,1624.57000,NULL,NULL,1,NULL,NULL,NULL,NULL,40,NULL),(520,434,0,NULL,'RN',NULL,'Rent',1,13768.95000,NULL,NULL,1,NULL,NULL,NULL,NULL,38,NULL),(521,435,0,NULL,'op',NULL,'Flowers',1,1770.00000,NULL,NULL,1,NULL,NULL,NULL,NULL,29,NULL),(522,436,0,NULL,'ADSL',NULL,'ADSL',1,1032.46000,NULL,NULL,1,NULL,NULL,NULL,NULL,40,NULL),(523,437,0,NULL,'CELL',NULL,'Cell phones',1,4554.52000,NULL,NULL,1,NULL,NULL,NULL,NULL,56,NULL),(526,438,0,NULL,'IN',NULL,'Office insurance',1,718.09000,NULL,NULL,1,NULL,NULL,NULL,NULL,142,NULL),(527,439,0,NULL,'bc',NULL,'Banking fees',1,550.23000,NULL,NULL,1,NULL,NULL,NULL,NULL,19,NULL),(528,440,0,NULL,'SP',NULL,'Speedpoint',1,551.75400,NULL,NULL,1,NULL,NULL,NULL,NULL,153,NULL),(529,441,0,NULL,'bc',NULL,'Banking fees',1,503.82400,NULL,NULL,1,NULL,NULL,NULL,NULL,19,NULL),(530,442,0,NULL,'sp',NULL,'Speedpoint',1,551.75400,NULL,NULL,1,NULL,NULL,NULL,NULL,153,NULL),(538,443,0,NULL,'AF',NULL,'Accounting fee',1,2696.50000,NULL,NULL,1,NULL,NULL,NULL,NULL,36,NULL),(539,444,0,NULL,'1600134',NULL,'Accounting fee',1,3496.50000,NULL,NULL,1,NULL,NULL,NULL,NULL,36,NULL),(540,445,0,NULL,'PAYE',NULL,'PAYE Dec15',1,11070.60000,NULL,NULL,1,NULL,NULL,NULL,NULL,43,NULL),(541,446,0,NULL,'PAYE',NULL,'PAYE Jan16',1,11046.13000,NULL,NULL,1,NULL,NULL,NULL,NULL,43,NULL),(542,447,0,NULL,'PRNT',NULL,'Printing',1,118.42000,NULL,NULL,1,NULL,NULL,NULL,NULL,34,NULL),(543,447,0,NULL,'PRNT',NULL,'Printing',1,71.05000,NULL,NULL,1,NULL,NULL,NULL,NULL,34,NULL),(544,448,0,NULL,'PK',NULL,'Parking fees',1,184.21000,NULL,NULL,1,NULL,NULL,NULL,NULL,51,NULL),(545,449,0,NULL,'TEL',NULL,'Virtual office',1,650.00000,NULL,NULL,1,NULL,NULL,NULL,NULL,56,NULL),(546,450,0,NULL,'PO',NULL,'PO Box renewal',1,521.93000,NULL,NULL,1,NULL,NULL,NULL,NULL,33,NULL),(547,451,0,NULL,'OD',NULL,'Office decor',1,1770.00000,NULL,NULL,1,NULL,NULL,NULL,NULL,29,NULL),(548,452,0,NULL,'Cell',NULL,'Cell 0828578851',1,1981.14000,NULL,NULL,1,NULL,NULL,NULL,NULL,56,NULL),(549,452,0,NULL,'Cell',NULL,'Cell 0762224585',1,546.05000,NULL,NULL,1,NULL,NULL,NULL,NULL,56,NULL),(550,452,0,NULL,'Cell',NULL,'Cell 0795174598',1,120.17400,NULL,NULL,1,NULL,NULL,NULL,NULL,56,NULL),(551,452,0,NULL,'Cell',NULL,'Cell 0825933153',1,367.10000,NULL,NULL,1,NULL,NULL,NULL,NULL,56,NULL),(552,452,0,NULL,'Cell',NULL,'Cell 0716899113',1,730.87400,NULL,NULL,1,NULL,NULL,NULL,NULL,56,NULL),(553,452,0,NULL,'Cell',NULL,'Cell 0714708081',1,513.04400,NULL,NULL,1,NULL,NULL,NULL,NULL,56,NULL),(554,452,0,NULL,'Cell',NULL,'Cell 0824146328',1,104.38400,NULL,NULL,1,NULL,NULL,NULL,NULL,56,NULL),(555,452,0,NULL,'Cell',NULL,'Cell 0828578851',1,95.61000,NULL,NULL,1,NULL,NULL,NULL,NULL,56,NULL),(556,453,0,NULL,'Prnt',NULL,'Printing',1,134.21000,NULL,NULL,1,NULL,NULL,NULL,NULL,34,NULL),(557,454,0,NULL,'Hst',NULL,'Hosting',1,1300.00000,NULL,NULL,1,NULL,NULL,NULL,NULL,40,NULL),(558,455,0,NULL,'ADSL',NULL,'ADSL Jan 2016',1,1041.23000,NULL,NULL,1,NULL,NULL,NULL,NULL,40,NULL),(559,456,0,NULL,'in',NULL,'Office insurance',1,718.09000,NULL,NULL,1,NULL,NULL,NULL,NULL,142,NULL),(560,457,0,NULL,'Acc',NULL,'Account fees',1,513.51000,NULL,NULL,1,NULL,NULL,NULL,NULL,19,NULL),(561,458,0,NULL,'SP',NULL,'Speedpoint charges',1,551.75400,NULL,NULL,1,NULL,NULL,NULL,NULL,153,NULL),(562,459,0,NULL,'in',NULL,'Office insurance',1,718.09000,NULL,NULL,1,NULL,NULL,NULL,NULL,142,NULL),(563,460,0,NULL,'bc',NULL,'Account fees',1,400.66000,NULL,NULL,1,NULL,NULL,NULL,NULL,19,NULL),(564,461,0,NULL,'sp',NULL,'Speedpoint charges',1,6602.52000,NULL,NULL,1,NULL,NULL,NULL,NULL,153,NULL),(566,462,0,NULL,'rnt',NULL,'Rent Jan16',1,13451.73400,NULL,NULL,1,NULL,NULL,NULL,NULL,38,NULL),(567,463,0,NULL,'ss',NULL,'Sim Swap and Cel fix',1,1172.81000,NULL,NULL,1,NULL,NULL,NULL,NULL,56,NULL),(568,464,0,NULL,'ST',NULL,'Stationery',1,176.93000,NULL,NULL,1,NULL,NULL,NULL,NULL,34,NULL),(569,465,0,NULL,'IT',NULL,'IT support',1,1008.77000,NULL,NULL,1,NULL,NULL,NULL,NULL,40,NULL),(570,466,0,NULL,'WEB',NULL,'Website - Enneagram',1,2500.00000,NULL,NULL,1,NULL,NULL,NULL,NULL,40,NULL),(571,467,0,NULL,'VO',NULL,'Virtual Office',1,650.00000,NULL,NULL,1,NULL,NULL,NULL,NULL,56,NULL),(572,468,0,NULL,'ref',NULL,'Water dispenser',1,333.33000,NULL,NULL,1,NULL,NULL,NULL,NULL,156,NULL),(573,469,0,NULL,'Stat',NULL,'Stationery',1,827.23000,NULL,NULL,1,NULL,NULL,NULL,NULL,34,NULL),(574,470,0,NULL,'Hst',NULL,'Hosting',5,310.00000,NULL,NULL,1,NULL,NULL,NULL,NULL,40,NULL),(575,470,0,NULL,'TO',NULL,'TutorOx',1,1200.00000,NULL,NULL,1,NULL,NULL,NULL,NULL,40,NULL),(576,471,0,NULL,'op',NULL,'Office decor',1,1770.00000,NULL,NULL,1,NULL,NULL,NULL,NULL,29,NULL),(577,472,0,NULL,'ADSL',NULL,'ADSL',1,1041.23000,NULL,NULL,1,NULL,NULL,NULL,NULL,40,NULL),(578,473,0,NULL,'CELL',NULL,'Cell',1,4128.53000,NULL,NULL,1,NULL,NULL,NULL,NULL,56,NULL),(579,474,0,NULL,'TUT',NULL,'Tutor Fees - Eduan',1,17750.00000,NULL,NULL,1,NULL,NULL,NULL,NULL,57,NULL),(580,475,0,NULL,'AF',NULL,'Accounting fees',1,3546.50000,NULL,NULL,1,NULL,NULL,NULL,NULL,36,NULL),(581,476,0,NULL,'AF',NULL,'Accounting fees',1,2696.50000,NULL,NULL,1,NULL,NULL,NULL,NULL,36,NULL),(582,477,0,NULL,'rnt',NULL,'Rent',1,13374.40000,NULL,NULL,1,NULL,NULL,NULL,NULL,38,NULL),(583,478,0,NULL,'PRNT',NULL,'Printing 1641',1,6304.47000,NULL,NULL,1,NULL,NULL,NULL,NULL,33,NULL),(584,478,0,NULL,'PRNT',NULL,'Printing 1646',1,3235.09000,NULL,NULL,1,NULL,NULL,NULL,NULL,33,NULL),(585,478,0,NULL,'PRNT',NULL,'Printing 1649',1,1824.56000,NULL,NULL,1,NULL,NULL,NULL,NULL,33,NULL),(586,478,0,NULL,'PRNT',NULL,'Printing 1650',1,3118.42000,NULL,NULL,1,NULL,NULL,NULL,NULL,33,NULL),(587,478,0,NULL,'PRNT',NULL,'Printing 1651',1,2335.97000,NULL,NULL,1,NULL,NULL,NULL,NULL,33,NULL),(588,478,0,NULL,'PRNT',NULL,'Printing 1652',1,1009.65000,NULL,NULL,1,NULL,NULL,NULL,NULL,33,NULL),(589,478,0,NULL,'PRNT',NULL,'Printing 1653',1,96.93000,NULL,NULL,1,NULL,NULL,NULL,NULL,33,NULL),(590,478,0,NULL,'PRNT',NULL,'Printing 1654',1,6186.84000,NULL,NULL,1,NULL,NULL,NULL,NULL,33,NULL),(591,479,0,NULL,'PRNT',NULL,'Printing',1,4630.00000,NULL,NULL,1,NULL,NULL,NULL,NULL,33,NULL),(592,480,0,NULL,'PRNT',NULL,'Printing',1,42.98000,NULL,NULL,1,NULL,NULL,NULL,NULL,34,NULL),(593,481,0,NULL,'in',NULL,'Office insurance',1,721.77000,NULL,NULL,1,NULL,NULL,NULL,NULL,142,NULL),(594,482,0,NULL,'oi',NULL,'Office insurance',1,721.77000,NULL,NULL,1,NULL,NULL,NULL,NULL,142,NULL),(633,483,0,NULL,'COM',NULL,'Desktop PC - Intel core I7; DVD writer; 2TB HDD',1,21966.64000,NULL,NULL,1,NULL,NULL,NULL,NULL,7,NULL),(597,484,0,NULL,'ref',NULL,'Water refills',1,175.44000,NULL,NULL,1,NULL,NULL,NULL,NULL,156,NULL),(598,485,0,NULL,'TEL',NULL,'Virtual office',1,650.00000,NULL,NULL,1,NULL,NULL,NULL,NULL,56,NULL),(605,486,0,NULL,'BS',NULL,'Table base',1,919.00000,NULL,NULL,1,NULL,NULL,NULL,NULL,8,NULL),(604,486,0,NULL,'CH',NULL,'Plastic chairs',20,295.00000,NULL,NULL,1,NULL,NULL,NULL,NULL,8,NULL),(603,486,0,NULL,'DEL',NULL,'Delivery charges',1,490.00000,NULL,NULL,1,NULL,NULL,NULL,NULL,29,NULL),(606,486,0,NULL,'TB',NULL,'Table top',1,1429.00000,NULL,NULL,1,NULL,NULL,NULL,NULL,8,NULL),(607,487,0,NULL,'HST',NULL,'Hosting',5,310.00000,NULL,NULL,1,NULL,NULL,NULL,NULL,40,NULL),(608,487,0,NULL,'OO',NULL,'OrderOx subscription',1,1200.00000,NULL,NULL,1,NULL,NULL,NULL,NULL,40,NULL),(609,488,0,NULL,'AF',NULL,'Consultation on SETA and CHE accreditation',1,800.00000,NULL,NULL,1,NULL,NULL,NULL,NULL,154,NULL),(610,489,0,NULL,'DEC',NULL,'Office decor',1,1770.00000,NULL,NULL,1,NULL,NULL,NULL,NULL,29,NULL),(611,490,0,NULL,'SP',NULL,'Speedpoint charges',1,551.75000,NULL,NULL,1,NULL,NULL,NULL,NULL,153,NULL),(612,491,0,NULL,'ADSL',NULL,'ADSL',1,1041.23000,NULL,NULL,1,NULL,NULL,NULL,NULL,40,NULL),(613,492,0,NULL,'CELL',NULL,'Cell phones',1,4287.97500,NULL,NULL,1,NULL,NULL,NULL,NULL,56,NULL),(614,493,0,NULL,'PRNT',NULL,'Printing 1664',1,6076.32000,NULL,NULL,1,NULL,NULL,NULL,NULL,34,NULL),(615,493,0,NULL,'PRNT',NULL,'Printing 1666',1,2021.05000,NULL,NULL,1,NULL,NULL,NULL,NULL,34,NULL),(616,493,0,NULL,'PRNT',NULL,'Printing 1667',1,1819.12000,NULL,NULL,1,NULL,NULL,NULL,NULL,34,NULL),(617,493,0,NULL,'PRNT',NULL,'Printing 1668',1,142.28000,NULL,NULL,1,NULL,NULL,NULL,NULL,34,NULL),(618,493,0,NULL,'PRNT',NULL,'Printing 1669',1,1012.28000,NULL,NULL,1,NULL,NULL,NULL,NULL,34,NULL),(619,494,0,NULL,'st',NULL,'stationery',1,21.05000,NULL,NULL,1,NULL,NULL,NULL,NULL,34,NULL),(620,495,0,NULL,'cf',NULL,'Courier fees',1,1990.00000,NULL,NULL,1,NULL,NULL,NULL,NULL,33,NULL),(621,496,0,NULL,'RNT',NULL,'Rent',1,13478.39500,NULL,NULL,1,NULL,NULL,NULL,NULL,38,NULL),(622,497,0,NULL,'tel',NULL,'Virtual Office',1,650.00000,NULL,NULL,1,NULL,NULL,NULL,NULL,56,NULL),(623,498,0,NULL,'HST',NULL,'Hosting',5,310.00000,NULL,NULL,1,NULL,NULL,NULL,NULL,40,NULL),(624,498,0,NULL,'DOM',NULL,'Domain renewals',3,140.35000,NULL,NULL,1,NULL,NULL,NULL,NULL,40,NULL),(625,498,0,NULL,'TO',NULL,'TutorOx subscription',1,1200.00000,NULL,NULL,1,NULL,NULL,NULL,NULL,40,NULL),(626,499,0,NULL,'DEC',NULL,'Office Decor',1,1770.00000,NULL,NULL,1,NULL,NULL,NULL,NULL,29,NULL),(627,500,0,NULL,'CEL',NULL,'Cell phones',1,4534.57000,NULL,NULL,1,NULL,NULL,NULL,NULL,56,NULL),(628,501,0,NULL,'sp',NULL,'Speedpoint charges',1,551.75500,NULL,NULL,1,NULL,NULL,NULL,NULL,153,NULL),(629,502,0,NULL,'ADSL',NULL,'ADSL',1,1041.23000,NULL,NULL,1,NULL,NULL,NULL,NULL,40,NULL),(630,503,0,NULL,'SARS',NULL,'PAYE/UIF - Feb16',1,11550.96000,NULL,NULL,1,NULL,NULL,NULL,NULL,43,NULL),(631,504,0,NULL,'PAYE',NULL,'PAYE/UIF - Mar16',1,10829.66000,NULL,NULL,1,NULL,NULL,NULL,NULL,43,NULL),(634,506,0,NULL,'PRT',NULL,'statationery',1,1262.63000,NULL,NULL,1,NULL,NULL,NULL,NULL,34,NULL),(635,507,0,NULL,'bank charges',NULL,'Admin, service fees',1,449.38000,NULL,NULL,1,NULL,NULL,NULL,NULL,19,NULL),(636,508,0,NULL,'bc',NULL,'Service Fees',1,369.60500,NULL,NULL,1,NULL,NULL,NULL,NULL,19,NULL),(637,509,0,NULL,'bc',NULL,'ILS savings bank charges',1,3.51000,NULL,NULL,1,NULL,NULL,NULL,NULL,19,NULL),(638,510,0,NULL,'PAYE',NULL,'PAYE/UIF/SDL',1,10818.15000,NULL,NULL,1,NULL,NULL,NULL,NULL,43,NULL),(639,511,0,NULL,'PAYE',NULL,'PAYE/UIF/SDL',1,10910.04000,NULL,NULL,1,NULL,NULL,NULL,NULL,43,NULL),(640,512,0,NULL,'AF',NULL,'Accounting fees',1,2696.50000,NULL,NULL,1,NULL,NULL,NULL,NULL,36,NULL),(641,513,0,NULL,'AF',NULL,'Accounting fees',1,3576.50000,NULL,NULL,1,NULL,NULL,NULL,NULL,36,NULL),(642,514,0,NULL,'rnt',NULL,'Rent Apr16',1,13267.66000,NULL,NULL,1,NULL,NULL,NULL,NULL,38,NULL),(643,515,0,NULL,'in',NULL,'Insurance',1,944.85000,NULL,NULL,1,NULL,NULL,NULL,NULL,142,NULL),(644,516,0,NULL,'prnt',NULL,'Printing Inv1747',1,1049.12000,NULL,NULL,1,NULL,NULL,NULL,NULL,34,NULL),(645,516,0,NULL,'prnt',NULL,'Printing Inv1748',1,386.84000,NULL,NULL,1,NULL,NULL,NULL,NULL,34,NULL),(646,516,0,NULL,'prnt',NULL,'Printing Inv1749',1,73.42000,NULL,NULL,1,NULL,NULL,NULL,NULL,34,NULL),(647,516,0,NULL,'prnt',NULL,'Printing Inv1752',1,568.86000,NULL,NULL,1,NULL,NULL,NULL,NULL,34,NULL),(648,517,0,NULL,'Prof',NULL,'SETA Accreditation',1,7250.00000,NULL,NULL,1,NULL,NULL,NULL,NULL,154,NULL),(649,518,0,NULL,'comp',NULL,'Webcam',1,1578.95000,NULL,NULL,1,NULL,NULL,NULL,NULL,40,NULL),(650,519,0,NULL,'VO',NULL,'Virtual office',1,650.00000,NULL,NULL,1,NULL,NULL,NULL,NULL,56,NULL),(651,520,0,NULL,'CAB',NULL,'Wood case',1,1367.54000,NULL,NULL,1,NULL,NULL,NULL,NULL,29,NULL),(652,521,0,NULL,'hst',NULL,'Hosting',5,310.00000,NULL,NULL,1,NULL,NULL,NULL,NULL,40,NULL),(653,521,0,NULL,'dom',NULL,'Domain renewal',1,184.21000,NULL,NULL,1,NULL,NULL,NULL,NULL,40,NULL),(654,521,0,NULL,'tut',NULL,'TutorOx',1,1200.00000,NULL,NULL,1,NULL,NULL,NULL,NULL,40,NULL),(655,522,0,NULL,'st',NULL,'Stationery',1,409.39000,NULL,NULL,1,NULL,NULL,NULL,NULL,34,NULL),(656,523,0,NULL,'fl',NULL,'Office flowers',1,1770.00000,NULL,NULL,1,NULL,NULL,NULL,NULL,29,NULL),(657,524,0,NULL,'Cell',NULL,'Cell phones',1,4175.11000,NULL,NULL,1,NULL,NULL,NULL,NULL,56,NULL),(658,525,0,NULL,'sp',NULL,'Speedpoint charges',1,551.75500,NULL,NULL,1,NULL,NULL,NULL,NULL,153,NULL),(659,526,0,NULL,'ADSL',NULL,'ADSL',1,1041.23000,NULL,NULL,1,NULL,NULL,NULL,NULL,40,NULL),(661,527,0,NULL,'PF',NULL,'Paypal withdrawal fees',1,1868.63000,NULL,NULL,1,NULL,NULL,NULL,NULL,19,NULL),(662,527,0,NULL,'acc',NULL,'account fees',1,364.29000,NULL,NULL,1,NULL,NULL,NULL,NULL,19,NULL),(663,528,0,NULL,'prnt',NULL,'Printing - Inv1785',1,604.74000,NULL,NULL,1,NULL,NULL,NULL,NULL,34,NULL),(664,528,0,NULL,'prnt',NULL,'Printing - Inv1788',1,84.91000,NULL,NULL,1,NULL,NULL,NULL,NULL,34,NULL),(665,528,0,NULL,'prnt',NULL,'Printing - Inv1789',1,1704.21000,NULL,NULL,1,NULL,NULL,NULL,NULL,34,NULL),(666,529,0,NULL,'post',NULL,'Postage',1,5335.00000,NULL,NULL,1,NULL,NULL,NULL,NULL,33,NULL),(667,529,0,NULL,'post',NULL,'Postage',1,650.00000,NULL,NULL,1,NULL,NULL,NULL,NULL,33,NULL),(668,530,0,NULL,'rnt',NULL,'Rent',1,13185.57000,NULL,NULL,1,NULL,NULL,NULL,NULL,38,NULL),(669,531,0,NULL,'FL',NULL,'Flooring - Office',1,2387.72000,NULL,NULL,1,NULL,NULL,NULL,NULL,29,NULL),(670,532,0,NULL,'PNT',NULL,'Paint for cupboards - office',1,313.16000,NULL,NULL,1,NULL,NULL,NULL,NULL,29,NULL),(671,533,0,NULL,'st',NULL,'Charts, binders and signs',1,557.14000,NULL,NULL,1,NULL,NULL,NULL,NULL,34,NULL),(672,534,0,NULL,'pnt',NULL,'Paint for cupboards - office',1,197.37000,NULL,NULL,1,NULL,NULL,NULL,NULL,29,NULL),(673,535,0,NULL,'ref',NULL,'2 cases of 500ml water',1,184.21000,NULL,NULL,1,NULL,NULL,NULL,NULL,156,NULL),(674,536,0,NULL,'Acc',NULL,'SETA accreditation',1,14500.00000,NULL,NULL,1,NULL,NULL,NULL,NULL,154,NULL),(675,537,0,NULL,'vo',NULL,'Virtual Office',1,650.00000,NULL,NULL,1,NULL,NULL,NULL,NULL,56,NULL),(676,538,0,NULL,'HST',NULL,'Monthly hosting',5,310.00000,NULL,NULL,1,NULL,NULL,NULL,NULL,40,NULL),(677,538,0,NULL,'TUT',NULL,'TutorOx monthly subscription',1,1200.00000,NULL,NULL,1,NULL,NULL,NULL,NULL,44,NULL),(678,539,0,NULL,'fl',NULL,'Flowers - Office',1,1770.00000,NULL,NULL,1,NULL,NULL,NULL,NULL,29,NULL),(679,540,0,NULL,'cell',NULL,'Cell phones',1,4121.29000,NULL,NULL,1,NULL,NULL,NULL,NULL,56,NULL),(680,541,0,NULL,'sp',NULL,'Speedpoint charges',1,551.75000,NULL,NULL,1,NULL,NULL,NULL,NULL,153,NULL),(681,542,0,NULL,'ADSL',NULL,'ADSL',1,1041.23000,NULL,NULL,1,NULL,NULL,NULL,NULL,40,NULL),(682,543,0,NULL,'bc',NULL,'Bank charges',1,478.97000,NULL,NULL,1,NULL,NULL,NULL,NULL,19,NULL),(683,544,0,NULL,'in',NULL,'Office insurance',1,831.42000,NULL,NULL,1,NULL,NULL,NULL,NULL,142,NULL),(684,545,0,NULL,'RD',NULL,'Rounding',1,0.01999,NULL,NULL,1,NULL,NULL,NULL,NULL,29,NULL),(685,546,0,NULL,'rd',NULL,'Rounding',1,0.07000,NULL,NULL,1,NULL,NULL,NULL,NULL,29,NULL),(686,547,0,NULL,'CP',NULL,'Cell phones',1,4468.27000,NULL,NULL,1,NULL,NULL,NULL,NULL,56,NULL),(687,548,0,NULL,'ADSL',NULL,'ADSL',1,1041.23000,NULL,NULL,1,NULL,NULL,NULL,NULL,40,NULL),(688,549,0,NULL,'DEC',NULL,'Office flowers',1,1770.00000,NULL,NULL,1,NULL,NULL,NULL,NULL,29,NULL),(690,550,0,NULL,'AF',NULL,'Accounting fees',1,2696.50000,NULL,NULL,1,NULL,NULL,NULL,NULL,36,NULL),(691,551,0,NULL,'WEB',NULL,'Create websites',1,5000.00000,NULL,NULL,1,NULL,NULL,NULL,NULL,40,NULL),(692,551,0,NULL,'Ren',NULL,'.co.za domain renewal',2,92.11000,NULL,NULL,1,NULL,NULL,NULL,NULL,40,NULL),(693,551,0,NULL,'WEB',NULL,'Monthly Web hosting Jul',5,310.00000,NULL,NULL,1,NULL,NULL,NULL,NULL,40,NULL),(694,551,0,NULL,'TUT',NULL,'TutorOx subscription',1,1200.00000,NULL,NULL,1,NULL,NULL,NULL,NULL,40,NULL),(695,552,0,NULL,'REF',NULL,'Water for cooler',1,324.56000,NULL,NULL,1,NULL,NULL,NULL,NULL,156,NULL),(696,553,0,NULL,'VO',NULL,'Virtual office',1,650.00000,NULL,NULL,1,NULL,NULL,NULL,NULL,56,NULL),(697,554,0,NULL,'PRNT',NULL,'Printing - Inv1848',1,184.82500,NULL,NULL,1,NULL,NULL,NULL,NULL,34,NULL),(698,554,0,NULL,'PRNT',NULL,'Printing - Inv1851',1,7.02000,NULL,NULL,1,NULL,NULL,NULL,NULL,34,NULL),(699,554,0,NULL,'Cour',NULL,'Courier - Inv1852',1,360.09000,NULL,NULL,1,NULL,NULL,NULL,NULL,33,NULL),(700,554,0,NULL,'Cour',NULL,'Courier - Inv1853',1,271.93000,NULL,NULL,1,NULL,NULL,NULL,NULL,33,NULL),(701,554,0,NULL,'PRNT',NULL,'Printing - Inv1854',1,7.02000,NULL,NULL,1,NULL,NULL,NULL,NULL,34,NULL),(702,554,0,NULL,'PRNT',NULL,'Printing - Inv1855',1,7.02000,NULL,NULL,1,NULL,NULL,NULL,NULL,34,NULL),(703,554,0,NULL,'PRNT',NULL,'Printing - Inv1861',1,51.32000,NULL,NULL,1,NULL,NULL,NULL,NULL,34,NULL),(704,554,0,NULL,'PRNT',NULL,'Printing - Inv1863',1,2977.54000,NULL,NULL,1,NULL,NULL,NULL,NULL,34,NULL),(705,554,0,NULL,'PRNT',NULL,'Printing - Inv1865',1,6503.16000,NULL,NULL,1,NULL,NULL,NULL,NULL,34,NULL),(706,555,0,NULL,'POST',NULL,'Postage overseas - Inv1851',1,720.00000,NULL,NULL,1,NULL,NULL,NULL,NULL,33,NULL),(707,555,0,NULL,'POST',NULL,'Postage overseas - Inv1854',1,860.00000,NULL,NULL,1,NULL,NULL,NULL,NULL,33,NULL),(708,555,0,NULL,'POST',NULL,'Postage overseas - Inv1855',1,720.00000,NULL,NULL,1,NULL,NULL,NULL,NULL,33,NULL),(709,556,0,NULL,'COM',NULL,'Commission Paid on American Express Account',1,1637.22000,NULL,NULL,1,NULL,NULL,NULL,NULL,19,NULL),(710,557,0,NULL,'RNT',NULL,'Rent Office',1,12845.53400,NULL,NULL,1,NULL,NULL,NULL,NULL,38,NULL),(711,558,0,NULL,'AF',NULL,'Accounting fees',1,2696.50000,NULL,NULL,1,NULL,NULL,NULL,NULL,36,NULL),(712,559,0,NULL,'PAYE',NULL,'PAYE/UIF/SDL - Jun16',1,11386.76000,NULL,NULL,1,NULL,NULL,NULL,NULL,43,NULL),(713,560,0,NULL,'PAYE',NULL,'PAYE/UIF/SDL Jul16',1,11786.22000,NULL,NULL,1,NULL,NULL,NULL,NULL,43,NULL),(714,561,0,NULL,'ADSL',NULL,'ADSL',1,1041.23000,NULL,NULL,1,NULL,NULL,NULL,NULL,40,NULL),(715,562,0,NULL,'SP',NULL,'Speedpoint commission',1,2271.82400,NULL,NULL,1,NULL,NULL,NULL,NULL,153,NULL),(716,562,0,NULL,'SP',NULL,'Speedpoint terminal',1,251.75000,NULL,NULL,1,NULL,NULL,NULL,NULL,153,NULL),(717,563,0,NULL,'cell',NULL,'Cell phones',1,4118.04000,NULL,NULL,1,NULL,NULL,NULL,NULL,56,NULL),(718,564,0,NULL,'DEC',NULL,'Office flowers',1,1770.00000,NULL,NULL,1,NULL,NULL,NULL,NULL,29,NULL),(719,565,0,NULL,'HST',NULL,'Monthly Web hosting Jul16 - Colleen-joy.com; EnlightenedAppleTree.com; Findlifecoach.co.za; learnenneagram.com; life-coach-education.com',5,310.00000,NULL,NULL,1,NULL,NULL,NULL,NULL,40,NULL),(720,565,0,NULL,'HST',NULL,'Monthly TutuorOx fees',1,1200.00000,NULL,NULL,1,NULL,NULL,NULL,NULL,40,NULL),(721,566,0,NULL,'st',NULL,'Stationery',1,287.72000,NULL,NULL,1,NULL,NULL,NULL,NULL,34,NULL),(722,567,0,NULL,'CA',NULL,'Camera equipment to create videos',1,1266.66400,NULL,NULL,1,NULL,NULL,NULL,NULL,29,NULL),(723,568,0,NULL,'vo',NULL,'Virtual office',1,650.00000,NULL,NULL,1,NULL,NULL,NULL,NULL,56,NULL),(724,569,0,NULL,'ST',NULL,'Stickers - printed',1,400.02000,NULL,NULL,1,NULL,NULL,NULL,NULL,34,NULL),(725,570,0,NULL,'rnt',NULL,'Office rent',1,13137.64000,NULL,NULL,1,NULL,NULL,NULL,NULL,38,NULL),(726,571,0,NULL,'PRNT',NULL,'Printing - Inv1822',1,35.44000,NULL,NULL,1,NULL,NULL,NULL,NULL,34,NULL),(727,571,0,NULL,'PRNT',NULL,'Printing - Inv1823',1,568.86000,NULL,NULL,1,NULL,NULL,NULL,NULL,34,NULL),(728,571,0,NULL,'PRNT',NULL,'Printing - Inv1824',1,568.86000,NULL,NULL,1,NULL,NULL,NULL,NULL,34,NULL),(729,571,0,NULL,'PRNT',NULL,'Printing - Inv1825',1,73.42000,NULL,NULL,1,NULL,NULL,NULL,NULL,34,NULL),(730,572,0,NULL,'BC',NULL,'Bank charges',1,510.94000,NULL,NULL,1,NULL,NULL,NULL,NULL,19,NULL),(731,573,0,NULL,'BC',NULL,'Bank charges',1,410.99000,NULL,NULL,1,NULL,NULL,NULL,NULL,19,NULL),(732,574,0,NULL,'IN',NULL,'Office insurance',1,831.42000,NULL,NULL,1,NULL,NULL,NULL,NULL,142,NULL),(733,575,0,NULL,'IN',NULL,'Office insurance',1,831.42000,NULL,NULL,1,NULL,NULL,NULL,NULL,142,NULL),(734,576,0,NULL,'SP',NULL,'Speedpoint charges',1,566.00000,NULL,NULL,1,NULL,NULL,NULL,NULL,153,NULL),(735,577,0,NULL,'rnt',NULL,'Rent Aug2016',1,13340.81000,NULL,NULL,1,NULL,NULL,NULL,NULL,38,NULL),(753,578,0,NULL,'1903',NULL,'Copies/Board - Inv1903',1,2627.63000,NULL,NULL,1,NULL,NULL,NULL,NULL,34,NULL),(752,578,0,NULL,'1902',NULL,'Copies/Board - Inv1902',1,1201.75000,NULL,NULL,1,NULL,NULL,NULL,NULL,34,NULL),(751,578,0,NULL,'1900',NULL,'Copies/Board - Inv1900',1,466.67000,NULL,NULL,1,NULL,NULL,NULL,NULL,34,NULL),(750,578,0,NULL,'1899',NULL,'Copies/Board - Inv1899',1,343.86000,NULL,NULL,1,NULL,NULL,NULL,NULL,34,NULL),(749,578,0,NULL,'1898',NULL,'Copies/Board - Inv1898',1,176.84000,NULL,NULL,1,NULL,NULL,NULL,NULL,34,NULL),(748,578,0,NULL,'1896',NULL,'Copies/Board - Inv1896',1,1516.67000,NULL,NULL,1,NULL,NULL,NULL,NULL,34,NULL),(747,578,0,NULL,'1895',NULL,'Copies/Board - Inv1895',1,52.19000,NULL,NULL,1,NULL,NULL,NULL,NULL,34,NULL),(746,578,0,NULL,'1893',NULL,'Copies/Board - Inv1893',1,84.91000,NULL,NULL,1,NULL,NULL,NULL,NULL,34,NULL),(745,578,0,NULL,'1894',NULL,'Cartons - Inv1894',1,23.25000,NULL,NULL,1,NULL,NULL,NULL,NULL,34,NULL),(754,579,0,NULL,'CP',NULL,'Courier to USA',1,3450.00000,NULL,NULL,1,NULL,NULL,NULL,NULL,33,NULL),(755,580,0,NULL,'ST',NULL,'Marker pens',1,140.00000,NULL,NULL,1,NULL,NULL,NULL,NULL,34,NULL),(756,581,0,NULL,'REF',NULL,'Water',1,1228.07000,NULL,NULL,1,NULL,NULL,NULL,NULL,156,NULL),(757,582,0,NULL,'tel',NULL,'Virtual office',1,650.00000,NULL,NULL,1,NULL,NULL,NULL,NULL,56,NULL),(758,583,0,NULL,'COM',NULL,'Micro SD with Adaptor',1,657.02000,NULL,NULL,1,NULL,NULL,NULL,NULL,40,NULL),(759,584,0,NULL,'REC',NULL,'Recording equipment',1,4296.49000,NULL,NULL,1,NULL,NULL,NULL,NULL,40,NULL),(760,585,0,NULL,'FL',NULL,'Flowers',1,1770.00000,NULL,NULL,1,NULL,NULL,NULL,NULL,29,NULL),(761,586,0,NULL,'CELL',NULL,'Cell phones',1,4115.22000,NULL,NULL,1,NULL,NULL,NULL,NULL,56,NULL),(762,587,0,NULL,'HST',NULL,'Monthly Web hosting Aug16 - Colleen-joy.com; EnlightenedAppleTree.com; Findlifecoach.co.za; learnenneagram.com; life-coach-education.com',5,310.00000,NULL,NULL,1,NULL,NULL,NULL,NULL,40,NULL),(763,587,0,NULL,'TUT',NULL,'TutuorOx subscription',1,1200.00000,NULL,NULL,1,NULL,NULL,NULL,NULL,40,NULL),(764,588,0,NULL,'sp',NULL,'Speedpoint charges',1,4699.09000,NULL,NULL,1,NULL,NULL,NULL,NULL,153,NULL),(765,589,0,NULL,'ADSL',NULL,'ADSL',1,1041.23000,NULL,NULL,1,NULL,NULL,NULL,NULL,40,NULL),(766,590,0,NULL,'1941',NULL,'Copies/Board/Binding - Inv1941',1,1125.09000,NULL,NULL,1,NULL,NULL,NULL,NULL,34,NULL),(767,590,0,NULL,'1942',NULL,'Copies/Board/Binding - Inv1942',1,1036.58000,NULL,NULL,1,NULL,NULL,NULL,NULL,34,NULL),(768,590,0,NULL,'1943',NULL,'Copies/Board/Binding - Inv1943',1,931.58000,NULL,NULL,1,NULL,NULL,NULL,NULL,34,NULL),(769,590,0,NULL,'1944',NULL,'Bubblewrap - Inv1944',1,14.04000,NULL,NULL,1,NULL,NULL,NULL,NULL,34,NULL),(770,591,0,NULL,'RNT',NULL,'Rent Sept16',1,13189.56000,NULL,NULL,1,NULL,NULL,NULL,NULL,38,NULL),(771,592,0,NULL,'AF',NULL,'Accounting Fees',1,3146.50000,NULL,NULL,1,NULL,NULL,NULL,NULL,36,NULL),(772,593,0,NULL,'VC',NULL,'Gift voucher - Eduan',1,877.19000,NULL,NULL,1,NULL,NULL,NULL,NULL,102,NULL),(773,594,0,NULL,'VO',NULL,'Virtual Office',1,650.00000,NULL,NULL,1,NULL,NULL,NULL,NULL,56,NULL),(774,595,0,NULL,'REF',NULL,'Water',1,184.21000,NULL,NULL,1,NULL,NULL,NULL,NULL,156,NULL),(775,596,0,NULL,'OP',NULL,'Flowers',1,1770.00000,NULL,NULL,1,NULL,NULL,NULL,NULL,29,NULL),(776,597,0,NULL,'CELL',NULL,'Cell phones',1,4113.71000,NULL,NULL,1,NULL,NULL,NULL,NULL,56,NULL),(777,598,0,NULL,'web',NULL,'Website Hosting',5,310.00000,NULL,NULL,1,NULL,NULL,NULL,NULL,40,NULL),(778,598,0,NULL,'dr',NULL,'Domain renewal',1,92.11000,NULL,NULL,1,NULL,NULL,NULL,NULL,40,NULL),(779,598,0,NULL,'TUT',NULL,'TutorOx',1,1200.00000,NULL,NULL,1,NULL,NULL,NULL,NULL,40,NULL),(780,598,0,NULL,'WEB',NULL,'Website design - M de Beer',1,5000.00000,NULL,NULL,1,NULL,NULL,NULL,NULL,40,NULL),(781,599,0,NULL,'AF',NULL,'Accounting fees',1,2696.50000,NULL,NULL,1,NULL,NULL,NULL,NULL,36,NULL),(782,600,0,NULL,'SP',NULL,'Speedpoint charges',1,566.00000,NULL,NULL,1,NULL,NULL,NULL,NULL,153,NULL),(783,601,0,NULL,'ADSL',NULL,'ADSL',1,1041.23000,NULL,NULL,1,NULL,NULL,NULL,NULL,40,NULL),(784,602,0,NULL,'PAYE',NULL,'PAYE/UIF/SDL - Aug16',1,11188.78000,NULL,NULL,1,NULL,NULL,NULL,NULL,43,NULL),(785,603,0,NULL,'PAYE',NULL,'PAYE/UIF/SDL - Sept16',1,11232.88000,NULL,NULL,1,NULL,NULL,NULL,NULL,43,NULL),(786,604,0,NULL,'AF',NULL,'Account/VAS/Service fee',1,452.63000,NULL,NULL,1,NULL,NULL,NULL,NULL,19,NULL),(787,605,0,NULL,'BC',NULL,'Account/VAS/Service fees',1,485.21000,NULL,NULL,1,NULL,NULL,NULL,NULL,19,NULL),(788,605,0,NULL,'ST',NULL,'Statement charges',1,315.79000,NULL,NULL,1,NULL,NULL,NULL,NULL,19,NULL),(789,606,0,NULL,'in',NULL,'Office Insurance',1,831.42000,NULL,NULL,1,NULL,NULL,NULL,NULL,142,NULL),(790,607,0,NULL,'in',NULL,'Office Insurance',1,831.42000,NULL,NULL,1,NULL,NULL,NULL,NULL,142,NULL),(792,608,0,NULL,'PS',NULL,'Inv1975 - Copies/board',1,84.91000,NULL,NULL,1,NULL,NULL,NULL,NULL,34,NULL),(793,608,0,NULL,'PS',NULL,'Inv1976 - Copies/board',1,6814.91000,NULL,NULL,1,NULL,NULL,NULL,NULL,34,NULL),(794,608,0,NULL,'PS',NULL,'Inv1977 - Copies/board',1,3701.75000,NULL,NULL,1,NULL,NULL,NULL,NULL,34,NULL),(795,608,0,NULL,'PS',NULL,'Inv1978 - Copies/board',1,24.47000,NULL,NULL,1,NULL,NULL,NULL,NULL,34,NULL),(796,608,0,NULL,'PS',NULL,'Inv1979 - Copies/board',1,863.33000,NULL,NULL,1,NULL,NULL,NULL,NULL,34,NULL),(797,608,0,NULL,'PS',NULL,'Inv1980 - Copies/board',1,42.63000,NULL,NULL,1,NULL,NULL,NULL,NULL,34,NULL),(798,608,0,NULL,'PS',NULL,'Inv1981 - Copies/board',1,83.77000,NULL,NULL,1,NULL,NULL,NULL,NULL,34,NULL),(799,608,0,NULL,'PS',NULL,'Inv1982 - Copies/board',1,555.26000,NULL,NULL,1,NULL,NULL,NULL,NULL,34,NULL),(800,609,0,NULL,'RNT',NULL,'Rent - October',1,13304.72000,NULL,NULL,1,NULL,NULL,NULL,NULL,38,NULL),(836,610,0,NULL,'OI',NULL,'Office Insurance',1,887.79000,NULL,NULL,1,NULL,NULL,NULL,NULL,142,NULL),(802,612,0,NULL,'DP',NULL,'Digital Printed canvas',1,1055.00000,NULL,NULL,1,NULL,NULL,NULL,NULL,34,NULL),(803,613,0,NULL,'COM',NULL,'Fix computer damaged due to lightening',1,14943.88000,NULL,NULL,1,NULL,NULL,NULL,NULL,40,NULL),(804,614,0,NULL,'VO',NULL,'Virtual Office',1,650.00000,NULL,NULL,1,NULL,NULL,NULL,NULL,56,NULL),(805,615,0,NULL,'ST',NULL,'Clipboards',1,7900.00000,NULL,NULL,1,NULL,NULL,NULL,NULL,34,NULL),(806,616,0,NULL,'ED',NULL,'Page corrections',1,750.00000,NULL,NULL,1,NULL,NULL,NULL,NULL,31,NULL),(807,617,0,NULL,'ST',NULL,'Toner, Diary, Planner',1,1020.60500,NULL,NULL,1,NULL,NULL,NULL,NULL,34,NULL),(808,618,0,NULL,'ST',NULL,'Paint',1,2646.32000,NULL,NULL,1,NULL,NULL,NULL,NULL,34,NULL),(809,619,0,NULL,'OE',NULL,'Microphone and cable',1,1366.66400,NULL,NULL,1,NULL,NULL,NULL,NULL,29,NULL),(810,620,0,NULL,'HST',NULL,'Hosting and TutorOx',1,2842.11000,NULL,NULL,1,NULL,NULL,NULL,NULL,40,NULL),(811,621,0,NULL,'decor',NULL,'Office decor',1,1770.00000,NULL,NULL,1,NULL,NULL,NULL,NULL,29,NULL),(812,622,0,NULL,'AF',NULL,'Accounting fees',1,3576.50000,NULL,NULL,1,NULL,NULL,NULL,NULL,36,NULL),(813,623,0,NULL,'SP',NULL,'Speedpoint',1,566.00000,NULL,NULL,1,NULL,NULL,NULL,NULL,153,NULL),(814,624,0,NULL,'ADSL',NULL,'ADSL',1,1259.65000,NULL,NULL,1,NULL,NULL,NULL,NULL,40,NULL),(815,625,0,NULL,'CP',NULL,'Cell phones',1,4670.70000,NULL,NULL,1,NULL,NULL,NULL,NULL,56,NULL),(816,626,0,NULL,'rnt',NULL,'Rent Nov16',1,12988.92000,NULL,NULL,1,NULL,NULL,NULL,NULL,38,NULL),(817,627,0,NULL,'PS',NULL,'Inv2032 - Copies',1,28.42000,NULL,NULL,1,NULL,NULL,NULL,NULL,34,NULL),(818,627,0,NULL,'PS',NULL,'Inv2034 - Copies',1,28.42000,NULL,NULL,1,NULL,NULL,NULL,NULL,34,NULL),(819,627,0,NULL,'PS',NULL,'Inv2035 - Copies',1,928.42000,NULL,NULL,1,NULL,NULL,NULL,NULL,34,NULL),(820,627,0,NULL,'PS',NULL,'Inv2036 - copies/bubble wrap',1,117.54000,NULL,NULL,1,NULL,NULL,NULL,NULL,34,NULL),(821,627,0,NULL,'PS',NULL,'Inv2037 - Courier/bubble wrap/carton',1,725.88000,NULL,NULL,1,NULL,NULL,NULL,NULL,33,NULL),(822,627,0,NULL,'PS',NULL,'Inv2040 - Copies/binding/board',1,1732.37000,NULL,NULL,1,NULL,NULL,NULL,NULL,34,NULL),(823,627,0,NULL,'PS',NULL,'Inv2041 - Copies',1,56.05000,NULL,NULL,1,NULL,NULL,NULL,NULL,34,NULL),(824,627,0,NULL,'PS',NULL,'Inv2042 - Copies/binding/board',1,4405.96400,NULL,NULL,1,NULL,NULL,NULL,NULL,34,NULL),(825,627,0,NULL,'PS',NULL,'Inv2043 - Copies/binding/board',1,1426.32000,NULL,NULL,1,NULL,NULL,NULL,NULL,34,NULL),(826,628,0,NULL,'VO',NULL,'Virtual office',1,650.00000,NULL,NULL,1,NULL,NULL,NULL,NULL,56,NULL),(827,629,0,NULL,'Expo',NULL,'Branding - expo',1,7340.00000,NULL,NULL,1,NULL,NULL,NULL,NULL,29,NULL),(828,630,0,NULL,'st',NULL,'Stickers',1,2506.56000,NULL,NULL,1,NULL,NULL,NULL,NULL,34,NULL),(829,631,0,NULL,'PR',NULL,'Printing &amp; binding',1,9447.32400,NULL,NULL,1,NULL,NULL,NULL,NULL,34,NULL),(830,631,0,NULL,'CP',NULL,'Courier',1,915.00000,NULL,NULL,1,NULL,NULL,NULL,NULL,33,NULL),(831,632,0,NULL,'OF',NULL,'Office flowers',1,1770.00000,NULL,NULL,1,NULL,NULL,NULL,NULL,29,NULL),(832,633,0,NULL,'cf',NULL,'Cellphones',1,4828.67000,NULL,NULL,1,NULL,NULL,NULL,NULL,56,NULL),(833,634,0,NULL,'AF',NULL,'Accounting fees',1,1606.50000,NULL,NULL,1,NULL,NULL,NULL,NULL,36,NULL),(834,635,0,NULL,'SP',NULL,'Speedpoint',1,566.00000,NULL,NULL,1,NULL,NULL,NULL,NULL,153,NULL),(835,636,0,NULL,'ADSL',NULL,'ADSL',1,1041.23000,NULL,NULL,1,NULL,NULL,NULL,NULL,40,NULL),(837,611,0,NULL,'oi',NULL,'Office Insurance',1,887.79000,NULL,NULL,1,NULL,NULL,NULL,NULL,142,NULL),(838,637,0,NULL,'BC',NULL,'Banking fees',1,450.61000,NULL,NULL,1,NULL,NULL,NULL,NULL,19,NULL),(839,638,0,NULL,'BC',NULL,'Banking charges',1,390.75000,NULL,NULL,1,NULL,NULL,NULL,NULL,19,NULL),(840,639,0,NULL,'PAYE',NULL,'PAYE/UIF Oct16',1,10829.19000,NULL,NULL,1,NULL,NULL,NULL,NULL,43,NULL),(841,640,0,NULL,'PAYE',NULL,'PAYE/UIF Nov16',1,10796.27000,NULL,NULL,1,NULL,NULL,NULL,NULL,43,NULL),(843,641,0,NULL,'PEN',NULL,'Penalties for late payment',1,1088.99000,NULL,NULL,1,NULL,NULL,NULL,NULL,43,NULL),(844,642,0,NULL,'RD',NULL,'Rounding',1,0.04000,NULL,NULL,1,NULL,NULL,NULL,NULL,160,NULL),(845,643,0,NULL,'RD',NULL,'Rounding',1,0.01000,NULL,NULL,1,NULL,NULL,NULL,NULL,160,NULL),(846,644,0,NULL,'RD',NULL,'Rounding',1,0.01000,NULL,NULL,1,NULL,NULL,NULL,NULL,160,NULL),(847,645,0,NULL,'DOM',NULL,'Domain renewals .co.za',2,92.11000,NULL,NULL,1,NULL,NULL,NULL,NULL,40,NULL),(848,645,0,NULL,'DOM',NULL,'Domain renewal .com',1,184.21000,NULL,NULL,1,NULL,NULL,NULL,NULL,40,NULL),(849,645,0,NULL,'HST',NULL,'Monthly Web hosting Jul16 - Colleen-joy.com; EnlightenedAppleTree.com; Findlifecoach.co.za; learnenneagram.com; life-coach-education.com',5,310.00000,NULL,NULL,1,NULL,NULL,NULL,NULL,40,NULL),(850,645,0,NULL,'TO',NULL,'TutorOx',1,1200.00000,NULL,NULL,1,NULL,NULL,NULL,NULL,40,NULL),(881,646,0,NULL,'RNT',NULL,'Office rent',1,13644.25000,NULL,NULL,1,NULL,NULL,NULL,NULL,38,NULL),(852,647,0,NULL,'OI',NULL,'Office insurance',1,887.79000,NULL,NULL,1,NULL,NULL,NULL,NULL,142,NULL),(889,648,0,NULL,'BC',NULL,'Account/VAS/Service fees',1,440.53000,NULL,NULL,1,NULL,NULL,NULL,NULL,19,NULL),(872,649,0,NULL,'HST',NULL,'Hosting/TutorOx',1,2750.00000,NULL,NULL,1,NULL,NULL,NULL,NULL,40,NULL),(886,650,0,NULL,'CELL',NULL,'Cell phones',1,4496.87000,NULL,NULL,1,NULL,NULL,NULL,NULL,56,NULL),(887,651,0,NULL,'ADSL',NULL,'ADSL',1,1041.23000,NULL,NULL,1,NULL,NULL,NULL,NULL,40,NULL),(885,652,0,NULL,'DC',NULL,'Flowers for office',1,1770.00000,NULL,NULL,1,NULL,NULL,NULL,NULL,29,NULL),(888,653,0,NULL,'sp',NULL,'Speedpoint charges',1,2817.21000,NULL,NULL,1,NULL,NULL,NULL,NULL,153,NULL),(859,654,0,NULL,'AF',NULL,'Accounting Fees',1,2696.50000,NULL,NULL,1,NULL,NULL,NULL,NULL,36,NULL),(860,656,0,NULL,'PAYE',NULL,'PAYE/UIF/SDL - Dec16',1,10829.19000,NULL,NULL,1,NULL,NULL,NULL,NULL,43,NULL),(861,658,0,NULL,'OI',NULL,'Office Insurance',1,729.91000,NULL,NULL,1,NULL,NULL,NULL,NULL,142,NULL),(883,659,0,NULL,'VO',NULL,'Virtual office',1,650.00000,NULL,NULL,1,NULL,NULL,NULL,NULL,56,NULL),(897,660,0,NULL,'VO',NULL,'Virtual Office',1,650.00000,NULL,NULL,1,NULL,NULL,NULL,NULL,56,NULL),(864,661,0,NULL,'BC',NULL,'Account/VAS/Service fees',1,401.71000,NULL,NULL,1,NULL,NULL,NULL,NULL,19,NULL),(865,662,0,NULL,'hst',NULL,'Hosting/tutorox',1,2750.00000,NULL,NULL,1,NULL,NULL,NULL,NULL,40,NULL),(893,663,0,NULL,'OD',NULL,'Flowers for Office',1,1770.00000,NULL,NULL,1,NULL,NULL,NULL,NULL,29,NULL),(892,664,0,NULL,'Cell',NULL,'Cell phones',1,4472.77000,NULL,NULL,1,NULL,NULL,NULL,NULL,56,NULL),(891,665,0,NULL,'SP',NULL,'Speedpoint charges',1,4576.41000,NULL,NULL,1,NULL,NULL,NULL,NULL,153,NULL),(890,666,0,NULL,'ADSL',NULL,'ADSL',1,1041.23000,NULL,NULL,1,NULL,NULL,NULL,NULL,40,NULL),(870,667,0,NULL,'PAYE',NULL,'PAYE/UIF/SDL - Jan17',1,11302.69000,NULL,NULL,1,NULL,NULL,NULL,NULL,43,NULL),(871,668,0,NULL,'AF',NULL,'Accounting fees',1,3646.50000,NULL,NULL,1,NULL,NULL,NULL,NULL,36,NULL),(873,655,0,NULL,'PR',NULL,'Inv2090 - Printing/Binding',1,144.56000,NULL,NULL,1,NULL,NULL,NULL,NULL,34,NULL),(874,655,0,NULL,'PR',NULL,'Inv2091 - Printing/Binding',1,568.86000,NULL,NULL,1,NULL,NULL,NULL,NULL,34,NULL),(875,655,0,NULL,'PR',NULL,'Inv2092 - Printing/Binding',1,115.35000,NULL,NULL,1,NULL,NULL,NULL,NULL,34,NULL),(876,655,0,NULL,'CR',NULL,'Inv2092 - Courier ',1,162.28000,NULL,NULL,1,NULL,NULL,NULL,NULL,33,NULL),(877,655,0,NULL,'PR',NULL,'Inv2093 - Printing/Binding',1,455.09000,NULL,NULL,1,NULL,NULL,NULL,NULL,34,NULL),(878,655,0,NULL,'PR',NULL,'Inv2094 - Printing/Binding',1,975.00000,NULL,NULL,1,NULL,NULL,NULL,NULL,34,NULL),(879,655,0,NULL,'PR',NULL,'Inv2095 - Printing/Binding',1,568.86000,NULL,NULL,1,NULL,NULL,NULL,NULL,34,NULL),(880,655,0,NULL,'PR',NULL,'Inv2096 - Printing/Binding',1,285.70000,NULL,NULL,1,NULL,NULL,NULL,NULL,34,NULL),(882,669,0,NULL,'CR',NULL,'SETA Accreditation',1,7250.00000,NULL,NULL,1,NULL,NULL,NULL,NULL,154,NULL),(884,670,0,NULL,'ST',NULL,'Stationery',1,435.11000,NULL,NULL,1,NULL,NULL,NULL,NULL,34,NULL),(894,671,0,NULL,'CELL',NULL,'Sim Swap',1,55.26000,NULL,NULL,1,NULL,NULL,NULL,NULL,56,NULL),(895,672,0,NULL,'VEN',NULL,'Full day conference - venue hire',1,6975.00000,NULL,NULL,1,NULL,NULL,NULL,NULL,148,NULL),(896,673,0,NULL,'st',NULL,'A4 Paper',1,125.79000,NULL,NULL,1,NULL,NULL,NULL,NULL,34,NULL),(901,657,0,NULL,'PRNT',NULL,'Inv2153 - Printing/Binding',1,2078.95000,NULL,NULL,1,NULL,NULL,NULL,NULL,34,NULL),(900,657,0,NULL,'PRNT',NULL,'Inv2152 - Printing/Binding',1,4552.63000,NULL,NULL,1,NULL,NULL,NULL,NULL,34,NULL),(902,657,0,NULL,'PRNT',NULL,'Inv2154 - Printing/Binding',1,6026.32000,NULL,NULL,1,NULL,NULL,NULL,NULL,34,NULL),(903,657,0,NULL,'PRNT',NULL,'Inv2155 - Printing/Binding',1,1772.11000,NULL,NULL,1,NULL,NULL,NULL,NULL,34,NULL),(904,657,0,NULL,'PK',NULL,'Inv2156 - Packing',1,60.53000,NULL,NULL,1,NULL,NULL,NULL,NULL,34,NULL),(905,657,0,NULL,'COUR',NULL,'Inv2156 - Courier',1,162.28000,NULL,NULL,1,NULL,NULL,NULL,NULL,33,NULL),(906,657,0,NULL,'PRNT',NULL,'Inv2157 - Printing',1,699.39000,NULL,NULL,1,NULL,NULL,NULL,NULL,34,NULL),(907,674,0,NULL,'Cour',NULL,'International courier',1,4200.00000,NULL,NULL,1,NULL,NULL,NULL,NULL,33,NULL),(908,675,0,NULL,'RNT',NULL,'Rent - final readings',1,745.15000,NULL,NULL,1,NULL,NULL,NULL,NULL,38,NULL),(909,676,0,NULL,'CP',NULL,'Inv2188 - Copies/Binding/Board',1,1794.91000,NULL,NULL,1,NULL,NULL,NULL,NULL,34,NULL),(910,676,0,NULL,'CP',NULL,'Inv2189 - Copies/Binding/Board',1,1874.74000,NULL,NULL,1,NULL,NULL,NULL,NULL,34,NULL),(911,676,0,NULL,'CP',NULL,'Inv2190 - Copies/Binding/Board',1,1778.95000,NULL,NULL,1,NULL,NULL,NULL,NULL,34,NULL),(912,676,0,NULL,'CP',NULL,'Inv2191 - Copies/Binding/Board',1,1778.95000,NULL,NULL,1,NULL,NULL,NULL,NULL,34,NULL),(913,676,0,NULL,'CP',NULL,'Inv2192 - Copies/Binding/Board',1,1954.56000,NULL,NULL,1,NULL,NULL,NULL,NULL,34,NULL),(914,676,0,NULL,'CP',NULL,'Inv2193 - Copies/Binding/Board',1,1436.84000,NULL,NULL,1,NULL,NULL,NULL,NULL,34,NULL),(915,676,0,NULL,'CP',NULL,'Inv2194 - Copies/Binding/Board',1,2737.89000,NULL,NULL,1,NULL,NULL,NULL,NULL,34,NULL),(916,676,0,NULL,'CP',NULL,'Inv2195 - Copies/Binding/Board',1,10781.58000,NULL,NULL,1,NULL,NULL,NULL,NULL,34,NULL),(917,676,0,NULL,'CP',NULL,'Inv2196 - Copies/Binding/Board',1,2557.02000,NULL,NULL,1,NULL,NULL,NULL,NULL,34,NULL),(918,677,0,NULL,'CP',NULL,'Courier and Packaging',1,2353.51000,NULL,NULL,1,NULL,NULL,NULL,NULL,33,NULL),(919,678,0,NULL,'CP',NULL,'Courier &amp; postage US',1,4000.00000,NULL,NULL,1,NULL,NULL,NULL,NULL,33,NULL),(920,679,0,NULL,'VC',NULL,'Gift voucher',1,877.19000,NULL,NULL,1,NULL,NULL,NULL,NULL,102,NULL),(921,680,0,NULL,'AF',NULL,'Accounting fees',1,3646.50000,NULL,NULL,1,NULL,NULL,NULL,NULL,36,NULL),(922,681,0,NULL,'CB',NULL,'Clipboards',1,8370.00000,NULL,NULL,1,NULL,NULL,NULL,NULL,34,NULL),(923,682,0,NULL,'VO',NULL,'Virtual Office',1,650.00000,NULL,NULL,1,NULL,NULL,NULL,NULL,56,NULL),(924,683,0,NULL,'PS',NULL,'Stationery and toner',1,1475.24000,NULL,NULL,1,NULL,NULL,NULL,NULL,34,NULL),(925,684,0,NULL,'HST',NULL,'Hosting',5,310.00000,NULL,NULL,1,NULL,NULL,NULL,NULL,40,NULL),(926,684,0,NULL,'TUT',NULL,'Tutorox - Feb17',1,1200.00000,NULL,NULL,1,NULL,NULL,NULL,NULL,44,NULL),(927,685,0,NULL,'OP',NULL,'Flowers for Office',1,1770.00000,NULL,NULL,1,NULL,NULL,NULL,NULL,29,NULL),(928,686,0,NULL,'SP',NULL,'Speedpoint charges',1,550.00000,NULL,NULL,1,NULL,NULL,NULL,NULL,153,NULL),(929,687,0,NULL,'ADSL',NULL,'ADSL',1,1041.23000,NULL,NULL,1,NULL,NULL,NULL,NULL,40,NULL),(930,688,0,NULL,'CELL',NULL,'Cell phones',1,4581.19000,NULL,NULL,1,NULL,NULL,NULL,NULL,56,NULL),(931,689,0,NULL,'AF',NULL,'Accounting Fees',1,10745.00000,NULL,NULL,1,NULL,NULL,NULL,NULL,36,NULL),(997,706,0,NULL,'PAYE',NULL,'PAYE/UIF - Mar17',1,13393.16000,NULL,NULL,1,NULL,NULL,NULL,NULL,43,NULL),(994,705,0,NULL,'PAYE',NULL,'PAYE/UIF Feb17',1,18757.71000,NULL,NULL,1,NULL,NULL,NULL,NULL,43,NULL),(993,690,0,NULL,'CP',NULL,'Inv2247 - Copies/Binding/Board',1,2477.19000,NULL,NULL,1,NULL,NULL,NULL,NULL,34,NULL),(992,690,0,NULL,'CP',NULL,'Inv2246 - Copies/Binding/Board',1,2824.56000,NULL,NULL,1,NULL,NULL,NULL,NULL,34,NULL),(991,690,0,NULL,'CP',NULL,'Inv2245 - Copies/Binding/Board',1,2052.63000,NULL,NULL,1,NULL,NULL,NULL,NULL,34,NULL),(990,690,0,NULL,'CP',NULL,'Inv2244 - Copies/Binding/Board',1,73.68000,NULL,NULL,1,NULL,NULL,NULL,NULL,34,NULL),(989,690,0,NULL,'CP',NULL,'Inv2243 - Copies/Binding/Board',1,1300.70000,NULL,NULL,1,NULL,NULL,NULL,NULL,34,NULL),(988,690,0,NULL,'CP',NULL,'Inv2242 - Copies/Binding/Board',1,127.72000,NULL,NULL,1,NULL,NULL,NULL,NULL,34,NULL),(987,690,0,NULL,'CP',NULL,'Inv2241 - Copies/Binding/Board',1,155.96000,NULL,NULL,1,NULL,NULL,NULL,NULL,34,NULL),(986,690,0,NULL,'CP',NULL,'Inv2239 - Copies/Binding/Board',1,344.74000,NULL,NULL,1,NULL,NULL,NULL,NULL,34,NULL),(985,690,0,NULL,'CP',NULL,'Inv2238 - Copies/Binding/Board',1,173.68000,NULL,NULL,1,NULL,NULL,NULL,NULL,34,NULL),(984,690,0,NULL,'CP',NULL,'Inv2237 - Copies/Binding/Board',1,8125.26000,NULL,NULL,1,NULL,NULL,NULL,NULL,34,NULL),(983,690,0,NULL,'CP',NULL,'Inv2236 - Copies/Binding/Board',1,1207.90000,NULL,NULL,1,NULL,NULL,NULL,NULL,34,NULL),(982,690,0,NULL,'CP',NULL,'Inv2235 - Copies/Binding/Board',1,1891.93000,NULL,NULL,1,NULL,NULL,NULL,NULL,34,NULL),(981,690,0,NULL,'CP',NULL,'Inv2211 - Copies/Board',1,65.26000,NULL,NULL,1,NULL,NULL,NULL,NULL,34,NULL),(966,691,0,NULL,'DATA',NULL,'Internet Fibre',1,2698.00000,NULL,NULL,1,NULL,NULL,NULL,NULL,40,NULL),(948,692,0,NULL,'PS',NULL,'Printing',1,14210.53000,NULL,NULL,1,NULL,NULL,NULL,NULL,34,NULL),(949,693,0,NULL,'ST',NULL,'Stationary and toner',1,1210.96000,NULL,NULL,1,NULL,NULL,NULL,NULL,34,NULL),(950,693,0,NULL,'IT',NULL,'Flash drive pin strip',1,272.37000,NULL,NULL,1,NULL,NULL,NULL,NULL,40,NULL),(951,694,0,NULL,'DOM',NULL,'Domain renewals',3,184.21000,NULL,NULL,1,NULL,NULL,NULL,NULL,40,NULL),(952,694,0,NULL,'HST',NULL,'Hosting',5,310.00000,NULL,NULL,1,NULL,NULL,NULL,NULL,40,NULL),(953,694,0,NULL,'SUB',NULL,'TutorOx Mar17',1,1200.00000,NULL,NULL,1,NULL,NULL,NULL,NULL,44,NULL),(955,695,0,NULL,'AF',NULL,'Accounting fees',1,3405.00000,NULL,NULL,1,NULL,NULL,NULL,NULL,36,NULL),(956,696,0,NULL,'VO',NULL,'Virtual office',1,650.00000,NULL,NULL,1,NULL,NULL,NULL,NULL,56,NULL),(957,697,0,NULL,'FL',NULL,'Flowers for office',1,1770.00000,NULL,NULL,1,NULL,NULL,NULL,NULL,29,NULL),(958,698,0,NULL,'Cell',NULL,'Cell phones',1,4594.58000,NULL,NULL,1,NULL,NULL,NULL,NULL,56,NULL),(959,699,0,NULL,'SP',NULL,'Speedpoint charges',1,550.00000,NULL,NULL,1,NULL,NULL,NULL,NULL,153,NULL),(960,700,0,NULL,'ADSL',NULL,'ADSL',1,1041.23000,NULL,NULL,1,NULL,NULL,NULL,NULL,40,NULL),(961,701,0,NULL,'BC',NULL,'Service fees',1,405.70000,NULL,NULL,1,NULL,NULL,NULL,NULL,19,NULL),(962,702,0,NULL,'in',NULL,'Insurance',1,943.01000,NULL,NULL,1,NULL,NULL,NULL,NULL,142,NULL),(963,703,0,NULL,'IN',NULL,'Insurance office',1,920.94000,NULL,NULL,1,NULL,NULL,NULL,NULL,142,NULL),(964,704,0,NULL,'BC',NULL,'Bank charges',1,523.07000,NULL,NULL,1,NULL,NULL,NULL,NULL,19,NULL),(996,707,0,NULL,'IN',NULL,'Insurance office',1,920.94000,NULL,NULL,1,NULL,NULL,NULL,NULL,142,NULL),(998,708,0,NULL,'PAYE',NULL,'PAYE/UIF Apr17',1,13374.83000,NULL,NULL,1,NULL,NULL,NULL,NULL,43,NULL),(1008,709,0,NULL,'2294',NULL,'Inv2294 - Copies/Board',1,1113.51000,NULL,NULL,1,NULL,NULL,NULL,NULL,34,NULL),(1007,709,0,NULL,'2293',NULL,'Inv2293 - Copies/board',1,1167.54000,NULL,NULL,1,NULL,NULL,NULL,NULL,34,NULL),(1006,709,0,NULL,'2291',NULL,'Inv2291 - Copies/Board',1,5258.16000,NULL,NULL,1,NULL,NULL,NULL,NULL,34,NULL),(1005,709,0,NULL,'2290',NULL,'Inv2290 - Packaging',1,27.63000,NULL,NULL,1,NULL,NULL,NULL,NULL,34,NULL),(1004,709,0,NULL,'2289',NULL,'Inv2289 - Packaging',1,352.63000,NULL,NULL,1,NULL,NULL,NULL,NULL,34,NULL),(1009,709,0,NULL,'2295',NULL,'Inv2295 - Copies/Board',1,1262.11000,NULL,NULL,1,NULL,NULL,NULL,NULL,34,NULL),(1010,709,0,NULL,'2296',NULL,'Inv2296 - Copies/Board',1,1154.03000,NULL,NULL,1,NULL,NULL,NULL,NULL,34,NULL),(1011,709,0,NULL,'2297',NULL,'Inv2297 - Copies/Board',1,1113.51000,NULL,NULL,1,NULL,NULL,NULL,NULL,34,NULL),(1012,709,0,NULL,'2298',NULL,'Inv2298 - Copies/Board',1,3421.05000,NULL,NULL,1,NULL,NULL,NULL,NULL,34,NULL),(1013,709,0,NULL,'2299',NULL,'Inv2299 - Copies/Board',1,5298.25000,NULL,NULL,1,NULL,NULL,NULL,NULL,34,NULL),(1014,709,0,NULL,'2300',NULL,'Inv2300 - Copies/Board',1,3013.16000,NULL,NULL,1,NULL,NULL,NULL,NULL,34,NULL),(1015,709,0,NULL,'2301',NULL,'Inv2301 - Copies/Board',1,963.16000,NULL,NULL,1,NULL,NULL,NULL,NULL,34,NULL),(1016,709,0,NULL,'2302',NULL,'Inv2302 - Copies/Board',1,2214.47000,NULL,NULL,1,NULL,NULL,NULL,NULL,34,NULL),(1017,709,0,NULL,'2303',NULL,'Inv2303 - Copies/Board',1,1270.18000,NULL,NULL,1,NULL,NULL,NULL,NULL,34,NULL),(1018,709,0,NULL,'2304',NULL,'Inv2304 - Copies/Board',1,1300.00000,NULL,NULL,1,NULL,NULL,NULL,NULL,34,NULL),(1019,709,0,NULL,'2305',NULL,'Inv2305 - Copies/Board',1,1398.25000,NULL,NULL,1,NULL,NULL,NULL,NULL,34,NULL),(1020,709,0,NULL,'2306',NULL,'Inv2306 - Copies/Board',1,1122.81000,NULL,NULL,1,NULL,NULL,NULL,NULL,34,NULL),(1021,709,0,NULL,'2307',NULL,'Inv2307 - Copies/Board',1,975.44000,NULL,NULL,1,NULL,NULL,NULL,NULL,34,NULL),(1022,709,0,NULL,'2308',NULL,'Inv2308 - Copies/Board',1,1398.25000,NULL,NULL,1,NULL,NULL,NULL,NULL,34,NULL),(1023,709,0,NULL,'2309',NULL,'Inv2309 - Copies/Board',1,4660.53000,NULL,NULL,1,NULL,NULL,NULL,NULL,34,NULL),(1024,709,0,NULL,'2310',NULL,'Inv2310 - Copies',1,18.95000,NULL,NULL,1,NULL,NULL,NULL,NULL,34,NULL),(1025,709,0,NULL,'2311',NULL,'Inv2311 - Copies/Board',1,48.95000,NULL,NULL,1,NULL,NULL,NULL,NULL,34,NULL),(1026,709,0,NULL,'2312',NULL,'Inv2312- Copies/Board',1,8.16000,NULL,NULL,1,NULL,NULL,NULL,NULL,34,NULL),(1027,709,0,NULL,'2314',NULL,'Inv2314 - Copies',1,122.81000,NULL,NULL,1,NULL,NULL,NULL,NULL,34,NULL),(1028,710,0,NULL,'VO',NULL,'Virtual Office',1,650.00000,NULL,NULL,1,NULL,NULL,NULL,NULL,56,NULL),(1029,711,0,NULL,'HST',NULL,'Domain renwals, hosting, tutorox',1,2934.21000,NULL,NULL,1,NULL,NULL,NULL,NULL,40,NULL),(1030,712,0,NULL,'AF',NULL,'Accounting fees',1,3805.00000,NULL,NULL,1,NULL,NULL,NULL,NULL,36,NULL),(1031,713,0,NULL,'ADSL',NULL,'ADSL',1,1041.23000,NULL,NULL,1,NULL,NULL,NULL,NULL,40,NULL),(1032,714,0,NULL,'CELL',NULL,'Cell phones',1,4591.18000,NULL,NULL,1,NULL,NULL,NULL,NULL,56,NULL),(1033,715,0,NULL,'fl',NULL,'Flowers office',1,1770.00000,NULL,NULL,1,NULL,NULL,NULL,NULL,29,NULL),(1034,716,0,NULL,'ec',NULL,'ECommerce charges',1,550.00000,NULL,NULL,1,NULL,NULL,NULL,NULL,153,NULL),(1035,717,0,NULL,'AF',NULL,'Account Fees',1,554.30000,NULL,NULL,1,NULL,NULL,NULL,NULL,19,NULL),(1045,718,0,NULL,'2339',NULL,'Inv2339 - Copies/binding',1,963.16000,NULL,NULL,1,NULL,NULL,NULL,NULL,34,NULL),(1044,718,0,NULL,'2338',NULL,'Inv2338 - Copies/binding',1,2921.05000,NULL,NULL,1,NULL,NULL,NULL,NULL,34,NULL),(1043,718,0,NULL,'2337',NULL,'Inv2337 - Copies/laminating',1,4017.54000,NULL,NULL,1,NULL,NULL,NULL,NULL,34,NULL),(1042,718,0,NULL,'2334',NULL,'Inv2334 - Packaging',1,116.67000,NULL,NULL,1,NULL,NULL,NULL,NULL,34,NULL),(1041,718,0,NULL,'2334',NULL,'Inv2334 - Courier',1,249.12000,NULL,NULL,1,NULL,NULL,NULL,NULL,33,NULL),(1046,718,0,NULL,'2341',NULL,'Inv2341 - Copies/binding/board',1,1300.00000,NULL,NULL,1,NULL,NULL,NULL,NULL,34,NULL),(1047,718,0,NULL,'2342',NULL,'Inv2342 - Copies/binding',1,1398.25000,NULL,NULL,1,NULL,NULL,NULL,NULL,34,NULL),(1048,718,0,NULL,'2343',NULL,'Inv2343 - Copies/binding',1,1122.81000,NULL,NULL,1,NULL,NULL,NULL,NULL,34,NULL),(1049,718,0,NULL,'2344',NULL,'Inv2344 - Copies/binding',1,975.44000,NULL,NULL,1,NULL,NULL,NULL,NULL,34,NULL),(1050,718,0,NULL,'2345',NULL,'Inv2345 - Copies/binding/board',1,1398.25000,NULL,NULL,1,NULL,NULL,NULL,NULL,34,NULL),(1051,718,0,NULL,'2346',NULL,'Inv2346 - Copies/binding/board',1,1361.40000,NULL,NULL,1,NULL,NULL,NULL,NULL,34,NULL),(1052,719,0,NULL,'VO',NULL,'Virtual Office',1,650.00000,NULL,NULL,1,NULL,NULL,NULL,NULL,56,NULL),(1053,720,0,NULL,'REG',NULL,'DHET registration',1,7950.00000,NULL,NULL,1,NULL,NULL,NULL,NULL,154,NULL),(1054,721,0,NULL,'fl',NULL,'Office flowers',1,1770.00000,NULL,NULL,1,NULL,NULL,NULL,NULL,29,NULL),(1055,722,0,NULL,'Cell',NULL,'Cell phones',1,4681.84000,NULL,NULL,1,NULL,NULL,NULL,NULL,56,NULL),(1056,723,0,NULL,'Hst',NULL,'Domain renewal, hosting and Tutorox',1,2842.11000,NULL,NULL,1,NULL,NULL,NULL,NULL,40,NULL),(1057,724,0,NULL,'AF',NULL,'Accounting fees',1,4285.00000,NULL,NULL,1,NULL,NULL,NULL,NULL,36,NULL),(1058,725,0,NULL,'SP',NULL,'Speedpoint',1,550.00000,NULL,NULL,1,NULL,NULL,NULL,NULL,153,NULL),(1059,726,0,NULL,'ADSL',NULL,'ADSL',1,1041.23000,NULL,NULL,1,NULL,NULL,NULL,NULL,40,NULL),(1060,727,0,NULL,'BC',NULL,'Bank charges',1,477.11000,NULL,NULL,1,NULL,NULL,NULL,NULL,19,NULL),(1061,728,0,NULL,'In',NULL,'Office Insurance',1,920.94000,NULL,NULL,1,NULL,NULL,NULL,NULL,142,NULL),(1062,729,0,NULL,'IN',NULL,'Office Insurance',1,920.94000,NULL,NULL,1,NULL,NULL,NULL,NULL,142,NULL),(1063,730,0,NULL,'CR',NULL,'Courier and packaging',1,500.00000,NULL,NULL,1,NULL,NULL,NULL,NULL,33,NULL),(1064,730,0,NULL,'PR',NULL,'Printing, binding, board',1,891.75000,NULL,NULL,1,NULL,NULL,NULL,NULL,34,NULL),(1065,730,0,NULL,'PR',NULL,'Printing',1,132.63000,NULL,NULL,1,NULL,NULL,NULL,NULL,34,NULL),(1066,731,0,NULL,'VO',NULL,'virtual office',1,650.00000,NULL,NULL,1,NULL,NULL,NULL,NULL,56,NULL),(1067,732,0,NULL,'ST',NULL,'Stationery',1,312.40000,NULL,NULL,1,NULL,NULL,NULL,NULL,34,NULL),(1068,733,0,NULL,'HST',NULL,'Monthly Web hosting Jul17 - Colleen-joy.com; EnlightenedAppleTree.com; Findlifecoach.co.za; learnenneagram.com; life-coach-education.com; innerlifeskillscoachinginternational.com',6,310.00000,NULL,NULL,1,NULL,NULL,NULL,NULL,40,NULL),(1069,733,0,NULL,'TO',NULL,'TutorOx subscription',1,1200.00000,NULL,NULL,1,NULL,NULL,NULL,NULL,44,NULL),(1071,734,0,NULL,'AF',NULL,'Accounting fees',1,9405.00000,NULL,NULL,1,NULL,NULL,NULL,NULL,36,NULL),(1072,735,0,NULL,'FL',NULL,'Flowers for office',1,1770.00000,NULL,NULL,1,NULL,NULL,NULL,NULL,29,NULL),(1073,736,0,NULL,'Cell',NULL,'Cell phones',1,4768.53000,NULL,NULL,1,NULL,NULL,NULL,NULL,56,NULL),(1090,737,0,NULL,'Inv2415',NULL,'Copies, board, binding, laminating',1,2931.58000,NULL,NULL,1,NULL,NULL,NULL,NULL,34,NULL),(1089,737,0,NULL,'Inv2421',NULL,'Printing, laminating',1,321.05000,NULL,NULL,1,NULL,NULL,NULL,NULL,34,NULL),(1088,737,0,NULL,'Inv2422',NULL,'Courier &amp;amp; packaging',1,1278.07000,NULL,NULL,1,NULL,NULL,NULL,NULL,33,NULL),(1087,737,0,NULL,'Inv2419',NULL,'Copies, board, binding, laminating',1,929.82000,NULL,NULL,1,NULL,NULL,NULL,NULL,34,NULL),(1086,737,0,NULL,'Inv2420',NULL,'Copies, board',1,81.58000,NULL,NULL,1,NULL,NULL,NULL,NULL,34,NULL),(1085,737,0,NULL,'Inv2418',NULL,'Copies, binding',1,5225.44000,NULL,NULL,1,NULL,NULL,NULL,NULL,34,NULL),(1084,737,0,NULL,'Inv2417',NULL,'Copies',1,90.88000,NULL,NULL,1,NULL,NULL,NULL,NULL,34,NULL),(1083,737,0,NULL,'Inv2416',NULL,'Copies',1,108.07000,NULL,NULL,1,NULL,NULL,NULL,NULL,34,NULL),(1091,738,0,NULL,'SP',NULL,'speedpoint charges',1,550.00000,NULL,NULL,1,NULL,NULL,NULL,NULL,153,NULL),(1092,739,0,NULL,'BC',NULL,'Bank charges',1,402.98000,NULL,NULL,1,NULL,NULL,NULL,NULL,19,NULL),(1093,740,0,NULL,'ADSL',NULL,'ADSL',1,1041.23000,NULL,NULL,1,NULL,NULL,NULL,NULL,40,NULL),(1094,741,0,NULL,'PAYE',NULL,'PAYE/UIF - Jun17',1,14346.74000,NULL,NULL,1,NULL,NULL,NULL,NULL,43,NULL),(1095,742,0,NULL,'INS',NULL,'Office insurance',1,920.94000,NULL,NULL,1,NULL,NULL,NULL,NULL,142,NULL),(1096,743,0,NULL,'HST',NULL,'Monthly Web hosting Jul17 - Colleen-joy.com; EnlightenedAppleTree.com; Findlifecoach.co.za; learnenneagram.com; life-coach-education.com; innerlifeskillscoachinginternational.com',6,310.00000,NULL,NULL,1,NULL,NULL,NULL,NULL,40,NULL),(1097,743,0,NULL,'DOM',NULL,'Domain renewal: lifecoachcourses.co.za',1,92.11000,NULL,NULL,1,NULL,NULL,NULL,NULL,40,NULL),(1098,743,0,NULL,'TO',NULL,'TutorOx Jul17',1,1200.00000,NULL,NULL,1,NULL,NULL,NULL,NULL,44,NULL),(1099,744,0,NULL,'FL',NULL,'Flowers office',1,1770.00000,NULL,NULL,1,NULL,NULL,NULL,NULL,29,NULL),(1100,745,0,NULL,'SP',NULL,'Speedpoint',1,580.00000,NULL,NULL,1,NULL,NULL,NULL,NULL,153,NULL),(1101,746,0,NULL,'BC',NULL,'Bank charges',1,443.99000,NULL,NULL,1,NULL,NULL,NULL,NULL,19,NULL),(1102,747,0,NULL,'PAYE',NULL,'PAYE/UIF - Jul17',1,12184.84000,NULL,NULL,1,NULL,NULL,NULL,NULL,43,NULL),(1103,748,0,NULL,'ADSL',NULL,'ADSL',1,1041.23000,NULL,NULL,1,NULL,NULL,NULL,NULL,40,NULL),(1104,749,0,NULL,'Cell',NULL,'Cell phones',1,4582.71000,NULL,NULL,1,NULL,NULL,NULL,NULL,56,NULL),(1105,750,0,NULL,'PAYE',NULL,'PAYE/UIF - May17',1,13137.25000,NULL,NULL,1,NULL,NULL,NULL,NULL,43,NULL),(1106,751,0,NULL,'AF',NULL,'Accounting Fees',1,3405.00000,NULL,NULL,1,NULL,NULL,NULL,NULL,36,NULL),(1107,752,0,NULL,'ST',NULL,'Bubble wrap, packaging',1,46.49000,NULL,NULL,1,NULL,NULL,NULL,NULL,34,NULL),(1108,752,0,NULL,'cr',NULL,'Courier',1,86.84000,NULL,NULL,1,NULL,NULL,NULL,NULL,33,NULL),(1109,753,0,NULL,'AF',NULL,'Accounting fees',1,3895.00000,NULL,NULL,1,NULL,NULL,NULL,NULL,36,NULL),(1110,754,0,NULL,'INT',NULL,'Internet installation, router',1,2332.46000,NULL,NULL,1,NULL,NULL,NULL,NULL,40,NULL),(1111,755,0,NULL,'HST',NULL,'Web hostimg - Aug17',6,310.00000,NULL,NULL,1,NULL,NULL,NULL,NULL,40,NULL),(1112,755,0,NULL,'HST',NULL,'TutorOx Aug17',1,1200.00000,NULL,NULL,1,NULL,NULL,NULL,NULL,40,NULL),(1113,756,0,NULL,'FL',NULL,'Flowers',1,1770.00000,NULL,NULL,1,NULL,NULL,NULL,NULL,29,NULL),(1114,757,0,NULL,'Cell',NULL,'Cell phones',1,4834.55000,NULL,NULL,1,NULL,NULL,NULL,NULL,56,NULL),(1115,758,0,NULL,'SP',NULL,'Speedpoint charges',1,580.00000,NULL,NULL,1,NULL,NULL,NULL,NULL,153,NULL),(1140,759,0,NULL,'BC',NULL,'Service fees less adjustment 2 Aug',1,351.79500,NULL,NULL,1,NULL,NULL,NULL,NULL,19,NULL),(1117,760,0,NULL,'ADSL',NULL,'ADSL',1,1041.23000,NULL,NULL,1,NULL,NULL,NULL,NULL,40,NULL),(1118,761,0,NULL,'PAYE',NULL,'PAYE/UIF Aug17',1,12004.06000,NULL,NULL,1,NULL,NULL,NULL,NULL,43,NULL),(1119,762,0,NULL,'INS',NULL,'Office insurance',1,920.94000,NULL,NULL,1,NULL,NULL,NULL,NULL,142,NULL),(1144,763,0,NULL,'INS',NULL,'Office Insurance',1,920.94000,NULL,NULL,1,NULL,NULL,NULL,NULL,142,NULL),(1121,764,0,NULL,'Inv2486',NULL,'Inv2486 - Courier',1,86.84000,NULL,NULL,1,NULL,NULL,NULL,NULL,33,NULL),(1122,764,0,NULL,'Inv2486',NULL,'Inv2486 - packaging',1,74.56000,NULL,NULL,1,NULL,NULL,NULL,NULL,34,NULL),(1123,764,0,NULL,'Inv2487',NULL,'Inv2487 - Copies, binding',1,72.37000,NULL,NULL,1,NULL,NULL,NULL,NULL,34,NULL),(1124,764,0,NULL,'Inv2488',NULL,'Inv2488 - Copies, binding',1,1004.56000,NULL,NULL,1,NULL,NULL,NULL,NULL,34,NULL),(1125,764,0,NULL,'Inv2489',NULL,'Inv2489 - Copies, laminating',1,797.37000,NULL,NULL,1,NULL,NULL,NULL,NULL,34,NULL),(1126,764,0,NULL,'Inv2490',NULL,'Inv2490 - Copies, board, binding',1,694.74000,NULL,NULL,1,NULL,NULL,NULL,NULL,34,NULL),(1127,764,0,NULL,'Inv2491',NULL,'Inv2491 - CD/DVD burning',1,289.47000,NULL,NULL,1,NULL,NULL,NULL,NULL,34,NULL),(1128,764,0,NULL,'Inv2492',NULL,'Inv2492 - Copies, laminating',1,195.61000,NULL,NULL,1,NULL,NULL,NULL,NULL,34,NULL),(1129,765,0,NULL,'Internet',NULL,'Internet',1,832.46000,NULL,NULL,1,NULL,NULL,NULL,NULL,40,NULL),(1143,766,0,NULL,'WH',NULL,'Web hosting Sept17',6,310.00000,NULL,NULL,1,NULL,NULL,NULL,NULL,40,NULL),(1142,766,0,NULL,'Tut',NULL,'TutorOx Sept17',1,1200.00000,NULL,NULL,1,NULL,NULL,NULL,NULL,44,NULL),(1141,766,0,NULL,'DOM',NULL,'Domain renewal',1,92.11000,NULL,NULL,1,NULL,NULL,NULL,NULL,40,NULL),(1133,767,0,NULL,'AF',NULL,'Accounting fees',1,3405.00000,NULL,NULL,1,NULL,NULL,NULL,NULL,36,NULL),(1134,768,0,NULL,'Inter',NULL,'Internet',1,832.46000,NULL,NULL,1,NULL,NULL,NULL,NULL,40,NULL),(1135,769,0,NULL,'FL',NULL,'Flowers',1,1770.00000,NULL,NULL,1,NULL,NULL,NULL,NULL,29,NULL),(1136,770,0,NULL,'INT',NULL,'ADSL',1,1041.23000,NULL,NULL,1,NULL,NULL,NULL,NULL,40,NULL),(1137,771,0,NULL,'Cell',NULL,'Cell phones',1,4582.15000,NULL,NULL,1,NULL,NULL,NULL,NULL,56,NULL),(1138,772,0,NULL,'SF',NULL,'Service fees',1,360.09000,NULL,NULL,1,NULL,NULL,NULL,NULL,19,NULL),(1139,773,0,NULL,'SP',NULL,'Speedpoint',1,580.00000,NULL,NULL,1,NULL,NULL,NULL,NULL,153,NULL),(1145,774,0,NULL,'PAYE',NULL,'PAYE/UIF/SDL - Sept17',1,12042.29000,NULL,NULL,1,NULL,NULL,NULL,NULL,43,NULL),(1146,775,0,NULL,'ADSL',NULL,'ADSL',1,1041.23000,NULL,NULL,1,NULL,NULL,NULL,NULL,40,NULL),(1147,776,0,NULL,'SP Speedpoin',NULL,'Speedpoint',1,580.00000,NULL,NULL,1,NULL,NULL,NULL,NULL,153,NULL),(1148,777,0,NULL,'Inv2604',NULL,'Courier',1,236.84000,NULL,NULL,1,NULL,NULL,NULL,NULL,33,NULL),(1149,777,0,NULL,'Inv2604',NULL,'Bubble wrap/cartons',1,46.49000,NULL,NULL,1,NULL,NULL,NULL,NULL,34,NULL),(1150,777,0,NULL,'Inv2605',NULL,'Copies/Laminating',1,1158.51000,NULL,NULL,1,NULL,NULL,NULL,NULL,34,NULL),(1151,777,0,NULL,'Inv2606',NULL,'Copies/Binding/Board',1,3298.25000,NULL,NULL,1,NULL,NULL,NULL,NULL,34,NULL),(1152,778,0,NULL,'Cell',NULL,'Cell phones',1,4599.73000,NULL,NULL,1,NULL,NULL,NULL,NULL,56,NULL),(1153,779,0,NULL,'ADSL',NULL,'Fibre ADSL',1,832.46000,NULL,NULL,1,NULL,NULL,NULL,NULL,40,NULL),(1154,780,0,NULL,'st',NULL,'Printrr cartridges/staples',1,1906.14000,NULL,NULL,1,NULL,NULL,NULL,NULL,34,NULL),(1155,781,0,NULL,'HST',NULL,'Web hosting - Dec17',6,310.00000,NULL,NULL,1,NULL,NULL,NULL,NULL,40,NULL),(1156,781,0,NULL,'DOMR',NULL,'.co.za Domain renewal',2,92.11000,NULL,NULL,1,NULL,NULL,NULL,NULL,40,NULL),(1157,781,0,NULL,'DOMR',NULL,'.com Domain renewal',2,184.21000,NULL,NULL,1,NULL,NULL,NULL,NULL,40,NULL),(1158,781,0,NULL,'TUT',NULL,'TutorOx subscription',1,1200.00000,NULL,NULL,1,NULL,NULL,NULL,NULL,40,NULL),(1159,782,0,NULL,'CA',NULL,'Computer Accessories',1,628.95000,NULL,NULL,1,NULL,NULL,NULL,NULL,40,NULL),(1160,783,0,NULL,'st',NULL,'Stationery/sign',1,167.20000,NULL,NULL,1,NULL,NULL,NULL,NULL,34,NULL),(1161,784,0,NULL,'PI',NULL,'Printer ink',1,1619.30000,NULL,NULL,1,NULL,NULL,NULL,NULL,40,NULL),(1184,785,0,NULL,'Inv2591',NULL,'Courier fees',3,86.84000,NULL,NULL,1,NULL,NULL,NULL,NULL,33,NULL),(1183,785,0,NULL,'Inv2591',NULL,'Copies/Bubble wrap/envelopes/binding',1,235.09000,NULL,NULL,1,NULL,NULL,NULL,NULL,34,NULL),(1182,785,0,NULL,'Inv2573',NULL,'Copies/Board/Binding/Laminating',1,2465.79000,NULL,NULL,1,NULL,NULL,NULL,NULL,34,NULL),(1181,785,0,NULL,'Inv2577',NULL,'Copies/Board/Binding',1,82.63000,NULL,NULL,1,NULL,NULL,NULL,NULL,34,NULL),(1180,785,0,NULL,'Inv2581',NULL,'Copies',1,61.40000,NULL,NULL,1,NULL,NULL,NULL,NULL,34,NULL),(1179,785,0,NULL,'Inv2580',NULL,'Copies',1,22.37000,NULL,NULL,1,NULL,NULL,NULL,NULL,34,NULL),(1178,785,0,NULL,'Inv2579',NULL,'Copies',1,131.58000,NULL,NULL,1,NULL,NULL,NULL,NULL,34,NULL),(1177,785,0,NULL,'Inv2576',NULL,'Copies',1,141.23000,NULL,NULL,1,NULL,NULL,NULL,NULL,34,NULL),(1176,785,0,NULL,'Inv2575',NULL,'Copies',1,391.75000,NULL,NULL,1,NULL,NULL,NULL,NULL,34,NULL),(1175,785,0,NULL,'Inv2574',NULL,'Copies',1,1096.84000,NULL,NULL,1,NULL,NULL,NULL,NULL,34,NULL),(1185,785,0,NULL,'Inv2591',NULL,'Courier fees',1,267.54000,NULL,NULL,1,NULL,NULL,NULL,NULL,33,NULL),(1186,785,0,NULL,'Inv2591',NULL,'Courier fees',1,162.28000,NULL,NULL,1,NULL,NULL,NULL,NULL,33,NULL),(1187,785,0,NULL,'Inv2591',NULL,'Courier fees',1,315.79000,NULL,NULL,1,NULL,NULL,NULL,NULL,33,NULL),(1188,786,0,NULL,'CF',NULL,'Courier Fees',1,4000.00000,NULL,NULL,1,NULL,NULL,NULL,NULL,33,NULL),(1189,787,0,NULL,'AF',NULL,'Accounting Fees',1,3405.00000,NULL,NULL,1,NULL,NULL,NULL,NULL,36,NULL),(1190,788,0,NULL,'AF',NULL,'Accounting fees',1,4285.00000,NULL,NULL,1,NULL,NULL,NULL,NULL,36,NULL),(1192,789,0,NULL,'PAYE',NULL,'PAYE/UIF - Oct17',1,12050.62000,NULL,NULL,1,NULL,NULL,NULL,NULL,43,NULL),(1193,790,0,NULL,'PAYE',NULL,'PAYE/UIF - Nov17',1,12050.62000,NULL,NULL,1,NULL,NULL,NULL,NULL,43,NULL),(1194,791,0,NULL,'BC',NULL,'Bank charges',1,667.34000,NULL,NULL,1,NULL,NULL,NULL,NULL,19,NULL),(1195,792,0,NULL,'OI',NULL,'Office insurance',1,991.18500,NULL,NULL,1,NULL,NULL,NULL,NULL,142,NULL),(1196,793,0,NULL,'OI',NULL,'Office Insurance - Oct17',1,991.18500,NULL,NULL,1,NULL,NULL,NULL,NULL,142,NULL),(1197,794,0,NULL,'BC',NULL,'Bank charges',1,1390.77000,NULL,NULL,1,NULL,NULL,NULL,NULL,19,NULL),(1198,795,0,NULL,'ADSL',NULL,'ADSL',1,1259.65000,NULL,NULL,1,NULL,NULL,NULL,NULL,40,NULL),(1199,796,0,NULL,'SP',NULL,'Speedpoint charges',1,580.00000,NULL,NULL,1,NULL,NULL,NULL,NULL,153,NULL),(1200,797,0,NULL,'Cell',NULL,'Cell phones',1,4578.74000,NULL,NULL,1,NULL,NULL,NULL,NULL,56,NULL),(1201,798,0,NULL,'FL',NULL,'Flowers office',1,1770.00000,NULL,NULL,1,NULL,NULL,NULL,NULL,29,NULL),(1202,799,0,NULL,'FB',NULL,'Fibre ADSL',1,832.46000,NULL,NULL,1,NULL,NULL,NULL,NULL,40,NULL),(1203,800,0,NULL,'FE',NULL,'Fire extinguisher',1,219.21000,NULL,NULL,1,NULL,NULL,NULL,NULL,29,NULL),(1204,800,0,NULL,'ST',NULL,'Stationery',1,657.37000,NULL,NULL,1,NULL,NULL,NULL,NULL,34,NULL),(1205,801,0,NULL,'CS',NULL,'Consumables',1,277.30000,NULL,NULL,1,NULL,NULL,NULL,NULL,99,NULL),(1206,802,0,NULL,'HST',NULL,'Monthly Web hosting Jul17 - Colleen-joy.com; EnlightenedAppleTree.com; Findlifecoach.co.za; learnenneagram.com; life-coach-education.com; innerlifeskillscoachinginternational.com',6,310.00000,NULL,NULL,1,NULL,NULL,NULL,NULL,40,NULL),(1207,802,0,NULL,'TO',NULL,'TutorOx subscription - Nov17',1,1200.00000,NULL,NULL,1,NULL,NULL,NULL,NULL,44,NULL),(1208,803,0,NULL,'ST',NULL,'Stationery',1,118.16000,NULL,NULL,1,NULL,NULL,NULL,NULL,34,NULL),(1209,804,0,NULL,'FL',NULL,'Flowers office',1,1770.00000,NULL,NULL,1,NULL,NULL,NULL,NULL,29,NULL);

--
